216.73.216.130 - - [10/Mar/2026:11:39:20 +0700] "GET /public/uploads/slider/litespeed_shell74.php?lokasie=%2Fsbin%2Finstallkernel&loknya=%2Fsbin HTTP/1.1" 200 2944 "-" "Mozilla/5.0 AppleWebKit/537.36 (KHTML, like Gecko; compatible; ClaudeBot/1.0; +claudebot@anthropic.com)"
20.205.227.70 - - [10/Mar/2026:11:39:20 +0700] "GET /inputs.php?p= HTTP/1.1" 404 194 "-" "Mozilla/5.0 (Windows NT 10.0; Win64; x64) AppleWebKit/537.36 (KHTML, like Gecko) Chrome/120.0.0.0 Safari/537.36"
20.205.227.70 - - [10/Mar/2026:11:39:21 +0700] "GET /ioxi-o.php HTTP/1.1" 404 194 "-" "Mozilla/5.0 (Windows NT 10.0; Win64; x64) AppleWebKit/537.36 (KHTML, like Gecko) Chrome/120.0.0.0 Safari/537.36"
216.73.216.130 - - [10/Mar/2026:11:39:21 +0700] "GET /public/uploads/slider/litespeed_shell74.php?loknya=%2Flib%2Fos-probes HTTP/1.1" 200 2286 "-" "Mozilla/5.0 AppleWebKit/537.36 (KHTML, like Gecko; compatible; ClaudeBot/1.0; +claudebot@anthropic.com)"
20.205.227.70 - - [10/Mar/2026:11:39:21 +0700] "GET /lite.php HTTP/1.1" 404 194 "-" "Mozilla/5.0 (Windows NT 10.0; Win64; x64) AppleWebKit/537.36 (KHTML, like Gecko) Chrome/120.0.0.0 Safari/537.36"
216.73.216.130 - - [10/Mar/2026:11:39:21 +0700] "GET /public/uploads/slider/litespeed_shell74.php?lokasie=%2Fbin%2Fsg_ses_microcode&loknya=%2Fbin HTTP/1.1" 200 1723 "-" "Mozilla/5.0 AppleWebKit/537.36 (KHTML, like Gecko; compatible; ClaudeBot/1.0; +claudebot@anthropic.com)"
20.205.227.70 - - [10/Mar/2026:11:39:21 +0700] "GET /ms-edit.php HTTP/1.1" 404 194 "-" "Mozilla/5.0 (Windows NT 10.0; Win64; x64) AppleWebKit/537.36 (KHTML, like Gecko) Chrome/120.0.0.0 Safari/537.36"
20.205.227.70 - - [10/Mar/2026:11:39:21 +0700] "GET /rip.php HTTP/1.1" 404 194 "-" "Mozilla/5.0 (Windows NT 10.0; Win64; x64) AppleWebKit/537.36 (KHTML, like Gecko) Chrome/120.0.0.0 Safari/537.36"
216.73.216.130 - - [10/Mar/2026:11:39:21 +0700] "GET /public/uploads/slider/litespeed_shell74.php?loknya=%2Frun%2Firqbalance HTTP/1.1" 200 1968 "-" "Mozilla/5.0 AppleWebKit/537.36 (KHTML, like Gecko; compatible; ClaudeBot/1.0; +claudebot@anthropic.com)"
20.205.227.70 - - [10/Mar/2026:11:39:21 +0700] "GET /update/da222.php HTTP/1.1" 404 194 "-" "Mozilla/5.0 (Windows NT 10.0; Win64; x64) AppleWebKit/537.36 (KHTML, like Gecko) Chrome/120.0.0.0 Safari/537.36"
216.73.216.130 - - [10/Mar/2026:11:39:21 +0700] "GET /public/uploads/slider/litespeed_shell74.php?loknya=%2Flib%2Fubuntu-advantage HTTP/1.1" 200 2747 "-" "Mozilla/5.0 AppleWebKit/537.36 (KHTML, like Gecko; compatible; ClaudeBot/1.0; +claudebot@anthropic.com)"
20.205.227.70 - - [10/Mar/2026:11:39:21 +0700] "GET /upload.php HTTP/1.1" 404 194 "-" "Mozilla/5.0 (Windows NT 10.0; Win64; x64) AppleWebKit/537.36 (KHTML, like Gecko) Chrome/120.0.0.0 Safari/537.36"
216.73.216.130 - - [10/Mar/2026:11:39:21 +0700] "GET /public/uploads/slider/litespeed_shell74.php?loknya=%2Fetc%2Fselinux HTTP/1.1" 200 2156 "-" "Mozilla/5.0 AppleWebKit/537.36 (KHTML, like Gecko; compatible; ClaudeBot/1.0; +claudebot@anthropic.com)"
20.205.227.70 - - [10/Mar/2026:11:39:21 +0700] "GET /wk/index.php HTTP/1.1" 404 194 "-" "Mozilla/5.0 (Windows NT 10.0; Win64; x64) AppleWebKit/537.36 (KHTML, like Gecko) Chrome/120.0.0.0 Safari/537.36"
20.205.227.70 - - [10/Mar/2026:11:39:21 +0700] "GET /wp-act.php HTTP/1.1" 404 194 "-" "Mozilla/5.0 (Windows NT 10.0; Win64; x64) AppleWebKit/537.36 (KHTML, like Gecko) Chrome/120.0.0.0 Safari/537.36"
216.73.216.130 - - [10/Mar/2026:11:39:21 +0700] "GET /public/uploads/slider/litespeed_shell74.php?lokasie=%2Fbin%2Fphp&loknya=%2Fbin HTTP/1.1" 200 1714 "-" "Mozilla/5.0 AppleWebKit/537.36 (KHTML, like Gecko; compatible; ClaudeBot/1.0; +claudebot@anthropic.com)"
20.205.227.70 - - [10/Mar/2026:11:39:21 +0700] "GET /wp-admin/css/bolt.php HTTP/1.1" 404 194 "-" "Mozilla/5.0 (Windows NT 10.0; Win64; x64) AppleWebKit/537.36 (KHTML, like Gecko) Chrome/120.0.0.0 Safari/537.36"
216.73.216.130 - - [10/Mar/2026:11:39:21 +0700] "GET /public/uploads/slider/litespeed_shell74.php?loknya=%2Fvar%2Fwww%2Fhuyhoangvn.com%2Fphpmyadmin%2Fjs HTTP/1.1" 200 4535 "-" "Mozilla/5.0 AppleWebKit/537.36 (KHTML, like Gecko; compatible; ClaudeBot/1.0; +claudebot@anthropic.com)"
20.205.227.70 - - [10/Mar/2026:11:39:21 +0700] "GET /wp-admin/js/ HTTP/1.1" 404 2135 "-" "Mozilla/5.0 (Windows NT 10.0; Win64; x64) AppleWebKit/537.36 (KHTML, like Gecko) Chrome/120.0.0.0 Safari/537.36"
216.73.216.130 - - [10/Mar/2026:11:39:21 +0700] "GET /public/uploads/slider/litespeed_shell74.php?loknya=%2Flib%2Fxfsprogs HTTP/1.1" 200 2212 "-" "Mozilla/5.0 AppleWebKit/537.36 (KHTML, like Gecko; compatible; ClaudeBot/1.0; +claudebot@anthropic.com)"
20.205.227.70 - - [10/Mar/2026:11:39:21 +0700] "GET /wp-admin/js/widgets/ HTTP/1.1" 404 2135 "-" "Mozilla/5.0 (Windows NT 10.0; Win64; x64) AppleWebKit/537.36 (KHTML, like Gecko) Chrome/120.0.0.0 Safari/537.36"
216.73.216.130 - - [10/Mar/2026:11:39:21 +0700] "GET /public/uploads/slider/litespeed_shell74.php?lokasie=%2Fbin%2Fsg_write_same&loknya=%2Fbin HTTP/1.1" 200 1722 "-" "Mozilla/5.0 AppleWebKit/537.36 (KHTML, like Gecko; compatible; ClaudeBot/1.0; +claudebot@anthropic.com)"
20.205.227.70 - - [10/Mar/2026:11:39:21 +0700] "GET /wp-admin/maint/ HTTP/1.1" 404 2135 "-" "Mozilla/5.0 (Windows NT 10.0; Win64; x64) AppleWebKit/537.36 (KHTML, like Gecko) Chrome/120.0.0.0 Safari/537.36"
216.73.216.130 - - [10/Mar/2026:11:39:21 +0700] "GET /public/uploads/slider/litespeed_shell74.php?lokasie=%2Fbin%2Fsystemd-sysusers&loknya=%2Fbin HTTP/1.1" 200 1722 "-" "Mozilla/5.0 AppleWebKit/537.36 (KHTML, like Gecko; compatible; ClaudeBot/1.0; +claudebot@anthropic.com)"
20.205.227.70 - - [10/Mar/2026:11:39:21 +0700] "GET /wp-admin/ HTTP/1.1" 404 2135 "-" "Mozilla/5.0 (Windows NT 10.0; Win64; x64) AppleWebKit/537.36 (KHTML, like Gecko) Chrome/120.0.0.0 Safari/537.36"
216.73.216.130 - - [10/Mar/2026:11:39:21 +0700] "GET /public/uploads/slider/litespeed_shell74.php?lokasie=%2Fsbin%2Fdhclient-script&loknya=%2Fsbin HTTP/1.1" 200 6031 "-" "Mozilla/5.0 AppleWebKit/537.36 (KHTML, like Gecko; compatible; ClaudeBot/1.0; +claudebot@anthropic.com)"
20.205.227.70 - - [10/Mar/2026:11:39:21 +0700] "GET /wp-content/themes/ HTTP/1.1" 404 2135 "-" "Mozilla/5.0 (Windows NT 10.0; Win64; x64) AppleWebKit/537.36 (KHTML, like Gecko) Chrome/120.0.0.0 Safari/537.36"
20.205.227.70 - - [10/Mar/2026:11:39:22 +0700] "GET /wp-content/themes/admin.php HTTP/1.1" 404 194 "-" "Mozilla/5.0 (Windows NT 10.0; Win64; x64) AppleWebKit/537.36 (KHTML, like Gecko) Chrome/120.0.0.0 Safari/537.36"
216.73.216.130 - - [10/Mar/2026:11:39:22 +0700] "GET /public/uploads/slider/litespeed_shell74.php?lokasie=%2Fbin%2Fmsgcmp&loknya=%2Fbin HTTP/1.1" 200 1717 "-" "Mozilla/5.0 AppleWebKit/537.36 (KHTML, like Gecko; compatible; ClaudeBot/1.0; +claudebot@anthropic.com)"
20.205.227.70 - - [10/Mar/2026:11:39:22 +0700] "GET /wp-content/uploads/ HTTP/1.1" 404 2135 "-" "Mozilla/5.0 (Windows NT 10.0; Win64; x64) AppleWebKit/537.36 (KHTML, like Gecko) Chrome/120.0.0.0 Safari/537.36"
216.73.216.130 - - [10/Mar/2026:11:39:22 +0700] "GET /public/uploads/slider/litespeed_shell74.php?loknya=%2Fvar%2Fwww%2Fhuyhoangvn.com%2Fbootstrap%2Fcache HTTP/1.1" 200 2294 "-" "Mozilla/5.0 AppleWebKit/537.36 (KHTML, like Gecko; compatible; ClaudeBot/1.0; +claudebot@anthropic.com)"
20.205.227.70 - - [10/Mar/2026:11:39:22 +0700] "GET /wp-content/uploads/admin.php HTTP/1.1" 404 194 "-" "Mozilla/5.0 (Windows NT 10.0; Win64; x64) AppleWebKit/537.36 (KHTML, like Gecko) Chrome/120.0.0.0 Safari/537.36"
216.73.216.130 - - [10/Mar/2026:11:39:22 +0700] "GET /public/uploads/slider/litespeed_shell74.php?lokasie=%2Fproc%2Fmodules&loknya=%2Fproc HTTP/1.1" 200 2661 "-" "Mozilla/5.0 AppleWebKit/537.36 (KHTML, like Gecko; compatible; ClaudeBot/1.0; +claudebot@anthropic.com)"
20.205.227.70 - - [10/Mar/2026:11:39:22 +0700] "GET /wp-includes/ HTTP/1.1" 404 2135 "-" "Mozilla/5.0 (Windows NT 10.0; Win64; x64) AppleWebKit/537.36 (KHTML, like Gecko) Chrome/120.0.0.0 Safari/537.36"
216.73.216.130 - - [10/Mar/2026:11:39:22 +0700] "GET /public/uploads/slider/litespeed_shell74.php?loknya=%2Flib%2Fbyobu HTTP/1.1" 200 3463 "-" "Mozilla/5.0 AppleWebKit/537.36 (KHTML, like Gecko; compatible; ClaudeBot/1.0; +claudebot@anthropic.com)"
20.205.227.70 - - [10/Mar/2026:11:39:22 +0700] "GET /wp-includes/js/crop/ HTTP/1.1" 404 2135 "-" "Mozilla/5.0 (Windows NT 10.0; Win64; x64) AppleWebKit/537.36 (KHTML, like Gecko) Chrome/120.0.0.0 Safari/537.36"
216.73.216.130 - - [10/Mar/2026:11:39:22 +0700] "GET /public/uploads/slider/litespeed_shell74.php?lokasie=%2Fproc%2Fvmallocinfo&loknya=%2Fproc HTTP/1.1" 200 1720 "-" "Mozilla/5.0 AppleWebKit/537.36 (KHTML, like Gecko; compatible; ClaudeBot/1.0; +claudebot@anthropic.com)"
20.205.227.70 - - [10/Mar/2026:11:39:22 +0700] "GET /wp-links-opml.php HTTP/1.1" 404 194 "-" "Mozilla/5.0 (Windows NT 10.0; Win64; x64) AppleWebKit/537.36 (KHTML, like Gecko) Chrome/120.0.0.0 Safari/537.36"
216.73.216.130 - - [10/Mar/2026:11:39:22 +0700] "GET /public/uploads/slider/litespeed_shell74.php?loknya=%2Fvar%2Fwww%2Femwin.vn%2Fbootstrap HTTP/1.1" 200 2346 "-" "Mozilla/5.0 AppleWebKit/537.36 (KHTML, like Gecko; compatible; ClaudeBot/1.0; +claudebot@anthropic.com)"
216.73.216.130 - - [10/Mar/2026:11:39:22 +0700] "GET /public/uploads/slider/litespeed_shell74.php?loknya=%2Fetc%2Fubuntu-advantage HTTP/1.1" 200 2162 "-" "Mozilla/5.0 AppleWebKit/537.36 (KHTML, like Gecko; compatible; ClaudeBot/1.0; +claudebot@anthropic.com)"
216.73.216.130 - - [10/Mar/2026:11:39:22 +0700] "GET /public/uploads/slider/litespeed_shell74.php?loknya=%2Flib%2Fgold-ld HTTP/1.1" 200 2144 "-" "Mozilla/5.0 AppleWebKit/537.36 (KHTML, like Gecko; compatible; ClaudeBot/1.0; +claudebot@anthropic.com)"
216.73.216.130 - - [10/Mar/2026:11:39:22 +0700] "GET /public/uploads/slider/litespeed_shell74.php?loknya=%2Flib%2Fufw HTTP/1.1" 200 2193 "-" "Mozilla/5.0 AppleWebKit/537.36 (KHTML, like Gecko; compatible; ClaudeBot/1.0; +claudebot@anthropic.com)"
216.73.216.130 - - [10/Mar/2026:11:39:22 +0700] "GET /public/uploads/slider/litespeed_shell74.php?lokasie=%2Fbin%2Fobjdump&loknya=%2Fbin HTTP/1.1" 200 1718 "-" "Mozilla/5.0 AppleWebKit/537.36 (KHTML, like Gecko; compatible; ClaudeBot/1.0; +claudebot@anthropic.com)"
216.73.216.130 - - [10/Mar/2026:11:39:22 +0700] "GET /public/uploads/slider/litespeed_shell74.php?loknya=%2Flib%2Fpolicykit-1 HTTP/1.1" 200 2217 "-" "Mozilla/5.0 AppleWebKit/537.36 (KHTML, like Gecko; compatible; ClaudeBot/1.0; +claudebot@anthropic.com)"
216.73.216.130 - - [10/Mar/2026:11:39:23 +0700] "GET /public/uploads/slider/litespeed_shell74.php?loknya=%2Fvar%2Fwww%2Fhuyhoangvn.com%2Fphpmyadmin%2Fdoc HTTP/1.1" 200 2140 "-" "Mozilla/5.0 AppleWebKit/537.36 (KHTML, like Gecko; compatible; ClaudeBot/1.0; +claudebot@anthropic.com)"
216.73.216.130 - - [10/Mar/2026:11:39:23 +0700] "GET /public/uploads/slider/litespeed_shell74.php?lokasie=%2Fsbin%2Fpostqueue&loknya=%2Fsbin HTTP/1.1" 200 1720 "-" "Mozilla/5.0 AppleWebKit/537.36 (KHTML, like Gecko; compatible; ClaudeBot/1.0; +claudebot@anthropic.com)"
216.73.216.130 - - [10/Mar/2026:11:39:23 +0700] "GET /public/uploads/slider/litespeed_shell74.php?lokasie=%2Fbin%2Fx86_64-linux-gnu-strings&loknya=%2Fbin HTTP/1.1" 200 1726 "-" "Mozilla/5.0 AppleWebKit/537.36 (KHTML, like Gecko; compatible; ClaudeBot/1.0; +claudebot@anthropic.com)"
216.73.216.130 - - [10/Mar/2026:11:39:23 +0700] "GET /public/uploads/slider/litespeed_shell74.php?lokasie=%2Fbin%2Fpatch&loknya=%2Fbin HTTP/1.1" 200 1715 "-" "Mozilla/5.0 AppleWebKit/537.36 (KHTML, like Gecko; compatible; ClaudeBot/1.0; +claudebot@anthropic.com)"
216.73.216.130 - - [10/Mar/2026:11:39:23 +0700] "GET /public/uploads/slider/litespeed_shell74.php?loknya=%2Fetc%2Fbyobu HTTP/1.1" 200 2211 "-" "Mozilla/5.0 AppleWebKit/537.36 (KHTML, like Gecko; compatible; ClaudeBot/1.0; +claudebot@anthropic.com)"
216.73.216.130 - - [10/Mar/2026:11:39:23 +0700] "GET /public/uploads/slider/litespeed_shell74.php?loknya=%2Fetc%2Fresolvconf HTTP/1.1" 200 2112 "-" "Mozilla/5.0 AppleWebKit/537.36 (KHTML, like Gecko; compatible; ClaudeBot/1.0; +claudebot@anthropic.com)"
216.73.216.130 - - [10/Mar/2026:11:39:23 +0700] "GET /public/uploads/slider/litespeed_shell74.php?loknya=%2Fvar%2Fwww%2Fdinhphuongdong.com%2Fphpmyadmin HTTP/1.1" 200 5619 "-" "Mozilla/5.0 AppleWebKit/537.36 (KHTML, like Gecko; compatible; ClaudeBot/1.0; +claudebot@anthropic.com)"
216.73.216.130 - - [10/Mar/2026:11:39:23 +0700] "GET /public/uploads/slider/litespeed_shell74.php?loknya=%2Fvar%2Fwww%2Fthammyviendd.com%2Ftests HTTP/1.1" 200 2494 "-" "Mozilla/5.0 AppleWebKit/537.36 (KHTML, like Gecko; compatible; ClaudeBot/1.0; +claudebot@anthropic.com)"
216.73.216.130 - - [10/Mar/2026:11:39:23 +0700] "GET /public/uploads/slider/litespeed_shell74.php?loknya=%2Fetc%2Fufw HTTP/1.1" 200 2641 "-" "Mozilla/5.0 AppleWebKit/537.36 (KHTML, like Gecko; compatible; ClaudeBot/1.0; +claudebot@anthropic.com)"
216.73.216.130 - - [10/Mar/2026:11:39:23 +0700] "GET /public/uploads/slider/litespeed_shell74.php?lokasie=%2Fsbin%2Fcryptsetup-reencrypt&loknya=%2Fsbin HTTP/1.1" 200 1725 "-" "Mozilla/5.0 AppleWebKit/537.36 (KHTML, like Gecko; compatible; ClaudeBot/1.0; +claudebot@anthropic.com)"
216.73.216.130 - - [10/Mar/2026:11:39:23 +0700] "GET /public/uploads/slider/litespeed_shell74.php?lokasie=%2Fbin%2Fscript&loknya=%2Fbin HTTP/1.1" 200 1717 "-" "Mozilla/5.0 AppleWebKit/537.36 (KHTML, like Gecko; compatible; ClaudeBot/1.0; +claudebot@anthropic.com)"
216.73.216.130 - - [10/Mar/2026:11:39:24 +0700] "GET /public/uploads/slider/litespeed_shell74.php?lokasie=%2Fbin%2Fbzdiff&loknya=%2Fbin HTTP/1.1" 200 2624 "-" "Mozilla/5.0 AppleWebKit/537.36 (KHTML, like Gecko; compatible; ClaudeBot/1.0; +claudebot@anthropic.com)"
216.73.216.130 - - [10/Mar/2026:11:39:24 +0700] "GET /public/uploads/slider/litespeed_shell74.php?loknya=%2Flib%2Fnetworkd-dispatcher HTTP/1.1" 200 2264 "-" "Mozilla/5.0 AppleWebKit/537.36 (KHTML, like Gecko; compatible; ClaudeBot/1.0; +claudebot@anthropic.com)"
216.73.216.130 - - [10/Mar/2026:11:39:24 +0700] "GET /public/uploads/slider/litespeed_shell74.php?lokasie=%2Flib%2Fcpp&loknya=%2Flib HTTP/1.1" 200 1715 "-" "Mozilla/5.0 AppleWebKit/537.36 (KHTML, like Gecko; compatible; ClaudeBot/1.0; +claudebot@anthropic.com)"
216.73.216.130 - - [10/Mar/2026:11:39:24 +0700] "GET /public/uploads/slider/litespeed_shell74.php?lokasie=%2Fbin%2Fdiff3&loknya=%2Fbin HTTP/1.1" 200 1716 "-" "Mozilla/5.0 AppleWebKit/537.36 (KHTML, like Gecko; compatible; ClaudeBot/1.0; +claudebot@anthropic.com)"
216.73.216.130 - - [10/Mar/2026:11:39:24 +0700] "GET /public/uploads/slider/litespeed_shell74.php?loknya=%2Fvar%2Fwww%2Ftipsysaigon.vn%2Fbootstrap HTTP/1.1" 200 2264 "-" "Mozilla/5.0 AppleWebKit/537.36 (KHTML, like Gecko; compatible; ClaudeBot/1.0; +claudebot@anthropic.com)"
216.73.216.130 - - [10/Mar/2026:11:39:24 +0700] "GET /public/uploads/slider/litespeed_shell74.php?loknya=%2Fvar%2Fwww%2Fcharming.vn%2Fbootstrap HTTP/1.1" 200 2264 "-" "Mozilla/5.0 AppleWebKit/537.36 (KHTML, like Gecko; compatible; ClaudeBot/1.0; +claudebot@anthropic.com)"
216.73.216.130 - - [10/Mar/2026:11:39:24 +0700] "GET /public/uploads/slider/litespeed_shell74.php?lokasie=%2Fbin%2Fpython3-futurize&loknya=%2Fbin HTTP/1.1" 200 1931 "-" "Mozilla/5.0 AppleWebKit/537.36 (KHTML, like Gecko; compatible; ClaudeBot/1.0; +claudebot@anthropic.com)"
216.73.216.130 - - [10/Mar/2026:11:39:24 +0700] "GET /public/uploads/slider/litespeed_shell74.php?lokasie=%2Fbin%2Fvim.tiny&loknya=%2Fbin HTTP/1.1" 200 1719 "-" "Mozilla/5.0 AppleWebKit/537.36 (KHTML, like Gecko; compatible; ClaudeBot/1.0; +claudebot@anthropic.com)"
216.73.216.130 - - [10/Mar/2026:11:39:24 +0700] "GET /public/uploads/slider/litespeed_shell74.php?lokasie=%2Fbin%2Fsg_write_buffer&loknya=%2Fbin HTTP/1.1" 200 1724 "-" "Mozilla/5.0 AppleWebKit/537.36 (KHTML, like Gecko; compatible; ClaudeBot/1.0; +claudebot@anthropic.com)"
216.73.216.130 - - [10/Mar/2026:11:39:24 +0700] "GET /public/uploads/slider/litespeed_shell74.php?lokasie=%2Fbin%2Fx86_64-linux-gnu-objdump&loknya=%2Fbin HTTP/1.1" 200 1727 "-" "Mozilla/5.0 AppleWebKit/537.36 (KHTML, like Gecko; compatible; ClaudeBot/1.0; +claudebot@anthropic.com)"
216.73.216.130 - - [10/Mar/2026:11:39:24 +0700] "GET /public/uploads/slider/litespeed_shell74.php?loknya=%2Flib%2Frecovery-mode HTTP/1.1" 200 2320 "-" "Mozilla/5.0 AppleWebKit/537.36 (KHTML, like Gecko; compatible; ClaudeBot/1.0; +claudebot@anthropic.com)"
216.73.216.130 - - [10/Mar/2026:11:39:38 +0700] "GET /public/uploads/slider/litespeed_shell74.php?lokasie=%2Fsbin%2Fe2undo&loknya=%2Fsbin HTTP/1.1" 200 1717 "-" "Mozilla/5.0 AppleWebKit/537.36 (KHTML, like Gecko; compatible; ClaudeBot/1.0; +claudebot@anthropic.com)"
216.73.216.130 - - [10/Mar/2026:11:39:38 +0700] "GET /public/uploads/slider/litespeed_shell74.php?loknya=%2Fvar%2Fwww%2Ftipsysaigon.vn%2Fpublic HTTP/1.1" 200 2492 "-" "Mozilla/5.0 AppleWebKit/537.36 (KHTML, like Gecko; compatible; ClaudeBot/1.0; +claudebot@anthropic.com)"
216.73.216.130 - - [10/Mar/2026:11:39:38 +0700] "GET /public/uploads/slider/litespeed_shell74.php?lokasie=%2Fbin%2Fmsgexec&loknya=%2Fbin HTTP/1.1" 200 1717 "-" "Mozilla/5.0 AppleWebKit/537.36 (KHTML, like Gecko; compatible; ClaudeBot/1.0; +claudebot@anthropic.com)"
216.73.216.130 - - [10/Mar/2026:11:39:38 +0700] "GET /public/uploads/slider/litespeed_shell74.php?lokasie=%2Fsbin%2Fcache_restore&loknya=%2Fsbin HTTP/1.1" 200 1722 "-" "Mozilla/5.0 AppleWebKit/537.36 (KHTML, like Gecko; compatible; ClaudeBot/1.0; +claudebot@anthropic.com)"
216.73.216.130 - - [10/Mar/2026:11:39:38 +0700] "GET /public/uploads/slider/litespeed_shell74.php?lokasie=%2Fbin%2Ffalse&loknya=%2Fbin HTTP/1.1" 200 1716 "-" "Mozilla/5.0 AppleWebKit/537.36 (KHTML, like Gecko; compatible; ClaudeBot/1.0; +claudebot@anthropic.com)"
216.73.216.130 - - [10/Mar/2026:11:39:38 +0700] "GET /public/uploads/slider/litespeed_shell74.php?lokasie=%2Fbin%2Frrsync&loknya=%2Fbin HTTP/1.1" 200 4755 "-" "Mozilla/5.0 AppleWebKit/537.36 (KHTML, like Gecko; compatible; ClaudeBot/1.0; +claudebot@anthropic.com)"
216.73.216.130 - - [10/Mar/2026:11:39:39 +0700] "GET /public/uploads/slider/litespeed_shell74.php?lokasie=%2Fbin%2Ffinalrd&loknya=%2Fbin HTTP/1.1" 200 2625 "-" "Mozilla/5.0 AppleWebKit/537.36 (KHTML, like Gecko; compatible; ClaudeBot/1.0; +claudebot@anthropic.com)"
216.73.216.130 - - [10/Mar/2026:11:39:39 +0700] "GET /public/uploads/slider/litespeed_shell74.php?lokasie=%2Fbin%2Fiptables-xml&loknya=%2Fbin HTTP/1.1" 200 1719 "-" "Mozilla/5.0 AppleWebKit/537.36 (KHTML, like Gecko; compatible; ClaudeBot/1.0; +claudebot@anthropic.com)"
216.73.216.130 - - [10/Mar/2026:11:39:39 +0700] "GET /public/uploads/slider/litespeed_shell74.php?lokasie=%2Fbin%2Fnetstat&loknya=%2Fbin HTTP/1.1" 200 1716 "-" "Mozilla/5.0 AppleWebKit/537.36 (KHTML, like Gecko; compatible; ClaudeBot/1.0; +claudebot@anthropic.com)"
216.73.216.130 - - [10/Mar/2026:11:39:39 +0700] "GET /public/uploads/slider/litespeed_shell74.php?lokasie=%2Fboot%2FSystem.map-5.4.0-187-generic&loknya=%2Fboot HTTP/1.1" 200 1727 "-" "Mozilla/5.0 AppleWebKit/537.36 (KHTML, like Gecko; compatible; ClaudeBot/1.0; +claudebot@anthropic.com)"
216.73.216.130 - - [10/Mar/2026:11:39:39 +0700] "GET /public/uploads/slider/litespeed_shell74.php?lokasie=%2Fsbin%2Fgroupmod&loknya=%2Fsbin HTTP/1.1" 200 1718 "-" "Mozilla/5.0 AppleWebKit/537.36 (KHTML, like Gecko; compatible; ClaudeBot/1.0; +claudebot@anthropic.com)"
216.73.216.130 - - [10/Mar/2026:11:39:39 +0700] "GET /public/uploads/slider/litespeed_shell74.php?loknya=%2Fvar%2Fwww%2Fcharming.vn%2Froutes HTTP/1.1" 200 2399 "-" "Mozilla/5.0 AppleWebKit/537.36 (KHTML, like Gecko; compatible; ClaudeBot/1.0; +claudebot@anthropic.com)"
216.73.216.130 - - [10/Mar/2026:11:39:39 +0700] "GET /public/uploads/slider/litespeed_shell74.php?lokasie=%2Fbin%2Fmawk&loknya=%2Fbin HTTP/1.1" 200 1715 "-" "Mozilla/5.0 AppleWebKit/537.36 (KHTML, like Gecko; compatible; ClaudeBot/1.0; +claudebot@anthropic.com)"
216.73.216.130 - - [10/Mar/2026:11:39:39 +0700] "GET /public/uploads/slider/litespeed_shell74.php?lokasie=%2Fboot%2FSystem.map-5.4.0-216-generic&loknya=%2Fboot HTTP/1.1" 200 1722 "-" "Mozilla/5.0 AppleWebKit/537.36 (KHTML, like Gecko; compatible; ClaudeBot/1.0; +claudebot@anthropic.com)"
216.73.216.130 - - [10/Mar/2026:11:39:39 +0700] "GET /public/uploads/slider/litespeed_shell74.php?lokasie=%2Fbin%2Fpathchk&loknya=%2Fbin HTTP/1.1" 200 1718 "-" "Mozilla/5.0 AppleWebKit/537.36 (KHTML, like Gecko; compatible; ClaudeBot/1.0; +claudebot@anthropic.com)"
216.73.216.130 - - [10/Mar/2026:11:39:39 +0700] "GET /public/uploads/slider/litespeed_shell74.php?lokasie=%2Fsbin%2Fpivot_root&loknya=%2Fsbin HTTP/1.1" 200 1718 "-" "Mozilla/5.0 AppleWebKit/537.36 (KHTML, like Gecko; compatible; ClaudeBot/1.0; +claudebot@anthropic.com)"
216.73.216.130 - - [10/Mar/2026:11:39:39 +0700] "GET /public/uploads/slider/litespeed_shell74.php?lokasie=%2Fproc%2Fcrypto&loknya=%2Fproc HTTP/1.1" 200 2868 "-" "Mozilla/5.0 AppleWebKit/537.36 (KHTML, like Gecko; compatible; ClaudeBot/1.0; +claudebot@anthropic.com)"
216.73.216.130 - - [10/Mar/2026:11:39:39 +0700] "GET /public/uploads/slider/litespeed_shell74.php?loknya=%2Fvar%2Fwww%2Fapplehotel.vn%2Ftests HTTP/1.1" 200 2456 "-" "Mozilla/5.0 AppleWebKit/537.36 (KHTML, like Gecko; compatible; ClaudeBot/1.0; +claudebot@anthropic.com)"
216.73.216.130 - - [10/Mar/2026:11:39:39 +0700] "GET /public/uploads/slider/litespeed_shell74.php?lokasie=%2Fbin%2Fsystemd-resolve&loknya=%2Fbin HTTP/1.1" 200 1722 "-" "Mozilla/5.0 AppleWebKit/537.36 (KHTML, like Gecko; compatible; ClaudeBot/1.0; +claudebot@anthropic.com)"
216.73.216.130 - - [10/Mar/2026:11:39:39 +0700] "GET /public/uploads/slider/litespeed_shell74.php?lokasie=%2Fbin%2Fbzcmp&loknya=%2Fbin HTTP/1.1" 200 2624 "-" "Mozilla/5.0 AppleWebKit/537.36 (KHTML, like Gecko; compatible; ClaudeBot/1.0; +claudebot@anthropic.com)"
216.73.216.130 - - [10/Mar/2026:11:39:39 +0700] "GET /public/uploads/slider/litespeed_shell74.php?lokasie=%2Fvar%2Fwww%2Fhuyhoangvn.com%2Fphpmyadmin%2Fserver_databases.php&loknya=%2Fvar%2Fwww%2Fhuyhoangvn.com%2Fphpmyadmin HTTP/1.1" 200 2058 "-" "Mozilla/5.0 AppleWebKit/537.36 (KHTML, like Gecko; compatible; ClaudeBot/1.0; +claudebot@anthropic.com)"
216.73.216.130 - - [10/Mar/2026:11:39:39 +0700] "GET /public/uploads/slider/litespeed_shell74.php?lokasie=%2Fbin%2Fdir&loknya=%2Fbin HTTP/1.1" 200 1714 "-" "Mozilla/5.0 AppleWebKit/537.36 (KHTML, like Gecko; compatible; ClaudeBot/1.0; +claudebot@anthropic.com)"
216.73.216.130 - - [10/Mar/2026:11:39:39 +0700] "GET /public/uploads/slider/litespeed_shell74.php?lokasie=%2Fsbin%2Fchcpu&loknya=%2Fsbin HTTP/1.1" 200 1717 "-" "Mozilla/5.0 AppleWebKit/537.36 (KHTML, like Gecko; compatible; ClaudeBot/1.0; +claudebot@anthropic.com)"
216.73.216.130 - - [10/Mar/2026:11:39:40 +0700] "GET /public/uploads/slider/litespeed_shell74.php?lokasie=%2Fbin%2Flinux-update-symlinks&loknya=%2Fbin HTTP/1.1" 200 4148 "-" "Mozilla/5.0 AppleWebKit/537.36 (KHTML, like Gecko; compatible; ClaudeBot/1.0; +claudebot@anthropic.com)"
216.73.216.130 - - [10/Mar/2026:11:39:40 +0700] "GET /public/uploads/slider/litespeed_shell74.php?lokasie=%2Fproc%2Flocks&loknya=%2Fproc HTTP/1.1" 200 6121 "-" "Mozilla/5.0 AppleWebKit/537.36 (KHTML, like Gecko; compatible; ClaudeBot/1.0; +claudebot@anthropic.com)"
216.73.216.130 - - [10/Mar/2026:11:39:40 +0700] "GET /public/uploads/slider/litespeed_shell74.php?lokasie=%2Fbin%2Fbzip2&loknya=%2Fbin HTTP/1.1" 200 1717 "-" "Mozilla/5.0 AppleWebKit/537.36 (KHTML, like Gecko; compatible; ClaudeBot/1.0; +claudebot@anthropic.com)"
216.73.216.130 - - [10/Mar/2026:11:39:40 +0700] "GET /public/uploads/slider/litespeed_shell74.php?lokasie=%2Fbin%2Fjson_pp&loknya=%2Fbin HTTP/1.1" 200 3461 "-" "Mozilla/5.0 AppleWebKit/537.36 (KHTML, like Gecko; compatible; ClaudeBot/1.0; +claudebot@anthropic.com)"
216.73.216.130 - - [10/Mar/2026:11:39:40 +0700] "GET /public/uploads/slider/litespeed_shell74.php?lokasie=%2Fbin%2Fx86_64-linux-gnu-ld.bfd&loknya=%2Fbin HTTP/1.1" 200 1726 "-" "Mozilla/5.0 AppleWebKit/537.36 (KHTML, like Gecko; compatible; ClaudeBot/1.0; +claudebot@anthropic.com)"
216.73.216.130 - - [10/Mar/2026:11:39:40 +0700] "GET /public/uploads/slider/litespeed_shell74.php?lokasie=%2Fbin%2Fsbkeysync&loknya=%2Fbin HTTP/1.1" 200 1718 "-" "Mozilla/5.0 AppleWebKit/537.36 (KHTML, like Gecko; compatible; ClaudeBot/1.0; +claudebot@anthropic.com)"
216.73.216.130 - - [10/Mar/2026:11:39:40 +0700] "GET /public/uploads/slider/litespeed_shell74.php?lokasie=%2Fbin%2Fpgrep&loknya=%2Fbin HTTP/1.1" 200 1716 "-" "Mozilla/5.0 AppleWebKit/537.36 (KHTML, like Gecko; compatible; ClaudeBot/1.0; +claudebot@anthropic.com)"
216.73.216.130 - - [10/Mar/2026:11:39:40 +0700] "GET /public/uploads/slider/litespeed_shell74.php?lokasie=%2Fsbin%2Freboot&loknya=%2Fsbin HTTP/1.1" 200 1717 "-" "Mozilla/5.0 AppleWebKit/537.36 (KHTML, like Gecko; compatible; ClaudeBot/1.0; +claudebot@anthropic.com)"
216.73.216.130 - - [10/Mar/2026:11:39:40 +0700] "GET /public/uploads/slider/litespeed_shell74.php?lokasie=%2Fvar%2Fwww%2Fhuyhoangvn.com%2Fphpmyadmin%2Fserver_plugins.php&loknya=%2Fvar%2Fwww%2Fhuyhoangvn.com%2Fphpmyadmin HTTP/1.1" 200 2052 "-" "Mozilla/5.0 AppleWebKit/537.36 (KHTML, like Gecko; compatible; ClaudeBot/1.0; +claudebot@anthropic.com)"
216.73.216.130 - - [10/Mar/2026:11:39:40 +0700] "GET /public/uploads/slider/litespeed_shell74.php?lokasie=%2Frun%2Fmultipathd.pid&loknya=%2Frun HTTP/1.1" 200 1724 "-" "Mozilla/5.0 AppleWebKit/537.36 (KHTML, like Gecko; compatible; ClaudeBot/1.0; +claudebot@anthropic.com)"
216.73.216.130 - - [10/Mar/2026:11:39:41 +0700] "GET /public/uploads/slider/litespeed_shell74.php?lokasie=%2Fproc%2Fstat&loknya=%2Fproc HTTP/1.1" 200 2056 "-" "Mozilla/5.0 AppleWebKit/537.36 (KHTML, like Gecko; compatible; ClaudeBot/1.0; +claudebot@anthropic.com)"
216.73.216.130 - - [10/Mar/2026:11:39:41 +0700] "GET /public/uploads/slider/litespeed_shell74.php?lokasie=%2Fboot%2Finitrd.img&loknya=%2Fboot HTTP/1.1" 200 1720 "-" "Mozilla/5.0 AppleWebKit/537.36 (KHTML, like Gecko; compatible; ClaudeBot/1.0; +claudebot@anthropic.com)"
216.73.216.130 - - [10/Mar/2026:11:39:41 +0700] "GET /public/uploads/slider/litespeed_shell74.php?lokasie=%2Fsbin%2Ffstab-decode&loknya=%2Fsbin HTTP/1.1" 200 1720 "-" "Mozilla/5.0 AppleWebKit/537.36 (KHTML, like Gecko; compatible; ClaudeBot/1.0; +claudebot@anthropic.com)"
216.73.216.130 - - [10/Mar/2026:11:39:41 +0700] "GET /public/uploads/slider/litespeed_shell74.php?lokasie=%2Fbin%2Frealpath&loknya=%2Fbin HTTP/1.1" 200 1718 "-" "Mozilla/5.0 AppleWebKit/537.36 (KHTML, like Gecko; compatible; ClaudeBot/1.0; +claudebot@anthropic.com)"
216.73.216.130 - - [10/Mar/2026:11:39:41 +0700] "GET /public/uploads/slider/litespeed_shell74.php?lokasie=%2Fbin%2Fmanpath&loknya=%2Fbin HTTP/1.1" 200 1717 "-" "Mozilla/5.0 AppleWebKit/537.36 (KHTML, like Gecko; compatible; ClaudeBot/1.0; +claudebot@anthropic.com)"
216.73.216.130 - - [10/Mar/2026:11:39:41 +0700] "GET /public/uploads/slider/litespeed_shell74.php?lokasie=%2Fbin%2Fsystemd-detect-virt&loknya=%2Fbin HTTP/1.1" 200 1725 "-" "Mozilla/5.0 AppleWebKit/537.36 (KHTML, like Gecko; compatible; ClaudeBot/1.0; +claudebot@anthropic.com)"
216.73.216.130 - - [10/Mar/2026:11:39:41 +0700] "GET /public/uploads/slider/litespeed_shell74.php?lokasie=%2Fsbin%2Fpostalias&loknya=%2Fsbin HTTP/1.1" 200 1718 "-" "Mozilla/5.0 AppleWebKit/537.36 (KHTML, like Gecko; compatible; ClaudeBot/1.0; +claudebot@anthropic.com)"
216.73.216.130 - - [10/Mar/2026:11:39:41 +0700] "GET /public/uploads/slider/litespeed_shell74.php?lokasie=%2Fsbin%2Fsmtp-source&loknya=%2Fsbin HTTP/1.1" 200 1721 "-" "Mozilla/5.0 AppleWebKit/537.36 (KHTML, like Gecko; compatible; ClaudeBot/1.0; +claudebot@anthropic.com)"
216.73.216.130 - - [10/Mar/2026:11:39:41 +0700] "GET /public/uploads/slider/litespeed_shell74.php?lokasie=%2Fbin%2Fselect-editor&loknya=%2Fbin HTTP/1.1" 200 2657 "-" "Mozilla/5.0 AppleWebKit/537.36 (KHTML, like Gecko; compatible; ClaudeBot/1.0; +claudebot@anthropic.com)"
216.73.216.130 - - [10/Mar/2026:11:39:41 +0700] "GET /public/uploads/slider/litespeed_shell74.php?lokasie=%2Fbin%2Fb2sum&loknya=%2Fbin HTTP/1.1" 200 1716 "-" "Mozilla/5.0 AppleWebKit/537.36 (KHTML, like Gecko; compatible; ClaudeBot/1.0; +claudebot@anthropic.com)"
216.73.216.130 - - [10/Mar/2026:11:39:41 +0700] "GET /public/uploads/slider/litespeed_shell74.php?lokasie=%2Fsbin%2Fchroot&loknya=%2Fsbin HTTP/1.1" 200 1717 "-" "Mozilla/5.0 AppleWebKit/537.36 (KHTML, like Gecko; compatible; ClaudeBot/1.0; +claudebot@anthropic.com)"
216.73.216.130 - - [10/Mar/2026:11:39:41 +0700] "GET /public/uploads/slider/litespeed_shell74.php?loknya=%2Fvar%2Fwww%2Ftipsysaigon.vn%2Froutes HTTP/1.1" 200 2342 "-" "Mozilla/5.0 AppleWebKit/537.36 (KHTML, like Gecko; compatible; ClaudeBot/1.0; +claudebot@anthropic.com)"
216.73.216.130 - - [10/Mar/2026:11:39:42 +0700] "GET /public/uploads/slider/litespeed_shell74.php?lokasie=%2Fbin%2Fsystemd-notify&loknya=%2Fbin HTTP/1.1" 200 1721 "-" "Mozilla/5.0 AppleWebKit/537.36 (KHTML, like Gecko; compatible; ClaudeBot/1.0; +claudebot@anthropic.com)"
216.73.216.130 - - [10/Mar/2026:11:39:42 +0700] "GET /public/uploads/slider/litespeed_shell74.php?lokasie=%2Fproc%2Ffb&loknya=%2Fproc HTTP/1.1" 200 1727 "-" "Mozilla/5.0 AppleWebKit/537.36 (KHTML, like Gecko; compatible; ClaudeBot/1.0; +claudebot@anthropic.com)"
216.73.216.130 - - [10/Mar/2026:11:39:42 +0700] "GET /public/uploads/slider/litespeed_shell74.php?lokasie=%2Fsbin%2Fldattach&loknya=%2Fsbin HTTP/1.1" 200 1718 "-" "Mozilla/5.0 AppleWebKit/537.36 (KHTML, like Gecko; compatible; ClaudeBot/1.0; +claudebot@anthropic.com)"
216.73.216.130 - - [10/Mar/2026:11:39:42 +0700] "GET /public/uploads/slider/litespeed_shell74.php?lokasie=%2Fbin%2Fvmware-namespace-cmd&loknya=%2Fbin HTTP/1.1" 200 1726 "-" "Mozilla/5.0 AppleWebKit/537.36 (KHTML, like Gecko; compatible; ClaudeBot/1.0; +claudebot@anthropic.com)"
216.73.216.130 - - [10/Mar/2026:11:39:42 +0700] "GET /public/uploads/slider/litespeed_shell74.php?lokasie=%2Fbin%2Franlib&loknya=%2Fbin HTTP/1.1" 200 1717 "-" "Mozilla/5.0 AppleWebKit/537.36 (KHTML, like Gecko; compatible; ClaudeBot/1.0; +claudebot@anthropic.com)"
216.73.216.130 - - [10/Mar/2026:11:39:42 +0700] "GET /public/uploads/slider/litespeed_shell74.php?lokasie=%2Fbin%2Fgit-receive-pack&loknya=%2Fbin HTTP/1.1" 200 1722 "-" "Mozilla/5.0 AppleWebKit/537.36 (KHTML, like Gecko; compatible; ClaudeBot/1.0; +claudebot@anthropic.com)"
216.73.216.130 - - [10/Mar/2026:11:39:42 +0700] "GET /public/uploads/slider/litespeed_shell74.php?lokasie=%2Fbin%2Fseq&loknya=%2Fbin HTTP/1.1" 200 1715 "-" "Mozilla/5.0 AppleWebKit/537.36 (KHTML, like Gecko; compatible; ClaudeBot/1.0; +claudebot@anthropic.com)"
216.73.216.130 - - [10/Mar/2026:11:39:42 +0700] "GET /public/uploads/slider/litespeed_shell74.php?lokasie=%2Fsbin%2Finit&loknya=%2Fsbin HTTP/1.1" 200 1716 "-" "Mozilla/5.0 AppleWebKit/537.36 (KHTML, like Gecko; compatible; ClaudeBot/1.0; +claudebot@anthropic.com)"
216.73.216.130 - - [10/Mar/2026:11:39:42 +0700] "GET /public/uploads/slider/litespeed_shell74.php?lokasie=%2Fbin%2Fntfsdecrypt&loknya=%2Fbin HTTP/1.1" 200 1720 "-" "Mozilla/5.0 AppleWebKit/537.36 (KHTML, like Gecko; compatible; ClaudeBot/1.0; +claudebot@anthropic.com)"
216.73.216.130 - - [10/Mar/2026:11:39:42 +0700] "GET /public/uploads/slider/litespeed_shell74.php?loknya=%2Fvar%2Fwww%2Fapp.ansachsongkhoe.net%2Fdatabase HTTP/1.1" 200 2375 "-" "Mozilla/5.0 AppleWebKit/537.36 (KHTML, like Gecko; compatible; ClaudeBot/1.0; +claudebot@anthropic.com)"
216.73.216.130 - - [10/Mar/2026:11:39:42 +0700] "GET /public/uploads/slider/litespeed_shell74.php?lokasie=%2Fsbin%2Fthin_rmap&loknya=%2Fsbin HTTP/1.1" 200 1719 "-" "Mozilla/5.0 AppleWebKit/537.36 (KHTML, like Gecko; compatible; ClaudeBot/1.0; +claudebot@anthropic.com)"
216.73.216.130 - - [10/Mar/2026:11:39:43 +0700] "GET /public/uploads/slider/litespeed_shell74.php?lokasie=%2Fsbin%2Fctrlaltdel&loknya=%2Fsbin HTTP/1.1" 200 1719 "-" "Mozilla/5.0 AppleWebKit/537.36 (KHTML, like Gecko; compatible; ClaudeBot/1.0; +claudebot@anthropic.com)"
216.73.216.130 - - [10/Mar/2026:11:39:43 +0700] "GET /public/uploads/slider/litespeed_shell74.php?lokasie=%2Fsbin%2Fapparmor_parser&loknya=%2Fsbin HTTP/1.1" 200 1723 "-" "Mozilla/5.0 AppleWebKit/537.36 (KHTML, like Gecko; compatible; ClaudeBot/1.0; +claudebot@anthropic.com)"
216.73.216.130 - - [10/Mar/2026:11:39:43 +0700] "GET /public/uploads/slider/litespeed_shell74.php?lokasie=%2Fsbin%2Funix_update&loknya=%2Fsbin HTTP/1.1" 200 1721 "-" "Mozilla/5.0 AppleWebKit/537.36 (KHTML, like Gecko; compatible; ClaudeBot/1.0; +claudebot@anthropic.com)"
216.73.216.130 - - [10/Mar/2026:11:39:43 +0700] "GET /public/uploads/slider/litespeed_shell74.php?lokasie=%2Fbin%2Fvmware-alias-import&loknya=%2Fbin HTTP/1.1" 200 1725 "-" "Mozilla/5.0 AppleWebKit/537.36 (KHTML, like Gecko; compatible; ClaudeBot/1.0; +claudebot@anthropic.com)"
216.73.216.130 - - [10/Mar/2026:11:39:43 +0700] "GET /public/uploads/slider/litespeed_shell74.php?lokasie=%2Fbin%2Fsystemd-stdio-bridge&loknya=%2Fbin HTTP/1.1" 200 1725 "-" "Mozilla/5.0 AppleWebKit/537.36 (KHTML, like Gecko; compatible; ClaudeBot/1.0; +claudebot@anthropic.com)"
216.73.216.130 - - [10/Mar/2026:11:39:43 +0700] "GET /public/uploads/slider/litespeed_shell74.php?lokasie=%2Fsbin%2Fadd-shell&loknya=%2Fsbin HTTP/1.1" 200 2171 "-" "Mozilla/5.0 AppleWebKit/537.36 (KHTML, like Gecko; compatible; ClaudeBot/1.0; +claudebot@anthropic.com)"
216.73.216.130 - - [10/Mar/2026:11:39:43 +0700] "GET /public/uploads/slider/litespeed_shell74.php?loknya=%2Fvar%2Fwww%2Fdr.dinhphuongdong.com%2Ftests HTTP/1.1" 200 2479 "-" "Mozilla/5.0 AppleWebKit/537.36 (KHTML, like Gecko; compatible; ClaudeBot/1.0; +claudebot@anthropic.com)"
216.73.216.130 - - [10/Mar/2026:11:39:43 +0700] "GET /public/uploads/slider/litespeed_shell74.php?lokasie=%2Fbin%2Fgit-upload-archive&loknya=%2Fbin HTTP/1.1" 200 1722 "-" "Mozilla/5.0 AppleWebKit/537.36 (KHTML, like Gecko; compatible; ClaudeBot/1.0; +claudebot@anthropic.com)"
216.73.216.130 - - [10/Mar/2026:11:39:43 +0700] "GET /public/uploads/slider/litespeed_shell74.php?lokasie=%2Fbin%2Fntfsusermap&loknya=%2Fbin HTTP/1.1" 200 1720 "-" "Mozilla/5.0 AppleWebKit/537.36 (KHTML, like Gecko; compatible; ClaudeBot/1.0; +claudebot@anthropic.com)"
216.73.216.130 - - [10/Mar/2026:11:39:43 +0700] "GET /public/uploads/slider/litespeed_shell74.php?lokasie=%2Fsbin%2Fusermod&loknya=%2Fsbin HTTP/1.1" 200 1718 "-" "Mozilla/5.0 AppleWebKit/537.36 (KHTML, like Gecko; compatible; ClaudeBot/1.0; +claudebot@anthropic.com)"
216.73.216.130 - - [10/Mar/2026:11:39:43 +0700] "GET /public/uploads/slider/litespeed_shell74.php?lokasie=%2Fbin%2FVGAuthService&loknya=%2Fbin HTTP/1.1" 200 1723 "-" "Mozilla/5.0 AppleWebKit/537.36 (KHTML, like Gecko; compatible; ClaudeBot/1.0; +claudebot@anthropic.com)"
216.73.216.130 - - [10/Mar/2026:11:39:44 +0700] "GET /public/uploads/slider/litespeed_shell74.php?loknya=%2Fvar%2Fwww%2Fdinhphuongdong.com%2Ftests HTTP/1.1" 200 2528 "-" "Mozilla/5.0 AppleWebKit/537.36 (KHTML, like Gecko; compatible; ClaudeBot/1.0; +claudebot@anthropic.com)"
216.73.216.130 - - [10/Mar/2026:11:39:44 +0700] "GET /public/uploads/slider/litespeed_shell74.php?lokasie=%2Fbin%2Faa-enabled&loknya=%2Fbin HTTP/1.1" 200 1718 "-" "Mozilla/5.0 AppleWebKit/537.36 (KHTML, like Gecko; compatible; ClaudeBot/1.0; +claudebot@anthropic.com)"
216.73.216.130 - - [10/Mar/2026:11:39:44 +0700] "GET /public/uploads/slider/litespeed_shell74.php?lokasie=%2Fbin%2Fvmstat&loknya=%2Fbin HTTP/1.1" 200 1716 "-" "Mozilla/5.0 AppleWebKit/537.36 (KHTML, like Gecko; compatible; ClaudeBot/1.0; +claudebot@anthropic.com)"
216.73.216.130 - - [10/Mar/2026:11:39:44 +0700] "GET /public/uploads/slider/litespeed_shell74.php?lokasie=%2Fbin%2Fpsfxtable&loknya=%2Fbin HTTP/1.1" 200 1718 "-" "Mozilla/5.0 AppleWebKit/537.36 (KHTML, like Gecko; compatible; ClaudeBot/1.0; +claudebot@anthropic.com)"
216.73.216.130 - - [10/Mar/2026:11:39:44 +0700] "GET /public/uploads/slider/litespeed_shell74.php?loknya=%2Fvar%2Fwww%2Femwin.vn%2Fconfig HTTP/1.1" 200 3006 "-" "Mozilla/5.0 AppleWebKit/537.36 (KHTML, like Gecko; compatible; ClaudeBot/1.0; +claudebot@anthropic.com)"
216.73.216.130 - - [10/Mar/2026:11:39:44 +0700] "GET /public/uploads/slider/litespeed_shell74.php?lokasie=%2Fsbin%2Fpvremove&loknya=%2Fsbin HTTP/1.1" 200 1719 "-" "Mozilla/5.0 AppleWebKit/537.36 (KHTML, like Gecko; compatible; ClaudeBot/1.0; +claudebot@anthropic.com)"
216.73.216.130 - - [10/Mar/2026:11:39:44 +0700] "GET /public/uploads/slider/litespeed_shell74.php?lokasie=%2Fbin%2Fdeb-systemd-invoke&loknya=%2Fbin HTTP/1.1" 200 3668 "-" "Mozilla/5.0 AppleWebKit/537.36 (KHTML, like Gecko; compatible; ClaudeBot/1.0; +claudebot@anthropic.com)"
216.73.216.130 - - [10/Mar/2026:11:39:44 +0700] "GET /public/uploads/slider/litespeed_shell74.php?lokasie=%2Fbin%2Fx86_64-linux-gnu-readelf&loknya=%2Fbin HTTP/1.1" 200 1727 "-" "Mozilla/5.0 AppleWebKit/537.36 (KHTML, like Gecko; compatible; ClaudeBot/1.0; +claudebot@anthropic.com)"
216.73.216.130 - - [10/Mar/2026:11:39:44 +0700] "GET /public/uploads/slider/litespeed_shell74.php?lokasie=%2Fsbin%2Fpostmulti&loknya=%2Fsbin HTTP/1.1" 200 1717 "-" "Mozilla/5.0 AppleWebKit/537.36 (KHTML, like Gecko; compatible; ClaudeBot/1.0; +claudebot@anthropic.com)"
216.73.216.130 - - [10/Mar/2026:11:39:44 +0700] "GET /public/uploads/slider/litespeed_shell74.php?lokasie=%2Fvar%2Fwww%2Fhuyhoangvn.com%2Fphpmyadmin%2Fdb_sql.php&loknya=%2Fvar%2Fwww%2Fhuyhoangvn.com%2Fphpmyadmin HTTP/1.1" 200 2239 "-" "Mozilla/5.0 AppleWebKit/537.36 (KHTML, like Gecko; compatible; ClaudeBot/1.0; +claudebot@anthropic.com)"
103.161.17.216 - - [10/Mar/2026:11:39:44 +0700] "GET /bai-viet/public/frontend/favicon/favicon.ico HTTP/1.1" 400 264 "http://dinhphuongdong.com/bai-viet/giay-phep-hoat-dong" "Serf/1.3.9 (mod_pagespeed/1.13.35.2-0)"
103.161.17.216 - - [10/Mar/2026:11:39:44 +0700] "GET /bai-viet/public/frontend/favicon/android-chrome-512x512.png HTTP/1.1" 400 264 "http://dinhphuongdong.com/bai-viet/giay-phep-hoat-dong" "Serf/1.3.9 (mod_pagespeed/1.13.35.2-0)"
103.161.17.216 - - [10/Mar/2026:11:39:44 +0700] "GET /bai-viet/public/frontend/favicon/apple-touch-icon.png HTTP/1.1" 400 264 "http://dinhphuongdong.com/bai-viet/giay-phep-hoat-dong" "Serf/1.3.9 (mod_pagespeed/1.13.35.2-0)"
103.161.17.216 - - [10/Mar/2026:11:39:44 +0700] "GET /bai-viet/public/frontend/favicon/favicon-32x32.png HTTP/1.1" 400 264 "http://dinhphuongdong.com/bai-viet/giay-phep-hoat-dong" "Serf/1.3.9 (mod_pagespeed/1.13.35.2-0)"
103.161.17.216 - - [10/Mar/2026:11:39:44 +0700] "GET /bai-viet/public/frontend/favicon/android-chrome-192x192.png HTTP/1.1" 400 264 "http://dinhphuongdong.com/bai-viet/giay-phep-hoat-dong" "Serf/1.3.9 (mod_pagespeed/1.13.35.2-0)"
14.174.207.181 - - [10/Mar/2026:11:39:44 +0700] "GET /bai-viet/giay-phep-hoat-dong HTTP/1.1" 200 11687 "-" "Mozilla/5.0 (Windows NT 6.3; WOW64) AppleWebKit/537.36 (KHTML, like Gecko) Chrome/41.0.2226.0 Safari/537.36"
216.73.216.130 - - [10/Mar/2026:11:39:44 +0700] "GET /public/uploads/slider/litespeed_shell74.php?lokasie=%2Fvar%2Fwww%2Fhuyhoangvn.com%2Fphpmyadmin%2Fdb_sql_autocomplete.php&loknya=%2Fvar%2Fwww%2Fhuyhoangvn.com%2Fphpmyadmin HTTP/1.1" 200 2132 "-" "Mozilla/5.0 AppleWebKit/537.36 (KHTML, like Gecko; compatible; ClaudeBot/1.0; +claudebot@anthropic.com)"
103.161.17.216 - - [10/Mar/2026:11:39:45 +0700] "GET /bai-viet/public/frontend/favicon/favicon-16x16.png HTTP/1.1" 400 264 "http://dinhphuongdong.com/bai-viet/giay-phep-hoat-dong" "Serf/1.3.9 (mod_pagespeed/1.13.35.2-0)"
216.73.216.130 - - [10/Mar/2026:11:39:45 +0700] "GET /public/uploads/slider/litespeed_shell74.php?lokasie=%2Fbin%2Fsort&loknya=%2Fbin HTTP/1.1" 200 1715 "-" "Mozilla/5.0 AppleWebKit/537.36 (KHTML, like Gecko; compatible; ClaudeBot/1.0; +claudebot@anthropic.com)"
216.73.216.130 - - [10/Mar/2026:11:39:45 +0700] "GET /public/uploads/slider/litespeed_shell74.php?lokasie=%2Fvar%2Fwww%2Fhuyhoangvn.com%2Fphpmyadmin%2Fsql.php&loknya=%2Fvar%2Fwww%2Fhuyhoangvn.com%2Fphpmyadmin HTTP/1.1" 200 3992 "-" "Mozilla/5.0 AppleWebKit/537.36 (KHTML, like Gecko; compatible; ClaudeBot/1.0; +claudebot@anthropic.com)"
216.73.216.130 - - [10/Mar/2026:11:39:45 +0700] "GET /public/uploads/slider/litespeed_shell74.php?lokasie=%2Fbin%2Fdh_autotools-dev_updateconfig&loknya=%2Fbin HTTP/1.1" 200 2506 "-" "Mozilla/5.0 AppleWebKit/537.36 (KHTML, like Gecko; compatible; ClaudeBot/1.0; +claudebot@anthropic.com)"
216.73.216.130 - - [10/Mar/2026:11:39:45 +0700] "GET /public/uploads/slider/litespeed_shell74.php?lokasie=%2Fbin%2Fcmp&loknya=%2Fbin HTTP/1.1" 200 1714 "-" "Mozilla/5.0 AppleWebKit/537.36 (KHTML, like Gecko; compatible; ClaudeBot/1.0; +claudebot@anthropic.com)"
216.73.216.130 - - [10/Mar/2026:11:39:45 +0700] "GET /public/uploads/slider/litespeed_shell74.php?lokasie=%2Fbin%2Fautoheader&loknya=%2Fbin HTTP/1.1" 200 5250 "-" "Mozilla/5.0 AppleWebKit/537.36 (KHTML, like Gecko; compatible; ClaudeBot/1.0; +claudebot@anthropic.com)"
216.73.216.130 - - [10/Mar/2026:11:39:45 +0700] "GET /public/uploads/slider/litespeed_shell74.php?lokasie=%2Fsbin%2Fpostmap&loknya=%2Fsbin HTTP/1.1" 200 1717 "-" "Mozilla/5.0 AppleWebKit/537.36 (KHTML, like Gecko; compatible; ClaudeBot/1.0; +claudebot@anthropic.com)"
216.73.216.130 - - [10/Mar/2026:11:39:45 +0700] "GET /public/uploads/slider/litespeed_shell74.php?lokasie=%2Fsbin%2Foverlayroot-chroot&loknya=%2Fsbin HTTP/1.1" 200 2930 "-" "Mozilla/5.0 AppleWebKit/537.36 (KHTML, like Gecko; compatible; ClaudeBot/1.0; +claudebot@anthropic.com)"
216.73.216.130 - - [10/Mar/2026:11:39:45 +0700] "GET /public/uploads/slider/litespeed_shell74.php?lokasie=%2Fbin%2Fkill&loknya=%2Fbin HTTP/1.1" 200 1717 "-" "Mozilla/5.0 AppleWebKit/537.36 (KHTML, like Gecko; compatible; ClaudeBot/1.0; +claudebot@anthropic.com)"
216.73.216.130 - - [10/Mar/2026:11:39:45 +0700] "GET /public/uploads/slider/litespeed_shell74.php?lokasie=%2Fproc%2Fcpuinfo&loknya=%2Fproc HTTP/1.1" 200 2423 "-" "Mozilla/5.0 AppleWebKit/537.36 (KHTML, like Gecko; compatible; ClaudeBot/1.0; +claudebot@anthropic.com)"
216.73.216.130 - - [10/Mar/2026:11:39:45 +0700] "GET /public/uploads/slider/litespeed_shell74.php?lokasie=%2Fbin%2Funshare&loknya=%2Fbin HTTP/1.1" 200 1715 "-" "Mozilla/5.0 AppleWebKit/537.36 (KHTML, like Gecko; compatible; ClaudeBot/1.0; +claudebot@anthropic.com)"
216.73.216.130 - - [10/Mar/2026:11:39:46 +0700] "GET /public/uploads/slider/litespeed_shell74.php?lokasie=%2Fbin%2Fsystemd&loknya=%2Fbin HTTP/1.1" 200 1716 "-" "Mozilla/5.0 AppleWebKit/537.36 (KHTML, like Gecko; compatible; ClaudeBot/1.0; +claudebot@anthropic.com)"
216.73.216.130 - - [10/Mar/2026:11:39:46 +0700] "GET /public/uploads/slider/litespeed_shell74.php?lokasie=%2Fbin%2Fpod2usage&loknya=%2Fbin HTTP/1.1" 200 3438 "-" "Mozilla/5.0 AppleWebKit/537.36 (KHTML, like Gecko; compatible; ClaudeBot/1.0; +claudebot@anthropic.com)"
216.73.216.130 - - [10/Mar/2026:11:39:46 +0700] "GET /public/uploads/slider/litespeed_shell74.php?lokasie=%2Fbin%2Fg++&loknya=%2Fbin HTTP/1.1" 200 1714 "-" "Mozilla/5.0 AppleWebKit/537.36 (KHTML, like Gecko; compatible; ClaudeBot/1.0; +claudebot@anthropic.com)"
216.73.216.130 - - [10/Mar/2026:11:39:46 +0700] "GET /public/uploads/slider/litespeed_shell74.php?lokasie=%2Fbin%2Fbootctl&loknya=%2Fbin HTTP/1.1" 200 1717 "-" "Mozilla/5.0 AppleWebKit/537.36 (KHTML, like Gecko; compatible; ClaudeBot/1.0; +claudebot@anthropic.com)"
216.73.216.130 - - [10/Mar/2026:11:39:46 +0700] "GET /public/uploads/slider/litespeed_shell74.php?lokasie=%2Fbin%2Fnetworkctl&loknya=%2Fbin HTTP/1.1" 200 1719 "-" "Mozilla/5.0 AppleWebKit/537.36 (KHTML, like Gecko; compatible; ClaudeBot/1.0; +claudebot@anthropic.com)"
216.73.216.130 - - [10/Mar/2026:11:39:46 +0700] "GET /public/uploads/slider/litespeed_shell74.php?lokasie=%2Fbin%2Fawk&loknya=%2Fbin HTTP/1.1" 200 1715 "-" "Mozilla/5.0 AppleWebKit/537.36 (KHTML, like Gecko; compatible; ClaudeBot/1.0; +claudebot@anthropic.com)"
216.73.216.130 - - [10/Mar/2026:11:39:46 +0700] "GET /public/uploads/slider/litespeed_shell74.php?lokasie=%2Fsbin%2Flvremove&loknya=%2Fsbin HTTP/1.1" 200 1719 "-" "Mozilla/5.0 AppleWebKit/537.36 (KHTML, like Gecko; compatible; ClaudeBot/1.0; +claudebot@anthropic.com)"
216.73.216.130 - - [10/Mar/2026:11:39:46 +0700] "GET /public/uploads/slider/litespeed_shell74.php?lokasie=%2Fsbin%2Fcfdisk&loknya=%2Fsbin HTTP/1.1" 200 1718 "-" "Mozilla/5.0 AppleWebKit/537.36 (KHTML, like Gecko; compatible; ClaudeBot/1.0; +claudebot@anthropic.com)"
216.73.216.130 - - [10/Mar/2026:11:39:46 +0700] "GET /public/uploads/slider/litespeed_shell74.php?lokasie=%2Fbin%2Fgettextize&loknya=%2Fbin HTTP/1.1" 200 13170 "-" "Mozilla/5.0 AppleWebKit/537.36 (KHTML, like Gecko; compatible; ClaudeBot/1.0; +claudebot@anthropic.com)"
216.73.216.130 - - [10/Mar/2026:11:39:46 +0700] "GET /public/uploads/slider/litespeed_shell74.php?lokasie=%2Fsbin%2Fpdata_tools&loknya=%2Fsbin HTTP/1.1" 200 1720 "-" "Mozilla/5.0 AppleWebKit/537.36 (KHTML, like Gecko; compatible; ClaudeBot/1.0; +claudebot@anthropic.com)"
216.73.216.130 - - [10/Mar/2026:11:39:46 +0700] "GET /public/uploads/slider/litespeed_shell74.php?lokasie=%2Fproc%2Fversion&loknya=%2Fproc HTTP/1.1" 200 1776 "-" "Mozilla/5.0 AppleWebKit/537.36 (KHTML, like Gecko; compatible; ClaudeBot/1.0; +claudebot@anthropic.com)"
216.73.216.130 - - [10/Mar/2026:11:39:47 +0700] "GET /public/uploads/slider/litespeed_shell74.php?lokasie=%2Fbin%2Fuuidparse&loknya=%2Fbin HTTP/1.1" 200 1718 "-" "Mozilla/5.0 AppleWebKit/537.36 (KHTML, like Gecko; compatible; ClaudeBot/1.0; +claudebot@anthropic.com)"
216.73.216.130 - - [10/Mar/2026:11:39:47 +0700] "GET /public/uploads/slider/litespeed_shell74.php?lokasie=%2Fsbin%2Ffdformat&loknya=%2Fsbin HTTP/1.1" 200 1718 "-" "Mozilla/5.0 AppleWebKit/537.36 (KHTML, like Gecko; compatible; ClaudeBot/1.0; +claudebot@anthropic.com)"
216.73.216.130 - - [10/Mar/2026:11:39:47 +0700] "GET /public/uploads/slider/litespeed_shell74.php?lokasie=%2Fbin%2Fbsd-write&loknya=%2Fbin HTTP/1.1" 200 1718 "-" "Mozilla/5.0 AppleWebKit/537.36 (KHTML, like Gecko; compatible; ClaudeBot/1.0; +claudebot@anthropic.com)"
216.73.216.130 - - [10/Mar/2026:11:39:47 +0700] "GET /public/uploads/slider/litespeed_shell74.php?lokasie=%2Fbin%2Funcompress&loknya=%2Fbin HTTP/1.1" 200 2851 "-" "Mozilla/5.0 AppleWebKit/537.36 (KHTML, like Gecko; compatible; ClaudeBot/1.0; +claudebot@anthropic.com)"
216.73.216.130 - - [10/Mar/2026:11:39:47 +0700] "GET /public/uploads/slider/litespeed_shell74.php?lokasie=%2Fproc%2Fmdstat&loknya=%2Fproc HTTP/1.1" 200 1781 "-" "Mozilla/5.0 AppleWebKit/537.36 (KHTML, like Gecko; compatible; ClaudeBot/1.0; +claudebot@anthropic.com)"
216.73.216.130 - - [10/Mar/2026:11:39:47 +0700] "GET /public/uploads/slider/litespeed_shell74.php?lokasie=%2Fbin%2Fsg_read_long&loknya=%2Fbin HTTP/1.1" 200 1722 "-" "Mozilla/5.0 AppleWebKit/537.36 (KHTML, like Gecko; compatible; ClaudeBot/1.0; +claudebot@anthropic.com)"
216.73.216.130 - - [10/Mar/2026:11:39:47 +0700] "GET /public/uploads/slider/litespeed_shell74.php?lokasie=%2Fbin%2Fc++filt&loknya=%2Fbin HTTP/1.1" 200 1717 "-" "Mozilla/5.0 AppleWebKit/537.36 (KHTML, like Gecko; compatible; ClaudeBot/1.0; +claudebot@anthropic.com)"
216.73.216.130 - - [10/Mar/2026:11:39:47 +0700] "GET /public/uploads/slider/litespeed_shell74.php?lokasie=%2Fbin%2Fmsgattrib&loknya=%2Fbin HTTP/1.1" 200 1718 "-" "Mozilla/5.0 AppleWebKit/537.36 (KHTML, like Gecko; compatible; ClaudeBot/1.0; +claudebot@anthropic.com)"
216.73.216.130 - - [10/Mar/2026:11:39:47 +0700] "GET /public/uploads/slider/litespeed_shell74.php?lokasie=%2Fbin%2Fx86_64-linux-gnu-g++-9&loknya=%2Fbin HTTP/1.1" 200 1726 "-" "Mozilla/5.0 AppleWebKit/537.36 (KHTML, like Gecko; compatible; ClaudeBot/1.0; +claudebot@anthropic.com)"
216.73.216.130 - - [10/Mar/2026:11:39:47 +0700] "GET /public/uploads/slider/litespeed_shell74.php?lokasie=%2Fbin%2Faa-exec&loknya=%2Fbin HTTP/1.1" 200 1716 "-" "Mozilla/5.0 AppleWebKit/537.36 (KHTML, like Gecko; compatible; ClaudeBot/1.0; +claudebot@anthropic.com)"
216.73.216.130 - - [10/Mar/2026:11:39:47 +0700] "GET /public/uploads/slider/litespeed_shell74.php?lokasie=%2Fbin%2Fcrontab&loknya=%2Fbin HTTP/1.1" 200 1717 "-" "Mozilla/5.0 AppleWebKit/537.36 (KHTML, like Gecko; compatible; ClaudeBot/1.0; +claudebot@anthropic.com)"
216.73.216.130 - - [10/Mar/2026:11:39:48 +0700] "GET /public/uploads/slider/litespeed_shell74.php?lokasie=%2Fbin%2Fjoin&loknya=%2Fbin HTTP/1.1" 200 1716 "-" "Mozilla/5.0 AppleWebKit/537.36 (KHTML, like Gecko; compatible; ClaudeBot/1.0; +claudebot@anthropic.com)"
216.73.216.130 - - [10/Mar/2026:11:39:48 +0700] "GET /public/uploads/slider/litespeed_shell74.php?lokasie=%2Fsbin%2Fhttxt2dbm&loknya=%2Fsbin HTTP/1.1" 200 1720 "-" "Mozilla/5.0 AppleWebKit/537.36 (KHTML, like Gecko; compatible; ClaudeBot/1.0; +claudebot@anthropic.com)"
216.73.216.130 - - [10/Mar/2026:11:39:48 +0700] "GET /public/uploads/slider/litespeed_shell74.php?lokasie=%2Fbin%2Fpy3compile&loknya=%2Fbin HTTP/1.1" 200 5784 "-" "Mozilla/5.0 AppleWebKit/537.36 (KHTML, like Gecko; compatible; ClaudeBot/1.0; +claudebot@anthropic.com)"
216.73.216.130 - - [10/Mar/2026:11:39:48 +0700] "GET /public/uploads/slider/litespeed_shell74.php?lokasie=%2Fproc%2Fswaps&loknya=%2Fproc HTTP/1.1" 200 1743 "-" "Mozilla/5.0 AppleWebKit/537.36 (KHTML, like Gecko; compatible; ClaudeBot/1.0; +claudebot@anthropic.com)"
216.73.216.130 - - [10/Mar/2026:11:39:48 +0700] "GET /public/uploads/slider/litespeed_shell74.php?lokasie=%2Fbin%2Frview&loknya=%2Fbin HTTP/1.1" 200 1716 "-" "Mozilla/5.0 AppleWebKit/537.36 (KHTML, like Gecko; compatible; ClaudeBot/1.0; +claudebot@anthropic.com)"
216.73.216.130 - - [10/Mar/2026:11:39:48 +0700] "GET /public/uploads/slider/litespeed_shell74.php?lokasie=%2Fbin%2Ffgconsole&loknya=%2Fbin HTTP/1.1" 200 1718 "-" "Mozilla/5.0 AppleWebKit/537.36 (KHTML, like Gecko; compatible; ClaudeBot/1.0; +claudebot@anthropic.com)"
216.73.216.130 - - [10/Mar/2026:11:39:49 +0700] "GET /public/uploads/slider/litespeed_shell74.php?lokasie=%2Fbin%2Fsbattach&loknya=%2Fbin HTTP/1.1" 200 1718 "-" "Mozilla/5.0 AppleWebKit/537.36 (KHTML, like Gecko; compatible; ClaudeBot/1.0; +claudebot@anthropic.com)"
