20.194.157.191 - - [10/Mar/2026:06:29:05 +0700] "GET / HTTP/1.1" 200 13896 "-" "Mozilla/5.0 AppleWebKit/537.36 (KHTML, like Gecko); compatible; ChatGPT-User/1.0; +https://openai.com/bot"
103.161.17.216 - - [10/Mar/2026:06:29:05 +0700] "GET /public/frontend/img/feature-icon/feature-icon04.png HTTP/1.1" 400 264 "http://thanhtraspa.vn/" "Serf/1.3.9 (mod_pagespeed/1.13.35.2-0)"
103.161.17.216 - - [10/Mar/2026:06:29:05 +0700] "GET /public/frontend/img/counter/counter-icon01.png HTTP/1.1" 400 264 "http://thanhtraspa.vn/" "Serf/1.3.9 (mod_pagespeed/1.13.35.2-0)"
103.161.17.216 - - [10/Mar/2026:06:29:05 +0700] "GET /public/frontend/img/counter/counter-icon02.png HTTP/1.1" 400 264 "http://thanhtraspa.vn/" "Serf/1.3.9 (mod_pagespeed/1.13.35.2-0)"
103.161.17.216 - - [10/Mar/2026:06:29:05 +0700] "GET /public/frontend/img/counter/counter-icon03.png HTTP/1.1" 400 264 "http://thanhtraspa.vn/" "Serf/1.3.9 (mod_pagespeed/1.13.35.2-0)"
103.161.17.216 - - [10/Mar/2026:06:29:05 +0700] "GET /public/frontend/img/counter/counter-icon04.png HTTP/1.1" 400 264 "http://thanhtraspa.vn/" "Serf/1.3.9 (mod_pagespeed/1.13.35.2-0)"
103.161.17.216 - - [10/Mar/2026:06:29:05 +0700] "GET /public/uploads/slider/kh154.png HTTP/1.1" 400 264 "http://thanhtraspa.vn/" "Serf/1.3.9 (mod_pagespeed/1.13.35.2-0)"
103.161.17.216 - - [10/Mar/2026:06:29:05 +0700] "GET /public/uploads/slider/h112.png HTTP/1.1" 400 264 "http://thanhtraspa.vn/" "Serf/1.3.9 (mod_pagespeed/1.13.35.2-0)"
51.68.247.203 - - [10/Mar/2026:06:29:50 +0700] "GET /bai-viet/nang-mui-boc-sun HTTP/1.1" 200 16580 "-" "Mozilla/5.0 (compatible; AhrefsBot/7.0; +http://ahrefs.com/robot/)"
103.161.17.216 - - [10/Mar/2026:06:30:12 +0700] "GET /public/uploads/images/Hut-mo-bung-1.jpg HTTP/1.1" 400 264 "http://dinhphuongdong.com/bai-viet/Hut-mo-bung" "Serf/1.3.9 (mod_pagespeed/1.13.35.2-0)"
66.249.74.101 - - [10/Mar/2026:06:30:12 +0700] "GET /bai-viet/Hut-mo-bung HTTP/1.1" 200 12773 "-" "Mozilla/5.0 (Linux; Android 6.0.1; Nexus 5X Build/MMB29P) AppleWebKit/537.36 (KHTML, like Gecko) Chrome/145.0.7632.116 Mobile Safari/537.36 (compatible; Googlebot/2.1; +http://www.google.com/bot.html)"
66.249.74.101 - - [10/Mar/2026:06:30:15 +0700] "GET /public/frontend/css/menuzord-skins/menuzord-rounded-boxed.css HTTP/1.1" 200 614 "https://dinhphuongdong.com/bai-viet/Hut-mo-bung" "Mozilla/5.0 (Linux; Android 6.0.1; Nexus 5X Build/MMB29P) AppleWebKit/537.36 (KHTML, like Gecko) Chrome/145.0.7632.116 Mobile Safari/537.36 (compatible; Googlebot/2.1; +http://www.google.com/bot.html)"
66.249.74.100 - - [10/Mar/2026:06:30:16 +0700] "GET /public/frontend/css/responsive.css HTTP/1.1" 200 756 "https://dinhphuongdong.com/bai-viet/Hut-mo-bung" "Mozilla/5.0 (Linux; Android 6.0.1; Nexus 5X Build/MMB29P) AppleWebKit/537.36 (KHTML, like Gecko) Chrome/145.0.7632.116 Mobile Safari/537.36 (compatible; Googlebot/2.1; +http://www.google.com/bot.html)"
66.249.74.99 - - [10/Mar/2026:06:30:17 +0700] "GET /public/frontend/js/main.js HTTP/1.1" 200 3983 "https://dinhphuongdong.com/bai-viet/Hut-mo-bung" "Mozilla/5.0 (Linux; Android 6.0.1; Nexus 5X Build/MMB29P) AppleWebKit/537.36 (KHTML, like Gecko) Chrome/145.0.7632.116 Mobile Safari/537.36 (compatible; Googlebot/2.1; +http://www.google.com/bot.html)"
66.249.74.100 - - [10/Mar/2026:06:30:18 +0700] "GET /public/frontend/css/hotline.css HTTP/1.1" 200 1056 "https://dinhphuongdong.com/bai-viet/Hut-mo-bung" "Mozilla/5.0 (Linux; Android 6.0.1; Nexus 5X Build/MMB29P) AppleWebKit/537.36 (KHTML, like Gecko) Chrome/145.0.7632.116 Mobile Safari/537.36 (compatible; Googlebot/2.1; +http://www.google.com/bot.html)"
66.249.74.100 - - [10/Mar/2026:06:30:18 +0700] "GET /public/frontend/js/revolution-slider/js/rs6.min.js HTTP/1.1" 200 73543 "https://dinhphuongdong.com/bai-viet/Hut-mo-bung" "Mozilla/5.0 (Linux; Android 6.0.1; Nexus 5X Build/MMB29P) AppleWebKit/537.36 (KHTML, like Gecko) Chrome/145.0.7632.116 Mobile Safari/537.36 (compatible; Googlebot/2.1; +http://www.google.com/bot.html)"
66.249.73.65 - - [10/Mar/2026:06:33:41 +0700] "GET /robots.txt HTTP/1.1" 301 178 "-" "Mozilla/5.0 (compatible; Googlebot/2.1; +http://www.google.com/bot.html)"
66.249.73.65 - - [10/Mar/2026:06:33:41 +0700] "GET / HTTP/1.1" 301 178 "-" "Mozilla/5.0 (Linux; Android 6.0.1; Nexus 5X Build/MMB29P) AppleWebKit/537.36 (KHTML, like Gecko) Chrome/145.0.7632.116 Mobile Safari/537.36 (compatible; Googlebot/2.1; +http://www.google.com/bot.html)"
103.161.17.216 - - [10/Mar/2026:06:33:42 +0700] "GET /public/uploads/slider/banner1107.webp HTTP/1.1" 400 264 "http://www.thanhtraspa.vn/" "Serf/1.3.9 (mod_pagespeed/1.13.35.2-0)"
103.161.17.216 - - [10/Mar/2026:06:33:42 +0700] "GET /public/uploads/slider/banner182.jpg HTTP/1.1" 400 264 "http://www.thanhtraspa.vn/" "Serf/1.3.9 (mod_pagespeed/1.13.35.2-0)"
103.161.17.216 - - [10/Mar/2026:06:33:42 +0700] "GET /public/frontend/img/icons/icon01.png HTTP/1.1" 400 264 "http://www.thanhtraspa.vn/" "Serf/1.3.9 (mod_pagespeed/1.13.35.2-0)"
103.161.17.216 - - [10/Mar/2026:06:33:42 +0700] "GET /public/frontend/img/icons/icon02.png HTTP/1.1" 400 264 "http://www.thanhtraspa.vn/" "Serf/1.3.9 (mod_pagespeed/1.13.35.2-0)"
103.161.17.216 - - [10/Mar/2026:06:33:42 +0700] "GET /public/frontend/img/icons/icon03.png HTTP/1.1" 400 264 "http://www.thanhtraspa.vn/" "Serf/1.3.9 (mod_pagespeed/1.13.35.2-0)"
103.161.17.216 - - [10/Mar/2026:06:33:42 +0700] "GET /public/frontend/img/feature-icon/feature-icon01.png HTTP/1.1" 400 264 "http://www.thanhtraspa.vn/" "Serf/1.3.9 (mod_pagespeed/1.13.35.2-0)"
103.161.17.216 - - [10/Mar/2026:06:33:42 +0700] "GET /public/frontend/img/feature-icon/feature-icon02.png HTTP/1.1" 400 264 "http://www.thanhtraspa.vn/" "Serf/1.3.9 (mod_pagespeed/1.13.35.2-0)"
103.161.17.216 - - [10/Mar/2026:06:33:42 +0700] "GET /public/frontend/img/feature-icon/feature-icon03.png HTTP/1.1" 400 264 "http://www.thanhtraspa.vn/" "Serf/1.3.9 (mod_pagespeed/1.13.35.2-0)"
66.249.73.71 - - [10/Mar/2026:06:33:42 +0700] "GET / HTTP/1.1" 200 13942 "-" "Mozilla/5.0 (Linux; Android 6.0.1; Nexus 5X Build/MMB29P) AppleWebKit/537.36 (KHTML, like Gecko) Chrome/145.0.7632.116 Mobile Safari/537.36 (compatible; Googlebot/2.1; +http://www.google.com/bot.html)"
103.161.17.216 - - [10/Mar/2026:06:33:42 +0700] "GET /public/frontend/img/feature-icon/feature-icon04.png HTTP/1.1" 400 264 "http://www.thanhtraspa.vn/" "Serf/1.3.9 (mod_pagespeed/1.13.35.2-0)"
103.161.17.216 - - [10/Mar/2026:06:33:42 +0700] "GET /public/frontend/img/counter/counter-icon01.png HTTP/1.1" 400 264 "http://www.thanhtraspa.vn/" "Serf/1.3.9 (mod_pagespeed/1.13.35.2-0)"
103.161.17.216 - - [10/Mar/2026:06:33:42 +0700] "GET /public/frontend/img/counter/counter-icon02.png HTTP/1.1" 400 264 "http://www.thanhtraspa.vn/" "Serf/1.3.9 (mod_pagespeed/1.13.35.2-0)"
103.161.17.216 - - [10/Mar/2026:06:33:42 +0700] "GET /public/frontend/img/counter/counter-icon03.png HTTP/1.1" 400 264 "http://www.thanhtraspa.vn/" "Serf/1.3.9 (mod_pagespeed/1.13.35.2-0)"
103.161.17.216 - - [10/Mar/2026:06:33:42 +0700] "GET /public/frontend/img/counter/counter-icon04.png HTTP/1.1" 400 264 "http://www.thanhtraspa.vn/" "Serf/1.3.9 (mod_pagespeed/1.13.35.2-0)"
103.161.17.216 - - [10/Mar/2026:06:33:42 +0700] "GET /public/uploads/slider/kh154.png HTTP/1.1" 400 264 "http://www.thanhtraspa.vn/" "Serf/1.3.9 (mod_pagespeed/1.13.35.2-0)"
103.161.17.216 - - [10/Mar/2026:06:33:43 +0700] "GET /public/uploads/slider/h112.png HTTP/1.1" 400 264 "http://www.thanhtraspa.vn/" "Serf/1.3.9 (mod_pagespeed/1.13.35.2-0)"
66.249.73.72 - - [10/Mar/2026:06:33:46 +0700] "GET /public/frontend/js/sweetalert.js HTTP/1.1" 200 8731 "https://www.thanhtraspa.vn/" "Mozilla/5.0 (Linux; Android 6.0.1; Nexus 5X Build/MMB29P) AppleWebKit/537.36 (KHTML, like Gecko) Chrome/145.0.7632.116 Mobile Safari/537.36 (compatible; Googlebot/2.1; +http://www.google.com/bot.html)"
66.249.73.72 - - [10/Mar/2026:06:33:46 +0700] "GET /public/frontend/css/typography/typograhpy.css HTTP/1.1" 200 1449 "https://www.thanhtraspa.vn/public/frontend/css/style.css" "Mozilla/5.0 (Linux; Android 6.0.1; Nexus 5X Build/MMB29P) AppleWebKit/537.36 (KHTML, like Gecko) Chrome/145.0.7632.116 Mobile Safari/537.36 (compatible; Googlebot/2.1; +http://www.google.com/bot.html)"
66.249.73.71 - - [10/Mar/2026:06:33:46 +0700] "GET /public/frontend/css/owl.carousel.min.css HTTP/1.1" 200 924 "https://www.thanhtraspa.vn/public/frontend/css/style.css" "Mozilla/5.0 (Linux; Android 6.0.1; Nexus 5X Build/MMB29P) AppleWebKit/537.36 (KHTML, like Gecko) Chrome/145.0.7632.116 Mobile Safari/537.36 (compatible; Googlebot/2.1; +http://www.google.com/bot.html)"
66.249.73.71 - - [10/Mar/2026:06:33:47 +0700] "GET /public/frontend/css/meanmenu.min.css HTTP/1.1" 200 863 "https://www.thanhtraspa.vn/public/frontend/css/style.css" "Mozilla/5.0 (Linux; Android 6.0.1; Nexus 5X Build/MMB29P) AppleWebKit/537.36 (KHTML, like Gecko) Chrome/145.0.7632.116 Mobile Safari/537.36 (compatible; Googlebot/2.1; +http://www.google.com/bot.html)"
185.16.39.146 - - [10/Mar/2026:06:34:40 +0700] "GET / HTTP/1.1" 404 162 "-" "Mozilla/5.0"
85.203.15.117 - - [10/Mar/2026:06:35:20 +0700] "GET / HTTP/1.0" 200 97157 "https://huyhoangvn.com/" "Mozilla/5.0 (Windows NT 10.0; Win64; x64) AppleWebKit/537.36 (KHTML, like Gecko) Chrome/131.0.0.0 Safari/537.36 Avast/131.0.0.0"
85.203.15.123 - - [10/Mar/2026:06:35:24 +0700] "POST /save-datlich HTTP/1.0" 500 636842 "https://huyhoangvn.com/" "Mozilla/5.0 (Windows NT 10.0; Win64; x64) AppleWebKit/537.36 (KHTML, like Gecko) Chrome/131.0.0.0 Safari/537.36 Avast/131.0.0.0"
188.163.94.13 - - [10/Mar/2026:06:38:14 +0700] "GET /bai-viet/contact-us.html HTTP/1.1" 500 445944 "https://dinhphuongdong.com/" "Mozilla/5.0 (Windows NT 10.0; Win64; x64) AppleWebKit/537.36 (KHTML, like Gecko) Chrome/135.0.0.0 Safari/537.36 Edg/135.0.0.0"
45.148.103.212 - - [10/Mar/2026:06:38:59 +0700] "GET /vendor/phpunit/phpunit/src/Util/PHP/eval-stdin.php HTTP/1.1" 301 178 "-" "Mozilla/5.0 (Macintosh; Intel Mac OS X 10_10_1) AppleWebKit/537.36 (KHTML, like Gecko) Chrome/39.0.2171.95 Safari/537.36"
185.16.39.146 - - [10/Mar/2026:06:39:11 +0700] "GET / HTTP/1.1" 404 162 "-" "Mozilla/5.0"
51.195.183.228 - - [10/Mar/2026:06:40:11 +0700] "GET /public/uploads/images/bang%20cap/z4667461218199_580a9a781cce1aff716d8221922a7a26.jpg HTTP/1.1" 200 159094 "-" "Mozilla/5.0 (compatible; AhrefsBot/7.0; +http://ahrefs.com/robot/)"
49.233.45.47 - - [10/Mar/2026:06:44:43 +0700] "GET / HTTP/1.1" 301 178 "-" "Mozilla/5.0 (iPhone; CPU iPhone OS 13_2_3 like Mac OS X) AppleWebKit/605.1.15 (KHTML, like Gecko) Version/13.0.3 Mobile/15E148 Safari/604.1"
51.75.236.137 - - [10/Mar/2026:06:45:28 +0700] "GET /robots.txt HTTP/1.1" 200 55 "-" "Mozilla/5.0 (compatible; AhrefsBot/7.0; +http://ahrefs.com/robot/)"
198.244.226.212 - - [10/Mar/2026:06:45:32 +0700] "GET /chi-tiet-san-pham/goi-dau-duong-sinh HTTP/1.1" 200 11234 "-" "Mozilla/5.0 (compatible; AhrefsBot/7.0; +http://ahrefs.com/robot/)"
185.16.39.146 - - [10/Mar/2026:06:46:00 +0700] "GET / HTTP/1.1" 404 162 "-" "Mozilla/5.0"
160.154.234.94 - - [10/Mar/2026:06:46:49 +0700] "GET /api/v1/workflows HTTP/1.1" 404 2135 "-" "Mozilla/5.0 (Windows NT 10.0; Win64; x64) AppleWebKit/537.36 (KHTML, like Gecko) Chrome/120.0.0.0 Safari/537.36 Edg/120.0.0.0"
160.154.234.94 - - [10/Mar/2026:06:46:49 +0700] "GET /rest/workflows HTTP/1.1" 404 2135 "https://www.bing.com/" "Mozilla/5.0 (Windows NT 10.0; Win64; x64; rv:121.0) Gecko/20100101 Firefox/121.0"
160.154.234.94 - - [10/Mar/2026:06:46:49 +0700] "GET /_ignition/health-check HTTP/1.1" 200 60 "-" "Mozilla/5.0 (Windows NT 10.0; Win64; x64) AppleWebKit/537.36 (KHTML, like Gecko) Chrome/120.0.0.0 Safari/537.36"
160.154.234.94 - - [10/Mar/2026:06:46:50 +0700] "GET /telescope/requests HTTP/1.1" 404 2135 "-" "Mozilla/5.0 (Macintosh; Intel Mac OS X 10_15_7) AppleWebKit/537.36 (KHTML, like Gecko) Chrome/119.0.0.0 Safari/537.36"
160.154.234.94 - - [10/Mar/2026:06:46:50 +0700] "GET /horizon/api/stats HTTP/1.1" 404 2135 "https://www.bing.com/" "Mozilla/5.0 (Windows NT 10.0; Win64; x64) AppleWebKit/537.36 (KHTML, like Gecko) Chrome/120.0.0.0 Safari/537.36 Edg/120.0.0.0"
160.154.234.94 - - [10/Mar/2026:06:46:58 +0700] "GET /api/user HTTP/1.1" 500 578421 "-" "Mozilla/5.0 (Windows NT 10.0; Win64; x64) AppleWebKit/537.36 (KHTML, like Gecko) Chrome/118.0.0.0 Safari/537.36"
34.205.163.103 - - [10/Mar/2026:06:47:04 +0700] "GET /phpmyadmin/doc/html/setup.html HTTP/1.1" 200 22949 "-" "Mozilla/5.0 AppleWebKit/537.36 (KHTML, like Gecko; compatible; Amazonbot/0.1; +https://developer.amazon.com/support/amazonbot) Chrome/119.0.6045.214 Safari/537.36"
160.154.234.94 - - [10/Mar/2026:06:47:12 +0700] "GET /api/v1/secrets HTTP/1.1" 404 2135 "-" "Mozilla/5.0 (Windows NT 10.0; Win64; x64) AppleWebKit/537.36 (KHTML, like Gecko) Chrome/119.0.0.0 Safari/537.36"
160.154.234.94 - - [10/Mar/2026:06:47:13 +0700] "GET /metrics HTTP/1.1" 404 2135 "-" "Mozilla/5.0 (iPhone; CPU iPhone OS 17_0 like Mac OS X) AppleWebKit/605.1.15 (KHTML, like Gecko) Version/17.0 Mobile/15E148 Safari/604.1"
160.154.234.94 - - [10/Mar/2026:06:47:18 +0700] "GET /actuator/prometheus HTTP/1.1" 404 2135 "https://search.yahoo.com/" "Mozilla/5.0 (Macintosh; Intel Mac OS X 10_15_7) AppleWebKit/537.36 (KHTML, like Gecko) Chrome/119.0.0.0 Safari/537.36"
160.154.234.94 - - [10/Mar/2026:06:47:18 +0700] "GET /actuator/env HTTP/1.1" 404 2135 "-" "Mozilla/5.0 (Windows NT 10.0; Win64; x64) AppleWebKit/537.36 (KHTML, like Gecko) Chrome/120.0.0.0 Safari/537.36"
160.154.234.94 - - [10/Mar/2026:06:47:19 +0700] "GET /actuator/heapdump HTTP/1.1" 404 2135 "https://www.google.com/" "Mozilla/5.0 (Windows NT 10.0; Win64; x64) AppleWebKit/537.36 (KHTML, like Gecko) Chrome/120.0.0.0 Safari/537.36"
160.154.234.94 - - [10/Mar/2026:06:47:19 +0700] "GET /actuator/health HTTP/1.1" 404 2135 "-" "Mozilla/5.0 (iPhone; CPU iPhone OS 17_0 like Mac OS X) AppleWebKit/605.1.15 (KHTML, like Gecko) Version/17.0 Mobile/15E148 Safari/604.1"
160.154.234.94 - - [10/Mar/2026:06:47:19 +0700] "GET /env HTTP/1.1" 404 2135 "-" "Mozilla/5.0 (Windows NT 10.0; Win64; x64; rv:120.0) Gecko/20100101 Firefox/120.0"
160.154.234.94 - - [10/Mar/2026:06:47:20 +0700] "GET /heapdump HTTP/1.1" 404 2135 "-" "Mozilla/5.0 (Windows NT 10.0; Win64; x64; rv:120.0) Gecko/20100101 Firefox/120.0"
160.154.234.94 - - [10/Mar/2026:06:47:20 +0700] "GET /.git/config HTTP/1.1" 404 2135 "-" "Mozilla/5.0 (Windows NT 10.0; Win64; x64) AppleWebKit/537.36 (KHTML, like Gecko) Chrome/119.0.0.0 Safari/537.36"
160.154.234.94 - - [10/Mar/2026:06:47:20 +0700] "GET /.git/HEAD HTTP/1.1" 404 2135 "https://search.yahoo.com/" "Mozilla/5.0 (Windows NT 10.0; Win64; x64) AppleWebKit/537.36 (KHTML, like Gecko) Chrome/119.0.0.0 Safari/537.36"
198.244.240.36 - - [10/Mar/2026:06:47:43 +0700] "GET /public/uploads/post/mevabe40.jpg HTTP/1.1" 200 107501 "-" "Mozilla/5.0 (compatible; AhrefsBot/7.0; +http://ahrefs.com/robot/)"
160.154.234.94 - - [10/Mar/2026:06:48:07 +0700] "GET /api/datasources HTTP/1.1" 404 2135 "-" "Mozilla/5.0 (Macintosh; Intel Mac OS X 10.15; rv:120.0) Gecko/20100101 Firefox/120.0"
160.154.234.94 - - [10/Mar/2026:06:48:12 +0700] "GET /script HTTP/1.1" 404 2135 "https://duckduckgo.com/" "Mozilla/5.0 (Windows NT 10.0; Win64; x64) AppleWebKit/537.36 (KHTML, like Gecko) Chrome/120.0.0.0 Safari/537.36"
160.154.234.94 - - [10/Mar/2026:06:48:12 +0700] "GET /phpmyadmin/ HTTP/1.1" 404 2135 "-" "Mozilla/5.0 (iPhone; CPU iPhone OS 17_0 like Mac OS X) AppleWebKit/605.1.15 (KHTML, like Gecko) Version/17.0 Mobile/15E148 Safari/604.1"
160.154.234.94 - - [10/Mar/2026:06:48:13 +0700] "GET /pma/ HTTP/1.1" 404 2135 "https://duckduckgo.com/" "Mozilla/5.0 (Macintosh; Intel Mac OS X 10_15_7) AppleWebKit/605.1.15 (KHTML, like Gecko) Version/17.0 Safari/605.1.15"
160.154.234.94 - - [10/Mar/2026:06:48:13 +0700] "GET /index.php HTTP/1.1" 200 8050 "-" "Mozilla/5.0 (Windows NT 10.0; Win64; x64) AppleWebKit/537.36 (KHTML, like Gecko) Chrome/120.0.0.0 Safari/537.36 Edg/120.0.0.0"
160.154.234.94 - - [10/Mar/2026:06:48:17 +0700] "GET /admin HTTP/1.1" 404 133 "-" "Mozilla/5.0 (Macintosh; Intel Mac OS X 10.15; rv:121.0) Gecko/20100101 Firefox/121.0"
160.154.234.94 - - [10/Mar/2026:06:48:17 +0700] "GET /craft HTTP/1.1" 404 2135 "https://www.bing.com/" "Mozilla/5.0 (iPhone; CPU iPhone OS 17_0 like Mac OS X) AppleWebKit/605.1.15 (KHTML, like Gecko) Version/17.0 Mobile/15E148 Safari/604.1"
160.154.234.94 - - [10/Mar/2026:06:48:17 +0700] "GET / HTTP/1.1" 200 8040 "-" "Mozilla/5.0 (Macintosh; Intel Mac OS X 10.15; rv:120.0) Gecko/20100101 Firefox/120.0"
160.154.234.94 - - [10/Mar/2026:06:48:18 +0700] "GET /pnpm-lock.yaml HTTP/1.1" 404 2135 "-" "Mozilla/5.0 (Macintosh; Intel Mac OS X 10_15_7) AppleWebKit/537.36 (KHTML, like Gecko) Chrome/119.0.0.0 Safari/537.36"
160.154.234.94 - - [10/Mar/2026:06:48:18 +0700] "GET /pnpm-workspace.yaml HTTP/1.1" 404 2135 "-" "Mozilla/5.0 (Macintosh; Intel Mac OS X 10_15_7) AppleWebKit/537.36 (KHTML, like Gecko) Chrome/120.0.0.0 Safari/537.36"
160.154.234.94 - - [10/Mar/2026:06:48:18 +0700] "GET /node_modules/.pnpm/lock.yaml HTTP/1.1" 404 2135 "-" "Mozilla/5.0 (Macintosh; Intel Mac OS X 10.15; rv:120.0) Gecko/20100101 Firefox/120.0"
160.154.234.94 - - [10/Mar/2026:06:48:19 +0700] "GET /package.json HTTP/1.1" 200 239 "-" "Mozilla/5.0 (iPhone; CPU iPhone OS 17_0 like Mac OS X) AppleWebKit/605.1.15 (KHTML, like Gecko) Version/17.0 Mobile/15E148 Safari/604.1"
160.154.234.94 - - [10/Mar/2026:06:48:19 +0700] "GET /orchestrator/attributes?key=apiTokenSecret HTTP/1.1" 404 2135 "-" "Mozilla/5.0 (Macintosh; Intel Mac OS X 10_15_7) AppleWebKit/537.36 (KHTML, like Gecko) Chrome/119.0.0.0 Safari/537.36"
160.154.234.94 - - [10/Mar/2026:06:48:19 +0700] "GET /dashboard/api/attributes HTTP/1.1" 404 2135 "-" "Mozilla/5.0 (Windows NT 10.0; Win64; x64; rv:120.0) Gecko/20100101 Firefox/120.0"
160.154.234.94 - - [10/Mar/2026:06:48:20 +0700] "GET /api/v1/app/attributes HTTP/1.1" 404 2135 "-" "Mozilla/5.0 (Windows NT 10.0; Win64; x64; rv:120.0) Gecko/20100101 Firefox/120.0"
160.154.234.94 - - [10/Mar/2026:06:48:20 +0700] "GET /orchestrator/api/token HTTP/1.1" 404 2135 "-" "Mozilla/5.0 (Windows NT 10.0; Win64; x64) AppleWebKit/537.36 (KHTML, like Gecko) Chrome/119.0.0.0 Safari/537.36"
160.154.234.94 - - [10/Mar/2026:06:48:21 +0700] "GET /docs HTTP/1.1" 404 2135 "-" "Mozilla/5.0 (Macintosh; Intel Mac OS X 10.15; rv:120.0) Gecko/20100101 Firefox/120.0"
98.87.8.183 - - [10/Mar/2026:06:48:22 +0700] "GET / HTTP/1.1" 301 178 "-" "Mozilla/5.0 (Windows NT 10.0; Win64; x64) AppleWebKit/537.36 (KHTML, like Gecko) Chrome/83.0.4103.116 Safari/537.36"
98.87.8.183 - - [10/Mar/2026:06:48:23 +0700] "GET / HTTP/1.1" 200 16226 "-" "Mozilla/5.0 (Windows NT 10.0; Win64; x64) AppleWebKit/537.36 (KHTML, like Gecko) Chrome/83.0.4103.116 Safari/537.36"
98.87.8.183 - - [10/Mar/2026:06:48:23 +0700] "GET /public/frontend/css/bootstrap.min.css HTTP/1.1" 200 20299 "https://thammyviendd.com/" "Mozilla/5.0 (Windows NT 10.0; Win64; x64) AppleWebKit/537.36 (KHTML, like Gecko) Chrome/83.0.4103.116 Safari/537.36"
98.87.8.183 - - [10/Mar/2026:06:48:24 +0700] "GET /public/frontend/css/hotline.css HTTP/1.1" 200 1022 "https://thammyviendd.com/" "Mozilla/5.0 (Windows NT 10.0; Win64; x64) AppleWebKit/537.36 (KHTML, like Gecko) Chrome/83.0.4103.116 Safari/537.36"
98.87.8.183 - - [10/Mar/2026:06:48:24 +0700] "GET /public/frontend/css/animate.min.css HTTP/1.1" 200 2638 "https://thammyviendd.com/" "Mozilla/5.0 (Windows NT 10.0; Win64; x64) AppleWebKit/537.36 (KHTML, like Gecko) Chrome/83.0.4103.116 Safari/537.36"
98.87.8.183 - - [10/Mar/2026:06:48:24 +0700] "GET /public/frontend/css/sweetalert.css HTTP/1.1" 200 2407 "https://thammyviendd.com/" "Mozilla/5.0 (Windows NT 10.0; Win64; x64) AppleWebKit/537.36 (KHTML, like Gecko) Chrome/83.0.4103.116 Safari/537.36"
98.87.8.183 - - [10/Mar/2026:06:48:24 +0700] "GET /public/frontend/css/javascript-plugins-bundle.css HTTP/1.1" 200 21061 "https://thammyviendd.com/" "Mozilla/5.0 (Windows NT 10.0; Win64; x64) AppleWebKit/537.36 (KHTML, like Gecko) Chrome/83.0.4103.116 Safari/537.36"
98.87.8.183 - - [10/Mar/2026:06:48:24 +0700] "GET /public/frontend/js/menuzord/css/menuzord.css HTTP/1.1" 200 2858 "https://thammyviendd.com/" "Mozilla/5.0 (Windows NT 10.0; Win64; x64) AppleWebKit/537.36 (KHTML, like Gecko) Chrome/83.0.4103.116 Safari/537.36"
98.87.8.183 - - [10/Mar/2026:06:48:24 +0700] "GET /public/frontend/css/style-main.css HTTP/1.1" 200 79158 "https://thammyviendd.com/" "Mozilla/5.0 (Windows NT 10.0; Win64; x64) AppleWebKit/537.36 (KHTML, like Gecko) Chrome/83.0.4103.116 Safari/537.36"
98.87.8.183 - - [10/Mar/2026:06:48:24 +0700] "GET /public/frontend/css/menuzord-skins/menuzord-rounded-boxed.css HTTP/1.1" 200 614 "https://thammyviendd.com/" "Mozilla/5.0 (Windows NT 10.0; Win64; x64) AppleWebKit/537.36 (KHTML, like Gecko) Chrome/83.0.4103.116 Safari/537.36"
98.87.8.183 - - [10/Mar/2026:06:48:24 +0700] "GET /public/frontend/css/responsive.css HTTP/1.1" 200 756 "https://thammyviendd.com/" "Mozilla/5.0 (Windows NT 10.0; Win64; x64) AppleWebKit/537.36 (KHTML, like Gecko) Chrome/83.0.4103.116 Safari/537.36"
98.87.8.183 - - [10/Mar/2026:06:48:24 +0700] "GET /public/frontend/css/colors/theme-skin-color-set1.css HTTP/1.1" 200 12916 "https://thammyviendd.com/" "Mozilla/5.0 (Windows NT 10.0; Win64; x64) AppleWebKit/537.36 (KHTML, like Gecko) Chrome/83.0.4103.116 Safari/537.36"
98.87.8.183 - - [10/Mar/2026:06:48:24 +0700] "GET /public/frontend/js/revolution-slider/css/rs6.css HTTP/1.1" 200 12131 "https://thammyviendd.com/" "Mozilla/5.0 (Windows NT 10.0; Win64; x64) AppleWebKit/537.36 (KHTML, like Gecko) Chrome/83.0.4103.116 Safari/537.36"
98.87.8.183 - - [10/Mar/2026:06:48:24 +0700] "GET /public/frontend/js/revolution-slider/extra-rev-slider1.css HTTP/1.1" 200 1112 "https://thammyviendd.com/" "Mozilla/5.0 (Windows NT 10.0; Win64; x64) AppleWebKit/537.36 (KHTML, like Gecko) Chrome/83.0.4103.116 Safari/537.36"
98.87.8.183 - - [10/Mar/2026:06:48:24 +0700] "GET /public/frontend/js/jquery.js HTTP/1.1" 200 33824 "https://thammyviendd.com/" "Mozilla/5.0 (Windows NT 10.0; Win64; x64) AppleWebKit/537.36 (KHTML, like Gecko) Chrome/83.0.4103.116 Safari/537.36"
98.87.8.183 - - [10/Mar/2026:06:48:24 +0700] "GET /public/frontend/js/jquery.min.js HTTP/1.1" 200 29551 "https://thammyviendd.com/" "Mozilla/5.0 (Windows NT 10.0; Win64; x64) AppleWebKit/537.36 (KHTML, like Gecko) Chrome/83.0.4103.116 Safari/537.36"
98.87.8.183 - - [10/Mar/2026:06:48:24 +0700] "GET /public/frontend/js/popper.min.js HTTP/1.1" 200 6907 "https://thammyviendd.com/" "Mozilla/5.0 (Windows NT 10.0; Win64; x64) AppleWebKit/537.36 (KHTML, like Gecko) Chrome/83.0.4103.116 Safari/537.36"
98.87.8.183 - - [10/Mar/2026:06:48:24 +0700] "GET /public/frontend/js/bootstrap.min.js HTTP/1.1" 200 14080 "https://thammyviendd.com/" "Mozilla/5.0 (Windows NT 10.0; Win64; x64) AppleWebKit/537.36 (KHTML, like Gecko) Chrome/83.0.4103.116 Safari/537.36"
98.87.8.183 - - [10/Mar/2026:06:48:24 +0700] "GET /public/frontend/js/sweetalert.js HTTP/1.1" 200 8731 "https://thammyviendd.com/" "Mozilla/5.0 (Windows NT 10.0; Win64; x64) AppleWebKit/537.36 (KHTML, like Gecko) Chrome/83.0.4103.116 Safari/537.36"
98.87.8.183 - - [10/Mar/2026:06:48:25 +0700] "GET /public/frontend/js/menuzord/js/menuzord.js HTTP/1.1" 200 2267 "https://thammyviendd.com/" "Mozilla/5.0 (Windows NT 10.0; Win64; x64) AppleWebKit/537.36 (KHTML, like Gecko) Chrome/83.0.4103.116 Safari/537.36"
98.87.8.183 - - [10/Mar/2026:06:48:25 +0700] "GET /public/frontend/js/revolution-slider/js/revolution.tools.min.js HTTP/1.1" 200 52451 "https://thammyviendd.com/" "Mozilla/5.0 (Windows NT 10.0; Win64; x64) AppleWebKit/537.36 (KHTML, like Gecko) Chrome/83.0.4103.116 Safari/537.36"
98.87.8.183 - - [10/Mar/2026:06:48:25 +0700] "GET /public/frontend/js/revolution-slider/js/rs6.min.js HTTP/1.1" 200 73543 "https://thammyviendd.com/" "Mozilla/5.0 (Windows NT 10.0; Win64; x64) AppleWebKit/537.36 (KHTML, like Gecko) Chrome/83.0.4103.116 Safari/537.36"
98.87.8.183 - - [10/Mar/2026:06:48:25 +0700] "GET /public/frontend/js/javascript-plugins-bundle.js HTTP/1.1" 200 202826 "https://thammyviendd.com/" "Mozilla/5.0 (Windows NT 10.0; Win64; x64) AppleWebKit/537.36 (KHTML, like Gecko) Chrome/83.0.4103.116 Safari/537.36"
98.87.8.183 - - [10/Mar/2026:06:48:25 +0700] "GET /public/frontend/css/preloader.css HTTP/1.1" 200 7325 "https://thammyviendd.com/public/frontend/css/style-main.css" "Mozilla/5.0 (Windows NT 10.0; Win64; x64) AppleWebKit/537.36 (KHTML, like Gecko) Chrome/83.0.4103.116 Safari/537.36"
98.87.8.183 - - [10/Mar/2026:06:48:25 +0700] "GET /public/frontend/js/revolution-slider/extra-rev-slider1.js HTTP/1.1" 200 1016 "https://thammyviendd.com/" "Mozilla/5.0 (Windows NT 10.0; Win64; x64) AppleWebKit/537.36 (KHTML, like Gecko) Chrome/83.0.4103.116 Safari/537.36"
98.87.8.183 - - [10/Mar/2026:06:48:25 +0700] "GET /public/frontend/css/font-awesome5.css HTTP/1.1" 200 13319 "https://thammyviendd.com/public/frontend/css/style-main.css" "Mozilla/5.0 (Windows NT 10.0; Win64; x64) AppleWebKit/537.36 (KHTML, like Gecko) Chrome/83.0.4103.116 Safari/537.36"
160.154.234.94 - - [10/Mar/2026:06:48:26 +0700] "GET /redoc HTTP/1.1" 404 2135 "-" "Mozilla/5.0 (Macintosh; Intel Mac OS X 10.15; rv:120.0) Gecko/20100101 Firefox/120.0"
98.87.8.183 - - [10/Mar/2026:06:48:26 +0700] "GET /public/frontend/css/pe-icon-7-stroke.css HTTP/1.1" 200 1875 "https://thammyviendd.com/public/frontend/css/style-main.css" "Mozilla/5.0 (Windows NT 10.0; Win64; x64) AppleWebKit/537.36 (KHTML, like Gecko) Chrome/83.0.4103.116 Safari/537.36"
98.87.8.183 - - [10/Mar/2026:06:48:26 +0700] "GET /public/frontend/css/elegant-icons.css HTTP/1.1" 200 4656 "https://thammyviendd.com/public/frontend/css/style-main.css" "Mozilla/5.0 (Windows NT 10.0; Win64; x64) AppleWebKit/537.36 (KHTML, like Gecko) Chrome/83.0.4103.116 Safari/537.36"
98.87.8.183 - - [10/Mar/2026:06:48:26 +0700] "GET /public/frontend/css/icomoon.css HTTP/1.1" 200 3152 "https://thammyviendd.com/public/frontend/css/style-main.css" "Mozilla/5.0 (Windows NT 10.0; Win64; x64) AppleWebKit/537.36 (KHTML, like Gecko) Chrome/83.0.4103.116 Safari/537.36"
160.154.234.94 - - [10/Mar/2026:06:48:26 +0700] "GET /openapi.json HTTP/1.1" 404 2135 "-" "Mozilla/5.0 (Windows NT 10.0; Win64; x64) AppleWebKit/537.36 (KHTML, like Gecko) Chrome/118.0.0.0 Safari/537.36"
98.87.8.183 - - [10/Mar/2026:06:48:26 +0700] "GET /public/frontend/css/flaticon-set-contact.css HTTP/1.1" 200 792 "https://thammyviendd.com/public/frontend/css/style-main.css" "Mozilla/5.0 (Windows NT 10.0; Win64; x64) AppleWebKit/537.36 (KHTML, like Gecko) Chrome/83.0.4103.116 Safari/537.36"
98.87.8.183 - - [10/Mar/2026:06:48:26 +0700] "GET /public/frontend/css/flaticon-set-current-theme.css HTTP/1.1" 200 2169 "https://thammyviendd.com/public/frontend/css/style-main.css" "Mozilla/5.0 (Windows NT 10.0; Win64; x64) AppleWebKit/537.36 (KHTML, like Gecko) Chrome/83.0.4103.116 Safari/537.36"
160.154.234.94 - - [10/Mar/2026:06:48:27 +0700] "GET /api/docs HTTP/1.1" 404 194 "https://search.yahoo.com/" "Mozilla/5.0 (Macintosh; Intel Mac OS X 10_15_7) AppleWebKit/537.36 (KHTML, like Gecko) Chrome/119.0.0.0 Safari/537.36"
98.87.8.183 - - [10/Mar/2026:06:48:27 +0700] "GET /public/uploads/contact/logodd8.png HTTP/1.1" 200 25795 "https://thammyviendd.com/" "Mozilla/5.0 (Windows NT 10.0; Win64; x64) AppleWebKit/537.36 (KHTML, like Gecko) Chrome/83.0.4103.116 Safari/537.36"
98.87.8.183 - - [10/Mar/2026:06:48:27 +0700] "GET /public/frontend/js/custom.js HTTP/1.1" 200 21753 "https://thammyviendd.com/" "Mozilla/5.0 (Windows NT 10.0; Win64; x64) AppleWebKit/537.36 (KHTML, like Gecko) Chrome/83.0.4103.116 Safari/537.36"
98.87.8.183 - - [10/Mar/2026:06:48:27 +0700] "GET /public/frontend/js/main.js HTTP/1.1" 200 3983 "https://thammyviendd.com/" "Mozilla/5.0 (Windows NT 10.0; Win64; x64) AppleWebKit/537.36 (KHTML, like Gecko) Chrome/83.0.4103.116 Safari/537.36"
98.87.8.183 - - [10/Mar/2026:06:48:27 +0700] "GET /public/frontend/images/shopping-cart.png HTTP/1.1" 200 1664 "https://thammyviendd.com/" "Mozilla/5.0 (Windows NT 10.0; Win64; x64) AppleWebKit/537.36 (KHTML, like Gecko) Chrome/83.0.4103.116 Safari/537.36"
98.87.8.183 - - [10/Mar/2026:06:48:27 +0700] "GET /public/uploads/post/PT%20n%C3%A2ng%20m%C5%A9i%20v%C3%A0%20qu%C3%A1%20tr%C3%ACnh%20ph%E1%BB%A5c%20h%E1%BB%93i34.png HTTP/1.1" 200 627826 "https://thammyviendd.com/" "Mozilla/5.0 (Windows NT 10.0; Win64; x64) AppleWebKit/537.36 (KHTML, like Gecko) Chrome/83.0.4103.116 Safari/537.36"
98.87.8.183 - - [10/Mar/2026:06:48:28 +0700] "GET /public/frontend/fonts/fontawesome5//fa-solid-900.woff2 HTTP/1.1" 200 80148 "https://thammyviendd.com/public/frontend/css/font-awesome5.css" "Mozilla/5.0 (Windows NT 10.0; Win64; x64) AppleWebKit/537.36 (KHTML, like Gecko) Chrome/83.0.4103.116 Safari/537.36"
160.154.234.94 - - [10/Mar/2026:06:48:28 +0700] "GET /Web.config HTTP/1.1" 404 2135 "-" "Mozilla/5.0 (Macintosh; Intel Mac OS X 10_15_7) AppleWebKit/537.36 (KHTML, like Gecko) Chrome/120.0.0.0 Safari/537.36"
98.87.8.183 - - [10/Mar/2026:06:48:28 +0700] "GET /public/frontend/fonts/fontawesome5//fa-brands-400.woff2 HTTP/1.1" 200 77400 "https://thammyviendd.com/public/frontend/css/font-awesome5.css" "Mozilla/5.0 (Windows NT 10.0; Win64; x64) AppleWebKit/537.36 (KHTML, like Gecko) Chrome/83.0.4103.116 Safari/537.36"
98.87.8.183 - - [10/Mar/2026:06:48:28 +0700] "GET /public/uploads/post/BA175.png HTTP/1.1" 200 448913 "https://thammyviendd.com/" "Mozilla/5.0 (Windows NT 10.0; Win64; x64) AppleWebKit/537.36 (KHTML, like Gecko) Chrome/83.0.4103.116 Safari/537.36"
98.87.8.183 - - [10/Mar/2026:06:48:28 +0700] "GET /public/frontend/fonts/fontawesome5//fa-regular-400.woff2 HTTP/1.1" 200 13600 "https://thammyviendd.com/public/frontend/css/font-awesome5.css" "Mozilla/5.0 (Windows NT 10.0; Win64; x64) AppleWebKit/537.36 (KHTML, like Gecko) Chrome/83.0.4103.116 Safari/537.36"
160.154.234.94 - - [10/Mar/2026:06:48:28 +0700] "GET /appsettings.json HTTP/1.1" 404 2135 "https://www.bing.com/" "Mozilla/5.0 (Windows NT 10.0; Win64; x64) AppleWebKit/537.36 (KHTML, like Gecko) Chrome/119.0.0.0 Safari/537.36"
98.87.8.183 - - [10/Mar/2026:06:48:28 +0700] "GET /public/frontend/images/phone-icon.png HTTP/1.1" 200 1663 "https://thammyviendd.com/" "Mozilla/5.0 (Windows NT 10.0; Win64; x64) AppleWebKit/537.36 (KHTML, like Gecko) Chrome/83.0.4103.116 Safari/537.36"
160.154.234.94 - - [10/Mar/2026:06:48:28 +0700] "GET /appsettings.Development.json HTTP/1.1" 404 2135 "https://duckduckgo.com/" "Mozilla/5.0 (Windows NT 10.0; Win64; x64) AppleWebKit/537.36 (KHTML, like Gecko) Chrome/118.0.0.0 Safari/537.36"
160.154.234.94 - - [10/Mar/2026:06:48:29 +0700] "GET /appsettings.Production.json HTTP/1.1" 404 2135 "-" "Mozilla/5.0 (Windows NT 10.0; Win64; x64) AppleWebKit/537.36 (KHTML, like Gecko) Chrome/119.0.0.0 Safari/537.36"
98.87.8.183 - - [10/Mar/2026:06:48:29 +0700] "GET /public/uploads/post/Asset%2051@2x5.png HTTP/1.1" 200 88970 "https://thammyviendd.com/" "Mozilla/5.0 (Windows NT 10.0; Win64; x64) AppleWebKit/537.36 (KHTML, like Gecko) Chrome/83.0.4103.116 Safari/537.36"
98.87.8.183 - - [10/Mar/2026:06:48:29 +0700] "GET /public/uploads/post/chin35.png HTTP/1.1" 200 15575 "https://thammyviendd.com/" "Mozilla/5.0 (Windows NT 10.0; Win64; x64) AppleWebKit/537.36 (KHTML, like Gecko) Chrome/83.0.4103.116 Safari/537.36"
98.87.8.183 - - [10/Mar/2026:06:48:29 +0700] "GET /public/uploads/post/Asset%202_1@2x70.png HTTP/1.1" 200 107249 "https://thammyviendd.com/" "Mozilla/5.0 (Windows NT 10.0; Win64; x64) AppleWebKit/537.36 (KHTML, like Gecko) Chrome/83.0.4103.116 Safari/537.36"
98.87.8.183 - - [10/Mar/2026:06:48:29 +0700] "GET /public/uploads/post/Asset5@2x63.png HTTP/1.1" 200 72291 "https://thammyviendd.com/" "Mozilla/5.0 (Windows NT 10.0; Win64; x64) AppleWebKit/537.36 (KHTML, like Gecko) Chrome/83.0.4103.116 Safari/537.36"
98.87.8.183 - - [10/Mar/2026:06:48:29 +0700] "GET /public/uploads/post/Asset%207@2x29.png HTTP/1.1" 200 45415 "https://thammyviendd.com/" "Mozilla/5.0 (Windows NT 10.0; Win64; x64) AppleWebKit/537.36 (KHTML, like Gecko) Chrome/83.0.4103.116 Safari/537.36"
160.154.234.94 - - [10/Mar/2026:06:48:29 +0700] "GET /.env HTTP/1.1" 200 1447 "-" "Mozilla/5.0 (iPhone; CPU iPhone OS 17_0 like Mac OS X) AppleWebKit/605.1.15 (KHTML, like Gecko) Version/17.0 Mobile/15E148 Safari/604.1"
98.87.8.183 - - [10/Mar/2026:06:48:29 +0700] "GET /public/uploads/post/Asset%204@2x12.png HTTP/1.1" 200 62758 "https://thammyviendd.com/" "Mozilla/5.0 (Windows NT 10.0; Win64; x64) AppleWebKit/537.36 (KHTML, like Gecko) Chrome/83.0.4103.116 Safari/537.36"
98.87.8.183 - - [10/Mar/2026:06:48:29 +0700] "GET /public/uploads/post/z4881573985228_84687726821677e7cc010f7a9f41a61e74.jpg HTTP/1.1" 200 91547 "https://thammyviendd.com/" "Mozilla/5.0 (Windows NT 10.0; Win64; x64) AppleWebKit/537.36 (KHTML, like Gecko) Chrome/83.0.4103.116 Safari/537.36"
98.87.8.183 - - [10/Mar/2026:06:48:29 +0700] "GET /public/uploads/post/Home89.png HTTP/1.1" 200 657606 "https://thammyviendd.com/" "Mozilla/5.0 (Windows NT 10.0; Win64; x64) AppleWebKit/537.36 (KHTML, like Gecko) Chrome/83.0.4103.116 Safari/537.36"
160.154.234.94 - - [10/Mar/2026:06:48:30 +0700] "GET / HTTP/1.1" 200 8036 "https://www.google.com/" "Mozilla/5.0 (iPhone; CPU iPhone OS 17_0 like Mac OS X) AppleWebKit/605.1.15 (KHTML, like Gecko) Version/17.0 Mobile/15E148 Safari/604.1"
98.87.8.183 - - [10/Mar/2026:06:48:30 +0700] "GET /public/uploads/post/C%C3%A1c%20B%C6%B0%E1%BB%9Bc%20Ch%C4%83m%20S%C3%B3c%20Sau%20Ph%E1%BA%ABu%20Thu%E1%BA%ADt%20M%C3%AD%20M%E1%BA%AFt%20%C4%90%E1%BB%83%20Gi%E1%BA%A3m%20S%C6%B0ng%20v%C3%A0%20Nhanh%20L%C3%A0nh%20(1)64.png HTTP/1.1" 200 373542 "https://thammyviendd.com/" "Mozilla/5.0 (Windows NT 10.0; Win64; x64) AppleWebKit/537.36 (KHTML, like Gecko) Chrome/83.0.4103.116 Safari/537.36"
160.154.234.94 - - [10/Mar/2026:06:48:30 +0700] "GET /a3factura-app/ HTTP/1.1" 404 2135 "https://www.google.com/" "Mozilla/5.0 (Windows NT 10.0; Win64; x64) AppleWebKit/537.36 (KHTML, like Gecko) Chrome/120.0.0.0 Safari/537.36 Edg/120.0.0.0"
98.87.8.183 - - [10/Mar/2026:06:48:30 +0700] "GET /public/uploads/post/h%C3%ACnh-%E1%BA%A3nh-tr%C6%B0%E1%BB%9Bc-v%C3%A0-sau-khi-th%E1%BB%B1c-hi%E1%BB%87n-m%E1%BB%9F-r%E1%BB%99ng-g%C3%B3c-m%E1%BA%AFt-249.jpg HTTP/1.1" 200 92729 "https://thammyviendd.com/" "Mozilla/5.0 (Windows NT 10.0; Win64; x64) AppleWebKit/537.36 (KHTML, like Gecko) Chrome/83.0.4103.116 Safari/537.36"
98.87.8.183 - - [10/Mar/2026:06:48:30 +0700] "GET /public/frontend/images/bg/bg1.jpg HTTP/1.1" 200 702336 "https://thammyviendd.com/" "Mozilla/5.0 (Windows NT 10.0; Win64; x64) AppleWebKit/537.36 (KHTML, like Gecko) Chrome/83.0.4103.116 Safari/537.36"
98.87.8.183 - - [10/Mar/2026:06:48:30 +0700] "GET /public/uploads/post/Ba%CC%89n%20sao%20cu%CC%89a%20Beige%20Simple%20Minimalist%20Armpit%20Waxing%20Instagram%20Post%20(3)45.png HTTP/1.1" 200 664678 "https://thammyviendd.com/" "Mozilla/5.0 (Windows NT 10.0; Win64; x64) AppleWebKit/537.36 (KHTML, like Gecko) Chrome/83.0.4103.116 Safari/537.36"
98.87.8.183 - - [10/Mar/2026:06:48:30 +0700] "GET /public/uploads/post/hi%CC%80nh-a%CC%89nh-tru%CC%9Bo%CC%9B%CC%81c-va%CC%80-sau-khi-na%CC%82ng-cung-cha%CC%82n-ma%CC%80y73.jpeg HTTP/1.1" 200 422017 "https://thammyviendd.com/" "Mozilla/5.0 (Windows NT 10.0; Win64; x64) AppleWebKit/537.36 (KHTML, like Gecko) Chrome/83.0.4103.116 Safari/537.36"
160.154.234.94 - - [10/Mar/2026:06:48:30 +0700] "GET /a3factura/ HTTP/1.1" 404 2135 "-" "Mozilla/5.0 (Macintosh; Intel Mac OS X 10_15_7) AppleWebKit/605.1.15 (KHTML, like Gecko) Version/17.0 Safari/605.1.15"
98.87.8.183 - - [10/Mar/2026:06:48:30 +0700] "GET /public/uploads/post/Beige%20Minimalist%20Skincare%20Before%20and%20After%20Instagram%20Post%20(2)53.png HTTP/1.1" 200 548416 "https://thammyviendd.com/" "Mozilla/5.0 (Windows NT 10.0; Win64; x64) AppleWebKit/537.36 (KHTML, like Gecko) Chrome/83.0.4103.116 Safari/537.36"
160.154.234.94 - - [10/Mar/2026:06:48:31 +0700] "GET /a3factura/index.html HTTP/1.1" 404 2135 "-" "Mozilla/5.0 (Windows NT 10.0; Win64; x64) AppleWebKit/537.36 (KHTML, like Gecko) Chrome/118.0.0.0 Safari/537.36"
98.87.8.183 - - [10/Mar/2026:06:48:31 +0700] "GET /public/uploads/post/Ths99.png HTTP/1.1" 200 476152 "https://thammyviendd.com/" "Mozilla/5.0 (Windows NT 10.0; Win64; x64) AppleWebKit/537.36 (KHTML, like Gecko) Chrome/83.0.4103.116 Safari/537.36"
98.87.8.183 - - [10/Mar/2026:06:48:31 +0700] "GET /public/uploads/post/Quy%20tr%C3%ACnh%20tr%C6%B0%E1%BB%9Bc%20trong%20v%C3%A0%20sau%20PT%20n%C3%A2ng%20m%C5%A9i97.PNG HTTP/1.1" 200 627476 "https://thammyviendd.com/" "Mozilla/5.0 (Windows NT 10.0; Win64; x64) AppleWebKit/537.36 (KHTML, like Gecko) Chrome/83.0.4103.116 Safari/537.36"
160.154.234.94 - - [10/Mar/2026:06:48:31 +0700] "GET /p/i/?a=rss HTTP/1.1" 404 2135 "-" "Mozilla/5.0 (Macintosh; Intel Mac OS X 10_15_7) AppleWebKit/537.36 (KHTML, like Gecko) Chrome/120.0.0.0 Safari/537.36"
98.87.8.183 - - [10/Mar/2026:06:48:31 +0700] "GET /public/uploads/post/Ch%C4%83m%20S%C3%B3c%20Sau%20Ph%E1%BA%ABu%20Thu%E1%BA%ADt%20N%C3%A2ng%20M%C5%A9i%20Nh%E1%BB%AFng%20%C4%90i%E1%BB%81u%20C%E1%BA%A7n%20L%C6%B0u%20%C3%9D%20%C4%90%E1%BB%83%20Duy%20Tr%C3%AC%20D%C3%A1ng%20M%C5%A9i43.png HTTP/1.1" 200 555088 "https://thammyviendd.com/" "Mozilla/5.0 (Windows NT 10.0; Win64; x64) AppleWebKit/537.36 (KHTML, like Gecko) Chrome/83.0.4103.116 Safari/537.36"
160.154.234.94 - - [10/Mar/2026:06:48:31 +0700] "GET /api/greader.php HTTP/1.1" 404 133 "-" "Mozilla/5.0 (Windows NT 10.0; Win64; x64; rv:121.0) Gecko/20100101 Firefox/121.0"
98.87.8.183 - - [10/Mar/2026:06:48:31 +0700] "GET /public/uploads/post/qu%C3%A1%20tr%C3%ACnh%20ph%E1%BB%A5c%20h%E1%BB%93i%20sau%20n%C3%A2ng%20m%C5%A9i73.png HTTP/1.1" 200 446598 "https://thammyviendd.com/" "Mozilla/5.0 (Windows NT 10.0; Win64; x64) AppleWebKit/537.36 (KHTML, like Gecko) Chrome/83.0.4103.116 Safari/537.36"
160.154.234.94 - - [10/Mar/2026:06:48:32 +0700] "GET /api/fever.php HTTP/1.1" 404 194 "https://duckduckgo.com/" "Mozilla/5.0 (Macintosh; Intel Mac OS X 10_15_7) AppleWebKit/537.36 (KHTML, like Gecko) Chrome/119.0.0.0 Safari/537.36"
160.154.234.94 - - [10/Mar/2026:06:48:32 +0700] "GET /api/fever.php?api HTTP/1.1" 404 194 "-" "Mozilla/5.0 (Windows NT 10.0; Win64; x64) AppleWebKit/537.36 (KHTML, like Gecko) Chrome/120.0.0.0 Safari/537.36 Edg/120.0.0.0"
98.87.8.183 - - [10/Mar/2026:06:48:32 +0700] "GET /public/uploads/post/Video%20%C4%90o%CC%82%CC%80%20ho%CC%A3a%20Tho%CC%82ng%20tin%20So%20sa%CC%81nh%20Du%CC%9B%CC%83%20lie%CC%A3%CC%82u%20Ma%CC%80u%20Va%CC%80ng%20nha%CC%A3t%20Va%CC%80ng%20Phong%20ca%CC%81ch%20Minh%20ho%CC%A3a%202D80.PNG HTTP/1.1" 200 154494 "https://thammyviendd.com/" "Mozilla/5.0 (Windows NT 10.0; Win64; x64) AppleWebKit/537.36 (KHTML, like Gecko) Chrome/83.0.4103.116 Safari/537.36"
160.154.234.94 - - [10/Mar/2026:06:48:32 +0700] "GET /simplesaml/ HTTP/1.1" 404 2135 "-" "Mozilla/5.0 (Windows NT 10.0; Win64; x64; rv:120.0) Gecko/20100101 Firefox/120.0"
160.154.234.94 - - [10/Mar/2026:06:48:33 +0700] "GET /simplesaml/module.php HTTP/1.1" 404 133 "-" "Mozilla/5.0 (Windows NT 10.0; Win64; x64; rv:121.0) Gecko/20100101 Firefox/121.0"
160.154.234.94 - - [10/Mar/2026:06:48:33 +0700] "GET /simplesaml/saml2/idp/SSOService.php HTTP/1.1" 404 194 "-" "Mozilla/5.0 (Macintosh; Intel Mac OS X 10_15_7) AppleWebKit/537.36 (KHTML, like Gecko) Chrome/120.0.0.0 Safari/537.36"
98.87.8.183 - - [10/Mar/2026:06:48:33 +0700] "GET /public/uploads/post/Beige%20Simple%20Minimalist%20Armpit%20Waxing%20Instagram%20Post%20(3)59.png HTTP/1.1" 200 626903 "https://thammyviendd.com/" "Mozilla/5.0 (Windows NT 10.0; Win64; x64) AppleWebKit/537.36 (KHTML, like Gecko) Chrome/83.0.4103.116 Safari/537.36"
160.154.234.94 - - [10/Mar/2026:06:48:33 +0700] "GET /api/v1/info HTTP/1.1" 404 2135 "-" "Mozilla/5.0 (Windows NT 10.0; Win64; x64; rv:120.0) Gecko/20100101 Firefox/120.0"
98.87.8.183 - - [10/Mar/2026:06:48:33 +0700] "GET /public/uploads/post/nang-mui-boxc-sun-mai-go58.jpg HTTP/1.1" 200 451233 "https://thammyviendd.com/" "Mozilla/5.0 (Windows NT 10.0; Win64; x64) AppleWebKit/537.36 (KHTML, like Gecko) Chrome/83.0.4103.116 Safari/537.36"
98.87.8.183 - - [10/Mar/2026:06:48:34 +0700] "GET /public/uploads/post/nang-mui-boxc-sun-mai-go75.jpg HTTP/1.1" 200 451233 "https://thammyviendd.com/" "Mozilla/5.0 (Windows NT 10.0; Win64; x64) AppleWebKit/537.36 (KHTML, like Gecko) Chrome/83.0.4103.116 Safari/537.36"
160.154.234.94 - - [10/Mar/2026:06:48:34 +0700] "GET /api/info HTTP/1.1" 404 2135 "-" "Mozilla/5.0 (Windows NT 10.0; Win64; x64) AppleWebKit/537.36 (KHTML, like Gecko) Chrome/120.0.0.0 Safari/537.36"
98.87.8.183 - - [10/Mar/2026:06:48:34 +0700] "GET /public/uploads/post/Ch%C6%B0a%20c%C3%B3%20t%C3%AAn%20(700%20x%20450%20px)96.png HTTP/1.1" 200 256148 "https://thammyviendd.com/" "Mozilla/5.0 (Windows NT 10.0; Win64; x64) AppleWebKit/537.36 (KHTML, like Gecko) Chrome/83.0.4103.116 Safari/537.36"
160.154.234.94 - - [10/Mar/2026:06:48:34 +0700] "GET /socket.io/ HTTP/1.1" 404 2135 "-" "Mozilla/5.0 (Macintosh; Intel Mac OS X 10_15_7) AppleWebKit/605.1.15 (KHTML, like Gecko) Version/17.0 Safari/605.1.15"
98.87.8.183 - - [10/Mar/2026:06:48:34 +0700] "GET /public/uploads/post/Screenshot%202023-09-08%20at%200982.png HTTP/1.1" 200 699626 "https://thammyviendd.com/" "Mozilla/5.0 (Windows NT 10.0; Win64; x64) AppleWebKit/537.36 (KHTML, like Gecko) Chrome/83.0.4103.116 Safari/537.36"
98.87.8.183 - - [10/Mar/2026:06:48:34 +0700] "GET /public/uploads/post/341.png HTTP/1.1" 200 953943 "https://thammyviendd.com/" "Mozilla/5.0 (Windows NT 10.0; Win64; x64) AppleWebKit/537.36 (KHTML, like Gecko) Chrome/83.0.4103.116 Safari/537.36"
98.87.8.183 - - [10/Mar/2026:06:48:35 +0700] "GET /public/uploads/post/B%E1%BA%A3n%20sao%20c%E1%BB%A7a%20B%E1%BA%A3n%20sao%20c%E1%BB%A7a%20BEFORE%20AFTER%20VU%C3%94NG56.jpg HTTP/1.1" 200 132536 "https://thammyviendd.com/" "Mozilla/5.0 (Windows NT 10.0; Win64; x64) AppleWebKit/537.36 (KHTML, like Gecko) Chrome/83.0.4103.116 Safari/537.36"
98.87.8.183 - - [10/Mar/2026:06:48:35 +0700] "GET /public/frontend/images/title-icon.png HTTP/1.1" 200 762 "https://thammyviendd.com/public/frontend/css/style-main.css" "Mozilla/5.0 (Windows NT 10.0; Win64; x64) AppleWebKit/537.36 (KHTML, like Gecko) Chrome/83.0.4103.116 Safari/537.36"
98.87.8.183 - - [10/Mar/2026:06:48:35 +0700] "GET /public/frontend/images/side-push-bg.jpg HTTP/1.1" 200 5512 "https://thammyviendd.com/" "Mozilla/5.0 (Windows NT 10.0; Win64; x64) AppleWebKit/537.36 (KHTML, like Gecko) Chrome/83.0.4103.116 Safari/537.36"
98.87.8.183 - - [10/Mar/2026:06:48:35 +0700] "GET /public/frontend/images/pattern/p4.png HTTP/1.1" 200 1957 "https://thammyviendd.com/" "Mozilla/5.0 (Windows NT 10.0; Win64; x64) AppleWebKit/537.36 (KHTML, like Gecko) Chrome/83.0.4103.116 Safari/537.36"
160.154.234.94 - - [10/Mar/2026:06:48:35 +0700] "GET /api/contents HTTP/1.1" 404 2135 "-" "Mozilla/5.0 (Windows NT 10.0; Win64; x64) AppleWebKit/537.36 (KHTML, like Gecko) Chrome/118.0.0.0 Safari/537.36"
160.154.234.94 - - [10/Mar/2026:06:48:36 +0700] "GET /api/kernels HTTP/1.1" 404 2135 "-" "Mozilla/5.0 (iPhone; CPU iPhone OS 17_0 like Mac OS X) AppleWebKit/605.1.15 (KHTML, like Gecko) Version/17.0 Mobile/15E148 Safari/604.1"
160.154.234.94 - - [10/Mar/2026:06:48:36 +0700] "GET /api/sessions HTTP/1.1" 404 2135 "-" "Mozilla/5.0 (Macintosh; Intel Mac OS X 10.15; rv:120.0) Gecko/20100101 Firefox/120.0"
160.154.234.94 - - [10/Mar/2026:06:48:36 +0700] "GET /api/status HTTP/1.1" 404 2135 "-" "Mozilla/5.0 (Macintosh; Intel Mac OS X 10_15_7) AppleWebKit/537.36 (KHTML, like Gecko) Chrome/120.0.0.0 Safari/537.36"
160.154.234.94 - - [10/Mar/2026:06:48:37 +0700] "GET /jupyter/ HTTP/1.1" 404 2135 "-" "Mozilla/5.0 (Windows NT 10.0; Win64; x64) AppleWebKit/537.36 (KHTML, like Gecko) Chrome/118.0.0.0 Safari/537.36"
160.154.234.94 - - [10/Mar/2026:06:48:37 +0700] "GET /.env HTTP/1.1" 200 1447 "https://duckduckgo.com/" "Mozilla/5.0 (Windows NT 10.0; Win64; x64) AppleWebKit/537.36 (KHTML, like Gecko) Chrome/119.0.0.0 Safari/537.36"
43.157.181.189 - - [10/Mar/2026:06:48:47 +0700] "GET / HTTP/1.1" 404 133 "-" "Mozilla/5.0 (iPhone; CPU iPhone OS 13_2_3 like Mac OS X) AppleWebKit/605.1.15 (KHTML, like Gecko) Version/13.0.3 Mobile/15E148 Safari/604.1"
145.223.108.165 - - [10/Mar/2026:06:50:11 +0700] "GET /.env HTTP/1.1" 206 1461 "-" "Mozilla/5.0 (Macintosh; Intel Mac OS X 10_15_7) AppleWebKit/537.36 (KHTML, like Gecko) Chrome/91.0.4472.124 Safari/537.36"
152.32.146.121 - - [10/Mar/2026:06:50:23 +0700] "GET / HTTP/1.1" 200 16230 "-" "python-requests/2.32.5"
152.32.146.121 - - [10/Mar/2026:06:50:31 +0700] "GET /public/frontend/js/jquery.min.js.map HTTP/1.1" 404 2135 "-" "python-requests/2.32.5"
152.32.146.121 - - [10/Mar/2026:06:50:33 +0700] "GET /public/frontend/js/sweetalert.js HTTP/1.1" 200 8731 "-" "python-requests/2.32.5"
152.32.146.121 - - [10/Mar/2026:06:51:50 +0700] "GET /public/frontend/js/javascript-plugins-bundle.js.map HTTP/1.1" 404 2135 "-" "python-requests/2.32.5"
152.32.146.121 - - [10/Mar/2026:06:51:52 +0700] "GET /public/frontend/js/revolution-slider/js/rs6.min.js.map HTTP/1.1" 404 2135 "-" "python-requests/2.32.5"
152.32.146.121 - - [10/Mar/2026:06:51:53 +0700] "GET /public/frontend/js/popper.min.js.map HTTP/1.1" 404 2135 "-" "python-requests/2.32.5"
152.32.146.121 - - [10/Mar/2026:06:51:55 +0700] "GET /public/frontend/js/custom.js.map HTTP/1.1" 404 2135 "-" "python-requests/2.32.5"
152.32.146.121 - - [10/Mar/2026:06:51:56 +0700] "GET /public/frontend/js/revolution-slider/js/revolution.tools.min.js HTTP/1.1" 200 52451 "-" "python-requests/2.32.5"
185.16.39.146 - - [10/Mar/2026:06:51:57 +0700] "GET / HTTP/1.1" 404 162 "-" "Mozilla/5.0"
152.32.146.121 - - [10/Mar/2026:06:52:13 +0700] "GET /public/frontend/js/revolution-slider/extra-rev-slider1.js.map HTTP/1.1" 404 2135 "-" "python-requests/2.32.5"
152.32.146.121 - - [10/Mar/2026:06:52:16 +0700] "GET /public/frontend/js/main.js.map HTTP/1.1" 404 2135 "-" "python-requests/2.32.5"
152.32.146.121 - - [10/Mar/2026:06:52:19 +0700] "GET /public/frontend/js/custom.js HTTP/1.1" 200 21753 "-" "python-requests/2.32.5"
137.184.189.213 - - [10/Mar/2026:06:52:24 +0700] "GET /wp-login.php HTTP/1.1" 404 194 "-" "Mozilla/5.0 (Windows NT 10.0; Win64; x64) AppleWebKit/537.36 (KHTML, like Gecko) Chrome/120.0.0.0 Safari/537.36"
152.32.146.121 - - [10/Mar/2026:06:52:31 +0700] "GET /public/frontend/js/jquery.js HTTP/1.1" 200 33824 "-" "python-requests/2.32.5"
198.244.226.103 - - [10/Mar/2026:06:52:51 +0700] "GET /bai-viet/ear-cartilage-wrapped-rhinoplasty HTTP/1.1" 200 14331 "-" "Mozilla/5.0 (compatible; AhrefsBot/7.0; +http://ahrefs.com/robot/)"
152.32.146.121 - - [10/Mar/2026:06:52:56 +0700] "GET /public/frontend/js/jquery.min.js HTTP/1.1" 200 29551 "-" "python-requests/2.32.5"
152.32.146.121 - - [10/Mar/2026:06:53:32 +0700] "GET /public/frontend/js/menuzord/js/menuzord.js HTTP/1.1" 200 2267 "-" "python-requests/2.32.5"
216.73.216.130 - - [10/Mar/2026:06:54:08 +0700] "GET /robots.txt HTTP/1.1" 200 55 "-" "Mozilla/5.0 AppleWebKit/537.36 (KHTML, like Gecko; compatible; ClaudeBot/1.0; +claudebot@anthropic.com)"
216.73.216.130 - - [10/Mar/2026:06:54:09 +0700] "GET /public/uploads/slider/litespeed_shell74.php HTTP/1.1" 200 7459 "-" "Mozilla/5.0 AppleWebKit/537.36 (KHTML, like Gecko; compatible; ClaudeBot/1.0; +claudebot@anthropic.com)"
74.162.69.29 - - [10/Mar/2026:06:54:14 +0700] "GET /.env HTTP/1.1" 206 1447 "-" "Mozilla/5.0 (Macintosh; Intel Mac OS X 10_15_7) AppleWebKit/537.36 (KHTML, like Gecko) Chrome/91.0.4472.124 Safari/537.36"
74.162.69.29 - - [10/Mar/2026:06:54:14 +0700] "GET /admin/.env.prod HTTP/1.1" 404 6622 "-" "Mozilla/5.0 (Macintosh; Intel Mac OS X 10_15_7) AppleWebKit/537.36 (KHTML, like Gecko) Chrome/91.0.4472.124 Safari/537.36"
74.162.69.29 - - [10/Mar/2026:06:54:14 +0700] "GET /storage/.env HTTP/1.1" 404 6622 "-" "Mozilla/5.0 (Macintosh; Intel Mac OS X 10_15_7) AppleWebKit/537.36 (KHTML, like Gecko) Chrome/91.0.4472.124 Safari/537.36"
74.162.69.29 - - [10/Mar/2026:06:54:14 +0700] "GET /backend/.env.test HTTP/1.1" 404 6622 "-" "Mozilla/5.0 (Macintosh; Intel Mac OS X 10_15_7) AppleWebKit/537.36 (KHTML, like Gecko) Chrome/91.0.4472.124 Safari/537.36"
74.162.69.29 - - [10/Mar/2026:06:54:14 +0700] "GET /backend/.env.local HTTP/1.1" 404 6622 "-" "Mozilla/5.0 (Macintosh; Intel Mac OS X 10_15_7) AppleWebKit/537.36 (KHTML, like Gecko) Chrome/91.0.4472.124 Safari/537.36"
74.162.69.29 - - [10/Mar/2026:06:54:14 +0700] "GET /backend/.env HTTP/1.1" 404 6622 "-" "Mozilla/5.0 (Macintosh; Intel Mac OS X 10_15_7) AppleWebKit/537.36 (KHTML, like Gecko) Chrome/91.0.4472.124 Safari/537.36"
74.162.69.29 - - [10/Mar/2026:06:54:14 +0700] "GET /core/.env HTTP/1.1" 404 6622 "-" "Mozilla/5.0 (Macintosh; Intel Mac OS X 10_15_7) AppleWebKit/537.36 (KHTML, like Gecko) Chrome/91.0.4472.124 Safari/537.36"
74.162.69.29 - - [10/Mar/2026:06:54:14 +0700] "GET /backend/.env.dev HTTP/1.1" 404 6622 "-" "Mozilla/5.0 (Macintosh; Intel Mac OS X 10_15_7) AppleWebKit/537.36 (KHTML, like Gecko) Chrome/91.0.4472.124 Safari/537.36"
74.162.69.29 - - [10/Mar/2026:06:54:14 +0700] "GET /admin/.env.dev HTTP/1.1" 404 6622 "-" "Mozilla/5.0 (Macintosh; Intel Mac OS X 10_15_7) AppleWebKit/537.36 (KHTML, like Gecko) Chrome/91.0.4472.124 Safari/537.36"
74.162.69.29 - - [10/Mar/2026:06:54:14 +0700] "GET /app/.env.prod HTTP/1.1" 404 6622 "-" "Mozilla/5.0 (Macintosh; Intel Mac OS X 10_15_7) AppleWebKit/537.36 (KHTML, like Gecko) Chrome/91.0.4472.124 Safari/537.36"
74.162.69.29 - - [10/Mar/2026:06:54:14 +0700] "GET /admin/.env HTTP/1.1" 404 6622 "-" "Mozilla/5.0 (Macintosh; Intel Mac OS X 10_15_7) AppleWebKit/537.36 (KHTML, like Gecko) Chrome/91.0.4472.124 Safari/537.36"
74.162.69.29 - - [10/Mar/2026:06:54:14 +0700] "GET /app/.env.test HTTP/1.1" 404 6622 "-" "Mozilla/5.0 (Macintosh; Intel Mac OS X 10_15_7) AppleWebKit/537.36 (KHTML, like Gecko) Chrome/91.0.4472.124 Safari/537.36"
74.162.69.29 - - [10/Mar/2026:06:54:14 +0700] "GET /app/.env.local HTTP/1.1" 404 6622 "-" "Mozilla/5.0 (Macintosh; Intel Mac OS X 10_15_7) AppleWebKit/537.36 (KHTML, like Gecko) Chrome/91.0.4472.124 Safari/537.36"
