| Server IP : 103.161.17.216 / Your IP : 216.73.216.1 Web Server : nginx/1.18.0 System : Linux tipsysaigoncharming 5.4.0-216-generic #236-Ubuntu SMP Fri Apr 11 19:53:21 UTC 2025 x86_64 User : www-data ( 33) PHP Version : 7.4.3-4ubuntu2.29 Disable Function : pcntl_alarm,pcntl_fork,pcntl_waitpid,pcntl_wait,pcntl_wifexited,pcntl_wifstopped,pcntl_wifsignaled,pcntl_wifcontinued,pcntl_wexitstatus,pcntl_wtermsig,pcntl_wstopsig,pcntl_signal,pcntl_signal_get_handler,pcntl_signal_dispatch,pcntl_get_last_error,pcntl_strerror,pcntl_sigprocmask,pcntl_sigwaitinfo,pcntl_sigtimedwait,pcntl_exec,pcntl_getpriority,pcntl_setpriority,pcntl_async_signals,pcntl_unshare, MySQL : OFF | cURL : ON | WGET : ON | Perl : ON | Python : OFF | Sudo : ON | Pkexec : ON Directory : /var/log/nginx/ |
Upload File : |
103.161.17.216 - - [09/Mar/2026:00:01:23 +0700] "GET /public/frontend/favicon/favicon.ico HTTP/1.1" 400 264 "http://dinhphuongdong.com/" "Serf/1.3.9 (mod_pagespeed/1.13.35.2-0)"
103.161.17.216 - - [09/Mar/2026:00:01:23 +0700] "GET /public/frontend/favicon/android-chrome-512x512.png HTTP/1.1" 400 264 "http://dinhphuongdong.com/" "Serf/1.3.9 (mod_pagespeed/1.13.35.2-0)"
103.161.17.216 - - [09/Mar/2026:00:01:23 +0700] "GET /public/frontend/favicon/apple-touch-icon.png HTTP/1.1" 400 264 "http://dinhphuongdong.com/" "Serf/1.3.9 (mod_pagespeed/1.13.35.2-0)"
103.161.17.216 - - [09/Mar/2026:00:01:23 +0700] "GET /public/frontend/favicon/favicon-32x32.png HTTP/1.1" 400 264 "http://dinhphuongdong.com/" "Serf/1.3.9 (mod_pagespeed/1.13.35.2-0)"
103.161.17.216 - - [09/Mar/2026:00:01:23 +0700] "GET /public/frontend/favicon/android-chrome-192x192.png HTTP/1.1" 400 264 "http://dinhphuongdong.com/" "Serf/1.3.9 (mod_pagespeed/1.13.35.2-0)"
103.161.17.216 - - [09/Mar/2026:00:01:23 +0700] "GET /public/frontend/favicon/favicon-16x16.png HTTP/1.1" 400 264 "http://dinhphuongdong.com/" "Serf/1.3.9 (mod_pagespeed/1.13.35.2-0)"
175.44.42.136 - - [09/Mar/2026:00:01:23 +0700] "GET / HTTP/1.1" 200 18151 "https://www.kaegtcr.online/" "Mozilla/5.0 (Windows NT 10.0; Win64; x64) AppleWebKit/537.36 (KHTML, like Gecko) Chrome/144.0.0.0 Safari/537.36"
14.161.191.115 - - [09/Mar/2026:00:01:48 +0700] "GET http://dr.dinhphuongdong.com/bai-viet/dieu-tri-va-cham-soc-vet-thuong HTTP/1.1" 200 13597 "-" "Mozilla/5.0 (Windows NT 10.0; WOW64) AppleWebKit/537.36 (KHTML, like Gecko) Chrome/89.0.4389.72 Safari/537.36"
188.130.159.167 - - [09/Mar/2026:00:01:54 +0700] "GET http://dr.dinhphuongdong.com/del-all-product HTTP/1.1" 200 31 "-" "Mozilla/5.0 (Windows NT 6.1) AppleWebKit/537.36 (KHTML, like Gecko) Chrome/80.0.3987.132 Safari/537.36"
185.16.39.146 - - [09/Mar/2026:00:02:05 +0700] "GET / HTTP/1.1" 404 162 "-" "Mozilla/5.0"
176.65.134.20 - - [09/Mar/2026:00:02:44 +0700] "PROPFIND / HTTP/1.1" 405 166 "http://103.161.17.216:443/" "-"
103.161.17.216 - - [09/Mar/2026:00:06:09 +0700] "GET /danh-muc-bai-viet/public/frontend/favicon/favicon.ico HTTP/1.1" 400 264 "http://dinhphuongdong.com/danh-muc-bai-viet/gioi-thieu-ve-dd" "Serf/1.3.9 (mod_pagespeed/1.13.35.2-0)"
103.161.17.216 - - [09/Mar/2026:00:06:09 +0700] "GET /danh-muc-bai-viet/public/frontend/favicon/android-chrome-192x192.png HTTP/1.1" 400 264 "http://dinhphuongdong.com/danh-muc-bai-viet/gioi-thieu-ve-dd" "Serf/1.3.9 (mod_pagespeed/1.13.35.2-0)"
103.161.17.216 - - [09/Mar/2026:00:06:09 +0700] "GET /danh-muc-bai-viet/public/frontend/favicon/android-chrome-512x512.png HTTP/1.1" 400 264 "http://dinhphuongdong.com/danh-muc-bai-viet/gioi-thieu-ve-dd" "Serf/1.3.9 (mod_pagespeed/1.13.35.2-0)"
103.161.17.216 - - [09/Mar/2026:00:06:09 +0700] "GET /danh-muc-bai-viet/public/frontend/favicon/apple-touch-icon.png HTTP/1.1" 400 264 "http://dinhphuongdong.com/danh-muc-bai-viet/gioi-thieu-ve-dd" "Serf/1.3.9 (mod_pagespeed/1.13.35.2-0)"
103.161.17.216 - - [09/Mar/2026:00:06:09 +0700] "GET /danh-muc-bai-viet/public/frontend/favicon/favicon-32x32.png HTTP/1.1" 400 264 "http://dinhphuongdong.com/danh-muc-bai-viet/gioi-thieu-ve-dd" "Serf/1.3.9 (mod_pagespeed/1.13.35.2-0)"
103.161.17.216 - - [09/Mar/2026:00:06:09 +0700] "GET /danh-muc-bai-viet/public/frontend/favicon/favicon-16x16.png HTTP/1.1" 400 264 "http://dinhphuongdong.com/danh-muc-bai-viet/gioi-thieu-ve-dd" "Serf/1.3.9 (mod_pagespeed/1.13.35.2-0)"
92.222.108.96 - - [09/Mar/2026:00:06:09 +0700] "GET /danh-muc-bai-viet/gioi-thieu-ve-dd HTTP/1.1" 200 9393 "-" "Mozilla/5.0 (compatible; AhrefsBot/7.0; +http://ahrefs.com/robot/)"
185.16.39.146 - - [09/Mar/2026:00:06:56 +0700] "GET / HTTP/1.1" 404 162 "-" "Mozilla/5.0"
172.245.21.30 - - [09/Mar/2026:00:07:40 +0700] "POST /web_shell_cmd.gch HTTP/1.1" 404 6622 "-" "Go-http-client/1.1"
172.245.21.30 - - [09/Mar/2026:00:07:40 +0700] "POST /web_shell_cmd.gch HTTP/1.1" 404 6622 "-" "Go-http-client/1.1"
172.245.21.30 - - [09/Mar/2026:00:07:41 +0700] "POST /web_shell_cmd.gch HTTP/1.1" 404 6622 "-" "Go-http-client/1.1"
185.242.226.15 - - [09/Mar/2026:00:11:56 +0700] "GET / HTTP/1.1" 404 194 "-" "Mozilla/5.0 (Windows NT 10.0; Win64; x64) AppleWebKit/537.36 (KHTML, like Gecko) Chrome/88.0.4324.190 Safari/537.36"
185.16.39.146 - - [09/Mar/2026:00:12:31 +0700] "GET / HTTP/1.1" 404 162 "-" "Mozilla/5.0"
43.130.40.120 - - [09/Mar/2026:00:12:31 +0700] "GET / HTTP/1.1" 404 133 "-" "Mozilla/5.0 (iPhone; CPU iPhone OS 13_2_3 like Mac OS X) AppleWebKit/605.1.15 (KHTML, like Gecko) Version/13.0.3 Mobile/15E148 Safari/604.1"
103.161.17.216 - - [09/Mar/2026:00:13:46 +0700] "GET /style.css HTTP/1.1" 400 264 "http://greencity.primehomes.vn/" "Serf/1.3.9 (mod_pagespeed/1.13.35.2-0)"
103.161.17.216 - - [09/Mar/2026:00:13:46 +0700] "GET /banner.jpg HTTP/1.1" 400 264 "http://greencity.primehomes.vn/" "Serf/1.3.9 (mod_pagespeed/1.13.35.2-0)"
103.161.17.216 - - [09/Mar/2026:00:13:46 +0700] "GET /logo.png HTTP/1.1" 400 264 "http://greencity.primehomes.vn/" "Serf/1.3.9 (mod_pagespeed/1.13.35.2-0)"
103.161.17.216 - - [09/Mar/2026:00:13:46 +0700] "GET /h1.jpg HTTP/1.1" 400 264 "http://greencity.primehomes.vn/" "Serf/1.3.9 (mod_pagespeed/1.13.35.2-0)"
103.161.17.216 - - [09/Mar/2026:00:13:46 +0700] "GET /icon1.jpg HTTP/1.1" 400 264 "http://greencity.primehomes.vn/" "Serf/1.3.9 (mod_pagespeed/1.13.35.2-0)"
103.161.17.216 - - [09/Mar/2026:00:13:46 +0700] "GET /icon2.jpg HTTP/1.1" 400 264 "http://greencity.primehomes.vn/" "Serf/1.3.9 (mod_pagespeed/1.13.35.2-0)"
103.161.17.216 - - [09/Mar/2026:00:13:46 +0700] "GET /icon3.jpg HTTP/1.1" 400 264 "http://greencity.primehomes.vn/" "Serf/1.3.9 (mod_pagespeed/1.13.35.2-0)"
103.161.17.216 - - [09/Mar/2026:00:13:46 +0700] "GET /icon4.jpg HTTP/1.1" 400 264 "http://greencity.primehomes.vn/" "Serf/1.3.9 (mod_pagespeed/1.13.35.2-0)"
204.76.203.25 - - [09/Mar/2026:00:13:46 +0700] "GET / HTTP/1.1" 200 31403 "-" "Mozilla/5.0 (Windows NT 10.0; Win64; x64) AppleWebKit/537.36 (KHTML, like Gecko) Chrome/134.0.0.0 Safari/537.3"
103.161.17.216 - - [09/Mar/2026:00:13:46 +0700] "GET /icon5.jpg HTTP/1.1" 400 264 "http://greencity.primehomes.vn/" "Serf/1.3.9 (mod_pagespeed/1.13.35.2-0)"
103.161.17.216 - - [09/Mar/2026:00:15:32 +0700] "GET /bai-viet/public/frontend/favicon/favicon.ico HTTP/1.1" 400 264 "http://dinhphuongdong.com/bai-viet/Nang-mui-cau-truc" "Serf/1.3.9 (mod_pagespeed/1.13.35.2-0)"
103.161.17.216 - - [09/Mar/2026:00:15:32 +0700] "GET /bai-viet/public/frontend/favicon/android-chrome-192x192.png HTTP/1.1" 400 264 "http://dinhphuongdong.com/bai-viet/Nang-mui-cau-truc" "Serf/1.3.9 (mod_pagespeed/1.13.35.2-0)"
103.161.17.216 - - [09/Mar/2026:00:15:32 +0700] "GET /bai-viet/public/frontend/favicon/android-chrome-512x512.png HTTP/1.1" 400 264 "http://dinhphuongdong.com/bai-viet/Nang-mui-cau-truc" "Serf/1.3.9 (mod_pagespeed/1.13.35.2-0)"
103.161.17.216 - - [09/Mar/2026:00:15:32 +0700] "GET /bai-viet/public/frontend/favicon/apple-touch-icon.png HTTP/1.1" 400 264 "http://dinhphuongdong.com/bai-viet/Nang-mui-cau-truc" "Serf/1.3.9 (mod_pagespeed/1.13.35.2-0)"
103.161.17.216 - - [09/Mar/2026:00:15:32 +0700] "GET /bai-viet/public/frontend/favicon/favicon-32x32.png HTTP/1.1" 400 264 "http://dinhphuongdong.com/bai-viet/Nang-mui-cau-truc" "Serf/1.3.9 (mod_pagespeed/1.13.35.2-0)"
103.161.17.216 - - [09/Mar/2026:00:15:32 +0700] "GET /bai-viet/public/frontend/favicon/favicon-16x16.png HTTP/1.1" 400 264 "http://dinhphuongdong.com/bai-viet/Nang-mui-cau-truc" "Serf/1.3.9 (mod_pagespeed/1.13.35.2-0)"
103.161.17.216 - - [09/Mar/2026:00:15:32 +0700] "GET /public/uploads/images/Nang-mui-cau-truc-1(1).jpg HTTP/1.1" 400 264 "http://dinhphuongdong.com/bai-viet/Nang-mui-cau-truc" "Serf/1.3.9 (mod_pagespeed/1.13.35.2-0)"
92.222.104.213 - - [09/Mar/2026:00:15:32 +0700] "GET /bai-viet/Nang-mui-cau-truc HTTP/1.1" 200 13028 "-" "Mozilla/5.0 (compatible; AhrefsBot/7.0; +http://ahrefs.com/robot/)"
103.161.17.216 - - [09/Mar/2026:00:15:32 +0700] "GET /public/uploads/images/Nang-mui-cau-truc-2.jpg HTTP/1.1" 400 264 "http://dinhphuongdong.com/bai-viet/Nang-mui-cau-truc" "Serf/1.3.9 (mod_pagespeed/1.13.35.2-0)"
103.161.17.216 - - [09/Mar/2026:00:15:32 +0700] "GET /public/uploads/images/Nang-mui-cau-truc-3.jpg HTTP/1.1" 400 264 "http://dinhphuongdong.com/bai-viet/Nang-mui-cau-truc" "Serf/1.3.9 (mod_pagespeed/1.13.35.2-0)"
185.16.39.146 - - [09/Mar/2026:00:17:42 +0700] "GET / HTTP/1.1" 404 162 "-" "Mozilla/5.0"
103.131.71.21 - - [09/Mar/2026:00:18:32 +0700] "GET /robots.txt HTTP/1.1" 301 178 "-" "Mozilla/5.0 (compatible; coccocbot-image/1.0; +http://help.coccoc.com/searchengine)"
103.131.71.21 - - [09/Mar/2026:00:18:34 +0700] "GET /robots.txt HTTP/1.1" 200 55 "-" "Mozilla/5.0 (compatible; coccocbot-image/1.0; +http://help.coccoc.com/searchengine)"
103.131.71.50 - - [09/Mar/2026:00:18:36 +0700] "GET /bai-viet/img/footer-logo.png HTTP/1.1" 404 2135 "-" "Mozilla/5.0 (compatible; coccocbot-image/1.0; +http://help.coccoc.com/searchengine)"
103.131.71.50 - - [09/Mar/2026:00:18:40 +0700] "GET /robots.txt HTTP/1.1" 301 178 "-" "Mozilla/5.0 (compatible; coccocbot-image/1.0; +http://help.coccoc.com/searchengine)"
103.131.71.50 - - [09/Mar/2026:00:18:42 +0700] "GET /robots.txt HTTP/1.1" 200 55 "-" "Mozilla/5.0 (compatible; coccocbot-image/1.0; +http://help.coccoc.com/searchengine)"
43.153.47.201 - - [09/Mar/2026:00:18:45 +0700] "GET / HTTP/1.1" 200 15010 "-" "Mozilla/5.0 (iPhone; CPU iPhone OS 13_2_3 like Mac OS X) AppleWebKit/605.1.15 (KHTML, like Gecko) Version/13.0.3 Mobile/15E148 Safari/604.1"
103.131.71.19 - - [09/Mar/2026:00:18:45 +0700] "GET /public/uploads/gallery/h1821.jpg HTTP/1.1" 200 199058 "-" "Mozilla/5.0 (compatible; coccocbot-image/1.0; +http://help.coccoc.com/searchengine)"
103.131.71.49 - - [09/Mar/2026:00:18:50 +0700] "GET /robots.txt HTTP/1.1" 301 178 "-" "Mozilla/5.0 (compatible; coccocbot-image/1.0; +http://help.coccoc.com/searchengine)"
103.131.71.49 - - [09/Mar/2026:00:18:52 +0700] "GET /robots.txt HTTP/1.1" 200 55 "-" "Mozilla/5.0 (compatible; coccocbot-image/1.0; +http://help.coccoc.com/searchengine)"
103.131.71.27 - - [09/Mar/2026:00:18:54 +0700] "GET /public/frontend/img/logo-sticky.png HTTP/1.1" 304 0 "-" "Mozilla/5.0 (compatible; coccocbot-image/1.0; +http://help.coccoc.com/searchengine)"
103.131.71.50 - - [09/Mar/2026:00:18:56 +0700] "GET /robots.txt HTTP/1.1" 301 178 "-" "Mozilla/5.0 (compatible; coccocbot-image/1.0; +http://help.coccoc.com/searchengine)"
103.131.71.50 - - [09/Mar/2026:00:19:06 +0700] "GET /robots.txt HTTP/1.1" 200 55 "-" "Mozilla/5.0 (compatible; coccocbot-image/1.0; +http://help.coccoc.com/searchengine)"
103.131.71.29 - - [09/Mar/2026:00:19:14 +0700] "GET /robots.txt HTTP/1.1" 301 178 "-" "Mozilla/5.0 (compatible; coccocbot-image/1.0; +http://help.coccoc.com/searchengine)"
103.131.71.29 - - [09/Mar/2026:00:19:22 +0700] "GET /robots.txt HTTP/1.1" 200 55 "-" "Mozilla/5.0 (compatible; coccocbot-image/1.0; +http://help.coccoc.com/searchengine)"
103.131.71.25 - - [09/Mar/2026:00:19:25 +0700] "GET /bai-viet/img/footer-logo.png HTTP/1.1" 404 2135 "-" "Mozilla/5.0 (compatible; coccocbot-image/1.0; +http://help.coccoc.com/searchengine)"
103.131.71.26 - - [09/Mar/2026:00:19:27 +0700] "GET /robots.txt HTTP/1.1" 301 178 "-" "Mozilla/5.0 (compatible; coccocbot-image/1.0; +http://help.coccoc.com/searchengine)"
103.131.71.26 - - [09/Mar/2026:00:19:29 +0700] "GET /robots.txt HTTP/1.1" 200 55 "-" "Mozilla/5.0 (compatible; coccocbot-image/1.0; +http://help.coccoc.com/searchengine)"
103.131.71.33 - - [09/Mar/2026:00:19:31 +0700] "GET /public/uploads/gallery/h2298.jpg HTTP/1.1" 200 244434 "-" "Mozilla/5.0 (compatible; coccocbot-image/1.0; +http://help.coccoc.com/searchengine)"
103.131.71.46 - - [09/Mar/2026:00:19:34 +0700] "GET /robots.txt HTTP/1.1" 301 178 "-" "Mozilla/5.0 (compatible; coccocbot-image/1.0; +http://help.coccoc.com/searchengine)"
103.131.71.46 - - [09/Mar/2026:00:20:16 +0700] "GET /robots.txt HTTP/1.1" 200 55 "-" "Mozilla/5.0 (compatible; coccocbot-image/1.0; +http://help.coccoc.com/searchengine)"
103.131.71.45 - - [09/Mar/2026:00:20:28 +0700] "GET /public/frontend/img/icon/phone-icon.png HTTP/1.1" 304 0 "-" "Mozilla/5.0 (compatible; coccocbot-image/1.0; +http://help.coccoc.com/searchengine)"
103.161.17.216 - - [09/Mar/2026:00:23:41 +0700] "GET /bai-viet/public/frontend/favicon/favicon.ico HTTP/1.1" 400 264 "http://dinhphuongdong.com/bai-viet/nhung-dieu-ma-khach-hang-can-biet-ve-cang-chi-mat" "Serf/1.3.9 (mod_pagespeed/1.13.35.2-0)"
103.161.17.216 - - [09/Mar/2026:00:23:41 +0700] "GET /bai-viet/public/frontend/favicon/android-chrome-192x192.png HTTP/1.1" 400 264 "http://dinhphuongdong.com/bai-viet/nhung-dieu-ma-khach-hang-can-biet-ve-cang-chi-mat" "Serf/1.3.9 (mod_pagespeed/1.13.35.2-0)"
103.161.17.216 - - [09/Mar/2026:00:23:41 +0700] "GET /bai-viet/public/frontend/favicon/android-chrome-512x512.png HTTP/1.1" 400 264 "http://dinhphuongdong.com/bai-viet/nhung-dieu-ma-khach-hang-can-biet-ve-cang-chi-mat" "Serf/1.3.9 (mod_pagespeed/1.13.35.2-0)"
103.161.17.216 - - [09/Mar/2026:00:23:41 +0700] "GET /bai-viet/public/frontend/favicon/apple-touch-icon.png HTTP/1.1" 400 264 "http://dinhphuongdong.com/bai-viet/nhung-dieu-ma-khach-hang-can-biet-ve-cang-chi-mat" "Serf/1.3.9 (mod_pagespeed/1.13.35.2-0)"
103.161.17.216 - - [09/Mar/2026:00:23:41 +0700] "GET /bai-viet/public/frontend/favicon/favicon-32x32.png HTTP/1.1" 400 264 "http://dinhphuongdong.com/bai-viet/nhung-dieu-ma-khach-hang-can-biet-ve-cang-chi-mat" "Serf/1.3.9 (mod_pagespeed/1.13.35.2-0)"
103.161.17.216 - - [09/Mar/2026:00:23:41 +0700] "GET /bai-viet/public/frontend/favicon/favicon-16x16.png HTTP/1.1" 400 264 "http://dinhphuongdong.com/bai-viet/nhung-dieu-ma-khach-hang-can-biet-ve-cang-chi-mat" "Serf/1.3.9 (mod_pagespeed/1.13.35.2-0)"
92.222.104.220 - - [09/Mar/2026:00:23:41 +0700] "GET /bai-viet/nhung-dieu-ma-khach-hang-can-biet-ve-cang-chi-mat HTTP/1.1" 200 13384 "-" "Mozilla/5.0 (compatible; AhrefsBot/7.0; +http://ahrefs.com/robot/)"
103.161.17.216 - - [09/Mar/2026:00:23:41 +0700] "GET /public/uploads/images/Cang-chi-mat-2.jpg HTTP/1.1" 400 264 "http://dinhphuongdong.com/bai-viet/nhung-dieu-ma-khach-hang-can-biet-ve-cang-chi-mat" "Serf/1.3.9 (mod_pagespeed/1.13.35.2-0)"
103.161.17.216 - - [09/Mar/2026:00:23:41 +0700] "GET /public/uploads/images/Cang-chi-mat-3.jpg HTTP/1.1" 400 264 "http://dinhphuongdong.com/bai-viet/nhung-dieu-ma-khach-hang-can-biet-ve-cang-chi-mat" "Serf/1.3.9 (mod_pagespeed/1.13.35.2-0)"
103.161.17.216 - - [09/Mar/2026:00:23:41 +0700] "GET /public/uploads/images/Cang-chi-mat-4.jpg HTTP/1.1" 400 264 "http://dinhphuongdong.com/bai-viet/nhung-dieu-ma-khach-hang-can-biet-ve-cang-chi-mat" "Serf/1.3.9 (mod_pagespeed/1.13.35.2-0)"
185.16.39.146 - - [09/Mar/2026:00:24:23 +0700] "GET / HTTP/1.1" 404 162 "-" "Mozilla/5.0"
66.249.74.67 - - [09/Mar/2026:00:24:30 +0700] "GET /robots.txt HTTP/1.1" 200 55 "-" "Mozilla/5.0 (compatible; Googlebot/2.1; +http://www.google.com/bot.html)"
66.249.74.68 - - [09/Mar/2026:00:24:30 +0700] "GET /public/frontend/favicon/favicon-32x32.png HTTP/1.1" 200 2400 "-" "Googlebot-Image/1.0"
66.249.74.67 - - [09/Mar/2026:00:24:32 +0700] "GET /public/frontend/favicon/favicon-16x16.png HTTP/1.1" 200 565 "-" "Googlebot-Image/1.0"
66.249.74.66 - - [09/Mar/2026:00:24:32 +0700] "GET /favicon.ico HTTP/1.1" 200 2680 "-" "Googlebot-Image/1.0"
66.249.74.66 - - [09/Mar/2026:00:24:33 +0700] "GET /public/frontend/favicon/apple-touch-icon.png HTTP/1.1" 200 29824 "-" "Googlebot-Image/1.0"
66.249.65.201 - - [09/Mar/2026:00:24:57 +0700] "GET /robots.txt HTTP/1.1" 200 55 "-" "Mozilla/5.0 (compatible; Googlebot/2.1; +http://www.google.com/bot.html)"
66.249.65.203 - - [09/Mar/2026:00:24:57 +0700] "GET /bai-viet/img/fav-icon.png HTTP/1.1" 404 2135 "-" "Googlebot-Image/1.0"
34.29.104.95 - - [09/Mar/2026:00:25:39 +0700] "GET / HTTP/1.1" 301 178 "-" "Mozilla/5.0 (Windows NT 10.0; Win64; x64) AppleWebKit/537.36 (KHTML, like Gecko) Chrome/78.0.3904.108 Safari/537.36"
34.29.104.95 - - [09/Mar/2026:00:25:39 +0700] "" 400 0 "-" "-"
185.12.248.5 - - [09/Mar/2026:00:28:11 +0700] "GET / HTTP/1.1" 301 178 "-" "Mozilla/5.0 (Macintosh; Intel Mac OS X 10_15_7) AppleWebKit/605.1.15 (KHTML, like Gecko) Version/17.3.1 Safari/605.1.1"
103.161.17.216 - - [09/Mar/2026:00:28:12 +0700] "GET /public/uploads/slider/banner182.jpg HTTP/1.1" 400 264 "http://thanhtraspa.vn/" "Serf/1.3.9 (mod_pagespeed/1.13.35.2-0)"
103.161.17.216 - - [09/Mar/2026:00:28:12 +0700] "GET /public/frontend/img/icons/icon01.png HTTP/1.1" 400 264 "http://thanhtraspa.vn/" "Serf/1.3.9 (mod_pagespeed/1.13.35.2-0)"
103.161.17.216 - - [09/Mar/2026:00:28:12 +0700] "GET /public/frontend/img/icons/icon02.png HTTP/1.1" 400 264 "http://thanhtraspa.vn/" "Serf/1.3.9 (mod_pagespeed/1.13.35.2-0)"
103.161.17.216 - - [09/Mar/2026:00:28:12 +0700] "GET /public/frontend/img/icons/icon03.png HTTP/1.1" 400 264 "http://thanhtraspa.vn/" "Serf/1.3.9 (mod_pagespeed/1.13.35.2-0)"
103.161.17.216 - - [09/Mar/2026:00:28:12 +0700] "GET /public/frontend/img/feature-icon/feature-icon01.png HTTP/1.1" 400 264 "http://thanhtraspa.vn/" "Serf/1.3.9 (mod_pagespeed/1.13.35.2-0)"
103.161.17.216 - - [09/Mar/2026:00:28:12 +0700] "GET /public/uploads/slider/banner1107.webp HTTP/1.1" 400 264 "http://thanhtraspa.vn/" "Serf/1.3.9 (mod_pagespeed/1.13.35.2-0)"
103.161.17.216 - - [09/Mar/2026:00:28:12 +0700] "GET /public/frontend/img/feature-icon/feature-icon02.png HTTP/1.1" 400 264 "http://thanhtraspa.vn/" "Serf/1.3.9 (mod_pagespeed/1.13.35.2-0)"
103.161.17.216 - - [09/Mar/2026:00:28:12 +0700] "GET /public/frontend/img/feature-icon/feature-icon03.png HTTP/1.1" 400 264 "http://thanhtraspa.vn/" "Serf/1.3.9 (mod_pagespeed/1.13.35.2-0)"
103.161.17.216 - - [09/Mar/2026:00:28:12 +0700] "GET /public/frontend/img/feature-icon/feature-icon04.png HTTP/1.1" 400 264 "http://thanhtraspa.vn/" "Serf/1.3.9 (mod_pagespeed/1.13.35.2-0)"
103.161.17.216 - - [09/Mar/2026:00:28:12 +0700] "GET /public/frontend/img/counter/counter-icon01.png HTTP/1.1" 400 264 "http://thanhtraspa.vn/" "Serf/1.3.9 (mod_pagespeed/1.13.35.2-0)"
5.133.192.175 - - [09/Mar/2026:00:28:12 +0700] "GET / HTTP/1.1" 200 16295 "http://thanhtraspa.vn/" "Mozilla/5.0 (Macintosh; Intel Mac OS X 10_15_7) AppleWebKit/605.1.15 (KHTML, like Gecko) Version/17.3.1 Safari/605.1.1"
103.161.17.216 - - [09/Mar/2026:00:28:12 +0700] "GET /public/frontend/img/counter/counter-icon02.png HTTP/1.1" 400 264 "http://thanhtraspa.vn/" "Serf/1.3.9 (mod_pagespeed/1.13.35.2-0)"
103.161.17.216 - - [09/Mar/2026:00:28:12 +0700] "GET /public/frontend/img/counter/counter-icon03.png HTTP/1.1" 400 264 "http://thanhtraspa.vn/" "Serf/1.3.9 (mod_pagespeed/1.13.35.2-0)"
103.161.17.216 - - [09/Mar/2026:00:28:12 +0700] "GET /public/frontend/img/counter/counter-icon04.png HTTP/1.1" 400 264 "http://thanhtraspa.vn/" "Serf/1.3.9 (mod_pagespeed/1.13.35.2-0)"
103.161.17.216 - - [09/Mar/2026:00:28:12 +0700] "GET /public/uploads/slider/kh154.png HTTP/1.1" 400 264 "http://thanhtraspa.vn/" "Serf/1.3.9 (mod_pagespeed/1.13.35.2-0)"
103.161.17.216 - - [09/Mar/2026:00:28:12 +0700] "GET /public/uploads/slider/h112.png HTTP/1.1" 400 264 "http://thanhtraspa.vn/" "Serf/1.3.9 (mod_pagespeed/1.13.35.2-0)"
103.161.17.216 - - [09/Mar/2026:00:28:13 +0700] "GET /bai-viet/assets/img/blog-sidebar/blog-full-post.jpg HTTP/1.1" 400 264 "http://thanhtraspa.vn/bai-viet/tom-tat-sach-hanh-trinh-thai-giao-280-ngay-%E2%80%93-phuong-phap-thai-giao-khoa-hoc-de-ap-dung-cho-me-viet" "Serf/1.3.9 (mod_pagespeed/1.13.35.2-0)"
103.161.17.216 - - [09/Mar/2026:00:28:13 +0700] "GET /public/uploads/images/hanh-trinh-thai-giao-280-ngay_0a5f2c8e62af4f5ebcc7a7fde0696172.jpg HTTP/1.1" 400 264 "http://thanhtraspa.vn/bai-viet/tom-tat-sach-hanh-trinh-thai-giao-280-ngay-%E2%80%93-phuong-phap-thai-giao-khoa-hoc-de-ap-dung-cho-me-viet" "Serf/1.3.9 (mod_pagespeed/1.13.35.2-0)"
103.161.17.216 - - [09/Mar/2026:00:28:13 +0700] "GET /bai-viet/assets/img/section-icon.png HTTP/1.1" 400 264 "http://thanhtraspa.vn/bai-viet/tom-tat-sach-hanh-trinh-thai-giao-280-ngay-%E2%80%93-phuong-phap-thai-giao-khoa-hoc-de-ap-dung-cho-me-viet" "Serf/1.3.9 (mod_pagespeed/1.13.35.2-0)"
103.161.17.216 - - [09/Mar/2026:00:28:13 +0700] "GET /bai-viet/assets/img/instagram/instagram01.jpg HTTP/1.1" 400 264 "http://thanhtraspa.vn/bai-viet/tom-tat-sach-hanh-trinh-thai-giao-280-ngay-%E2%80%93-phuong-phap-thai-giao-khoa-hoc-de-ap-dung-cho-me-viet" "Serf/1.3.9 (mod_pagespeed/1.13.35.2-0)"
103.161.17.216 - - [09/Mar/2026:00:28:13 +0700] "GET /bai-viet/assets/img/instagram/instagram02.jpg HTTP/1.1" 400 264 "http://thanhtraspa.vn/bai-viet/tom-tat-sach-hanh-trinh-thai-giao-280-ngay-%E2%80%93-phuong-phap-thai-giao-khoa-hoc-de-ap-dung-cho-me-viet" "Serf/1.3.9 (mod_pagespeed/1.13.35.2-0)"
103.161.17.216 - - [09/Mar/2026:00:28:13 +0700] "GET /bai-viet/assets/img/instagram/instagram03.jpg HTTP/1.1" 400 264 "http://thanhtraspa.vn/bai-viet/tom-tat-sach-hanh-trinh-thai-giao-280-ngay-%E2%80%93-phuong-phap-thai-giao-khoa-hoc-de-ap-dung-cho-me-viet" "Serf/1.3.9 (mod_pagespeed/1.13.35.2-0)"
103.161.17.216 - - [09/Mar/2026:00:28:13 +0700] "GET /bai-viet/assets/img/instagram/instagram04.jpg HTTP/1.1" 400 264 "http://thanhtraspa.vn/bai-viet/tom-tat-sach-hanh-trinh-thai-giao-280-ngay-%E2%80%93-phuong-phap-thai-giao-khoa-hoc-de-ap-dung-cho-me-viet" "Serf/1.3.9 (mod_pagespeed/1.13.35.2-0)"
185.12.249.39 - - [09/Mar/2026:00:28:13 +0700] "GET /bai-viet/tom-tat-sach-hanh-trinh-thai-giao-280-ngay-%E2%80%93-phuong-phap-thai-giao-khoa-hoc-de-ap-dung-cho-me-viet HTTP/1.1" 200 12154 "-" "Mozilla/5.0 (Macintosh; Intel Mac OS X 10_15_7) AppleWebKit/605.1.15 (KHTML, like Gecko) Version/17.3.1 Safari/605.1.1"
103.161.17.216 - - [09/Mar/2026:00:28:13 +0700] "GET /bai-viet/assets/img/instagram/instagram05.jpg HTTP/1.1" 400 264 "http://thanhtraspa.vn/bai-viet/tom-tat-sach-hanh-trinh-thai-giao-280-ngay-%E2%80%93-phuong-phap-thai-giao-khoa-hoc-de-ap-dung-cho-me-viet" "Serf/1.3.9 (mod_pagespeed/1.13.35.2-0)"
103.161.17.216 - - [09/Mar/2026:00:28:13 +0700] "GET /bai-viet/assets/img/instagram/instagram06.jpg HTTP/1.1" 400 264 "http://thanhtraspa.vn/bai-viet/tom-tat-sach-hanh-trinh-thai-giao-280-ngay-%E2%80%93-phuong-phap-thai-giao-khoa-hoc-de-ap-dung-cho-me-viet" "Serf/1.3.9 (mod_pagespeed/1.13.35.2-0)"
185.12.149.40 - - [09/Mar/2026:00:28:13 +0700] "GET /bai-viet/top-5-sach-hay-ve-me-va-be-trong-thai-ky-va-sau-sinh-me-nen-doc HTTP/1.1" 200 12121 "-" "Mozilla/5.0 (Macintosh; Intel Mac OS X 10_15_7) AppleWebKit/605.1.15 (KHTML, like Gecko) Version/17.3.1 Safari/605.1.1"
5.133.192.193 - - [09/Mar/2026:00:28:14 +0700] "GET /chi-tiet-san-pham/tinh-dau-buoi-thanh-tra HTTP/1.1" 200 12504 "-" "Mozilla/5.0 (Macintosh; Intel Mac OS X 10_15_7) AppleWebKit/605.1.15 (KHTML, like Gecko) Version/17.3.1 Safari/605.1.1"
196.177.163.56 - - [09/Mar/2026:00:28:22 +0700] "GET /bai-viet/ths-bs-ck2-dinh-phuong-dong HTTP/1.1" 200 12103 "-" "Mozilla/5.0 (Windows NT 6.1; Win64; x64) AppleWebKit/537.36 (KHTML, like Gecko) Chrome/75.0.3770.142 Safari/537.36"
172.94.9.253 - - [09/Mar/2026:00:29:44 +0700] "GET /.git/config HTTP/1.1" 404 2135 "-" "Mozilla/5.0 (Macintosh; Intel Mac OS X 13_5_2) AppleWebKit/605.1.15 (KHTML, like Gecko) Version/17.0 Safari/605.1.15"
185.16.39.146 - - [09/Mar/2026:00:29:45 +0700] "GET / HTTP/1.1" 404 162 "-" "Mozilla/5.0"
170.106.35.137 - - [09/Mar/2026:00:30:23 +0700] "GET / HTTP/1.1" 400 264 "-" "Mozilla/5.0 (iPhone; CPU iPhone OS 13_2_3 like Mac OS X) AppleWebKit/605.1.15 (KHTML, like Gecko) Version/13.0.3 Mobile/15E148 Safari/604.1"
103.161.17.216 - - [09/Mar/2026:00:31:58 +0700] "GET /bai-viet/public/frontend/favicon/favicon.ico HTTP/1.1" 400 264 "http://dinhphuongdong.com/bai-viet/cay-trung-bi-mo-khi-thao-sun" "Serf/1.3.9 (mod_pagespeed/1.13.35.2-0)"
103.161.17.216 - - [09/Mar/2026:00:31:58 +0700] "GET /bai-viet/public/frontend/favicon/android-chrome-192x192.png HTTP/1.1" 400 264 "http://dinhphuongdong.com/bai-viet/cay-trung-bi-mo-khi-thao-sun" "Serf/1.3.9 (mod_pagespeed/1.13.35.2-0)"
103.161.17.216 - - [09/Mar/2026:00:31:58 +0700] "GET /bai-viet/public/frontend/favicon/android-chrome-512x512.png HTTP/1.1" 400 264 "http://dinhphuongdong.com/bai-viet/cay-trung-bi-mo-khi-thao-sun" "Serf/1.3.9 (mod_pagespeed/1.13.35.2-0)"
103.161.17.216 - - [09/Mar/2026:00:31:58 +0700] "GET /bai-viet/public/frontend/favicon/apple-touch-icon.png HTTP/1.1" 400 264 "http://dinhphuongdong.com/bai-viet/cay-trung-bi-mo-khi-thao-sun" "Serf/1.3.9 (mod_pagespeed/1.13.35.2-0)"
103.161.17.216 - - [09/Mar/2026:00:31:58 +0700] "GET /bai-viet/public/frontend/favicon/favicon-32x32.png HTTP/1.1" 400 264 "http://dinhphuongdong.com/bai-viet/cay-trung-bi-mo-khi-thao-sun" "Serf/1.3.9 (mod_pagespeed/1.13.35.2-0)"
103.161.17.216 - - [09/Mar/2026:00:31:58 +0700] "GET /bai-viet/public/frontend/favicon/favicon-16x16.png HTTP/1.1" 400 264 "http://dinhphuongdong.com/bai-viet/cay-trung-bi-mo-khi-thao-sun" "Serf/1.3.9 (mod_pagespeed/1.13.35.2-0)"
103.161.17.216 - - [09/Mar/2026:00:31:58 +0700] "GET /public/uploads/images/Beige-Simple-Minimalist-Armpit-Waxing-Instagram-Post-(3)59-2.jpg HTTP/1.1" 400 264 "http://dinhphuongdong.com/bai-viet/cay-trung-bi-mo-khi-thao-sun" "Serf/1.3.9 (mod_pagespeed/1.13.35.2-0)"
5.39.1.233 - - [09/Mar/2026:00:31:58 +0700] "GET /bai-viet/cay-trung-bi-mo-khi-thao-sun HTTP/1.1" 200 12030 "-" "Mozilla/5.0 (compatible; AhrefsBot/7.0; +http://ahrefs.com/robot/)"
138.199.35.5 - - [09/Mar/2026:00:32:12 +0700] "GET / HTTP/1.1" 301 178 "-" "Mozilla/5.0 (Windows NT 10.0; Win64; x64) AppleWebKit/537.36 (KHTML, like Gecko) Chrome/78.0.3904.108 Safari/537.36"
138.199.35.5 - - [09/Mar/2026:00:32:12 +0700] "" 400 0 "-" "-"
185.127.216.79 - - [09/Mar/2026:00:35:29 +0700] "POST /xmlrpc.php HTTP/1.1" 404 162 "-" "Mozilla/5.0 (X11; Ubuntu; Linux x86_64; x86) AppleWebKit/537.36 (KHTML, like Gecko) Edge/91.0.0.0 Safari/537.36"
157.55.39.222 - - [09/Mar/2026:00:35:32 +0700] "GET /robots.txt HTTP/1.1" 200 55 "-" "Mozilla/5.0 AppleWebKit/537.36 (KHTML, like Gecko; compatible; bingbot/2.0; +http://www.bing.com/bingbot.htm) Chrome/116.0.1938.76 Safari/537.36"
52.167.144.201 - - [09/Mar/2026:00:35:36 +0700] "GET /lien-he HTTP/1.1" 200 7746 "-" "Mozilla/5.0 AppleWebKit/537.36 (KHTML, like Gecko; compatible; bingbot/2.0; +http://www.bing.com/bingbot.htm) Chrome/116.0.1938.76 Safari/537.36"
185.16.39.146 - - [09/Mar/2026:00:35:49 +0700] "GET / HTTP/1.1" 404 162 "-" "Mozilla/5.0"
52.167.144.201 - - [09/Mar/2026:00:35:55 +0700] "GET /fonts/Inter-Variable.woff2 HTTP/1.1" 404 2093 "-" "Mozilla/5.0 AppleWebKit/537.36 (KHTML, like Gecko; compatible; bingbot/2.0; +http://www.bing.com/bingbot.htm) Chrome/116.0.1938.76 Safari/537.36"
52.167.144.201 - - [09/Mar/2026:00:35:55 +0700] "GET /main.js HTTP/1.1" 404 2093 "-" "Mozilla/5.0 AppleWebKit/537.36 (KHTML, like Gecko; compatible; bingbot/2.0; +http://www.bing.com/bingbot.htm) Chrome/116.0.1938.76 Safari/537.36"
52.167.144.201 - - [09/Mar/2026:00:35:56 +0700] "GET /style.css HTTP/1.1" 404 2093 "-" "Mozilla/5.0 AppleWebKit/537.36 (KHTML, like Gecko; compatible; bingbot/2.0; +http://www.bing.com/bingbot.htm) Chrome/116.0.1938.76 Safari/537.36"
157.10.226.197 - - [09/Mar/2026:00:36:11 +0700] "POST /xmlrpc.php HTTP/1.1" 404 162 "-" "Mozilla/5.0 (Macintosh; Intel Mac OS X 10_15_7; arm64) AppleWebKit/537.36 (KHTML, like Gecko) Safari/13.0.0.0 Safari/537.36"
34.38.83.65 - - [09/Mar/2026:00:36:57 +0700] "GET / HTTP/1.1" 200 8039 "-" "python-requests/2.32.5"
176.65.149.235 - - [09/Mar/2026:00:37:48 +0700] "GET / HTTP/1.1" 404 162 "-" "-"
181.188.179.65 - - [09/Mar/2026:00:38:03 +0700] "GET http://dr.dinhphuongdong.com/danh-muc-bai-viet/dd-aesthetics HTTP/1.1" 200 9979 "-" "Mozilla/5.0 (Windows NT 6.1; Win64; x64) AppleWebKit/537.36 (KHTML, like Gecko) Chrome/85.0.4183.121 Safari/537.36"
185.16.39.146 - - [09/Mar/2026:00:38:35 +0700] "GET / HTTP/1.1" 404 162 "-" "Mozilla/5.0"
64.233.173.238 - - [09/Mar/2026:00:39:26 +0700] "GET /.well-known/traffic-advice HTTP/1.1" 404 2135 "-" "Chrome Privacy Preserving Prefetch Proxy"
162.120.184.24 - - [09/Mar/2026:00:39:26 +0700] "GET / HTTP/1.1" 200 8031 "https://www.google.com/" "Mozilla/5.0 (Linux; Android 10; K) AppleWebKit/537.36 (KHTML, like Gecko) Chrome/145.0.0.0 Mobile Safari/537.36"
103.161.17.216 - - [09/Mar/2026:00:39:56 +0700] "GET /bai-viet/public/frontend/favicon/favicon.ico HTTP/1.1" 400 264 "http://dinhphuongdong.com/bai-viet/cham-soc-sau-phau-thuat-cang-da-mat-dung-cach" "Serf/1.3.9 (mod_pagespeed/1.13.35.2-0)"
103.161.17.216 - - [09/Mar/2026:00:39:56 +0700] "GET /bai-viet/public/frontend/favicon/android-chrome-192x192.png HTTP/1.1" 400 264 "http://dinhphuongdong.com/bai-viet/cham-soc-sau-phau-thuat-cang-da-mat-dung-cach" "Serf/1.3.9 (mod_pagespeed/1.13.35.2-0)"
103.161.17.216 - - [09/Mar/2026:00:39:56 +0700] "GET /bai-viet/public/frontend/favicon/android-chrome-512x512.png HTTP/1.1" 400 264 "http://dinhphuongdong.com/bai-viet/cham-soc-sau-phau-thuat-cang-da-mat-dung-cach" "Serf/1.3.9 (mod_pagespeed/1.13.35.2-0)"
103.161.17.216 - - [09/Mar/2026:00:39:56 +0700] "GET /bai-viet/public/frontend/favicon/apple-touch-icon.png HTTP/1.1" 400 264 "http://dinhphuongdong.com/bai-viet/cham-soc-sau-phau-thuat-cang-da-mat-dung-cach" "Serf/1.3.9 (mod_pagespeed/1.13.35.2-0)"
92.222.104.199 - - [09/Mar/2026:00:39:56 +0700] "GET /bai-viet/cham-soc-sau-phau-thuat-cang-da-mat-dung-cach HTTP/1.1" 200 12976 "-" "Mozilla/5.0 (compatible; AhrefsBot/7.0; +http://ahrefs.com/robot/)"
103.161.17.216 - - [09/Mar/2026:00:39:56 +0700] "GET /bai-viet/public/frontend/favicon/favicon-16x16.png HTTP/1.1" 400 264 "http://dinhphuongdong.com/bai-viet/cham-soc-sau-phau-thuat-cang-da-mat-dung-cach" "Serf/1.3.9 (mod_pagespeed/1.13.35.2-0)"
103.161.17.216 - - [09/Mar/2026:00:39:56 +0700] "GET /public/uploads/images/Phau-thuat-cang-da-mat-ho-tro-qua-trinh-lam-cham-lao-hoa.jpg HTTP/1.1" 400 264 "http://dinhphuongdong.com/bai-viet/cham-soc-sau-phau-thuat-cang-da-mat-dung-cach" "Serf/1.3.9 (mod_pagespeed/1.13.35.2-0)"
103.161.17.216 - - [09/Mar/2026:00:39:56 +0700] "GET /public/uploads/images/Phau-thuat-cang-da-mat-loai-bo-vung-da-chay-xe.jpg HTTP/1.1" 400 264 "http://dinhphuongdong.com/bai-viet/cham-soc-sau-phau-thuat-cang-da-mat-dung-cach" "Serf/1.3.9 (mod_pagespeed/1.13.35.2-0)"
103.161.17.216 - - [09/Mar/2026:00:39:56 +0700] "GET /public/uploads/images/Nen-va-nen-kieng-cac-thuc-pham-sau-phau-thuat-cang-da-mat.jpg HTTP/1.1" 400 264 "http://dinhphuongdong.com/bai-viet/cham-soc-sau-phau-thuat-cang-da-mat-dung-cach" "Serf/1.3.9 (mod_pagespeed/1.13.35.2-0)"
103.161.17.216 - - [09/Mar/2026:00:39:56 +0700] "GET /bai-viet/public/frontend/favicon/favicon-32x32.png HTTP/1.1" 400 264 "http://dinhphuongdong.com/bai-viet/cham-soc-sau-phau-thuat-cang-da-mat-dung-cach" "Serf/1.3.9 (mod_pagespeed/1.13.35.2-0)"
124.156.226.179 - - [09/Mar/2026:00:40:44 +0700] "GET / HTTP/1.1" 301 178 "-" "Mozilla/5.0 (iPhone; CPU iPhone OS 13_2_3 like Mac OS X) AppleWebKit/605.1.15 (KHTML, like Gecko) Version/13.0.3 Mobile/15E148 Safari/604.1"
124.156.226.179 - - [09/Mar/2026:00:40:45 +0700] "GET / HTTP/1.1" 200 7580 "http://noithattinnguyen.vn" "Mozilla/5.0 (iPhone; CPU iPhone OS 13_2_3 like Mac OS X) AppleWebKit/605.1.15 (KHTML, like Gecko) Version/13.0.3 Mobile/15E148 Safari/604.1"
23.236.235.122 - - [09/Mar/2026:00:41:16 +0700] "GET /about HTTP/1.1" 404 564 "-" "Mozilla/5.0 (X11; Linux x86_64) AppleWebKit/537.36 (KHTML, like Gecko) Chrome/121.0.0.0 Safari/537.36"
23.177.184.46 - - [09/Mar/2026:00:43:27 +0700] "GET /.env HTTP/1.1" 404 194 "-" "Mozilla/5.0 (X11; Linux x86_64) AppleWebKit/537.36 (KHTML, like Gecko) Chrome/81.0.4044.129 Safari/537.36"
23.177.184.46 - - [09/Mar/2026:00:43:32 +0700] "POST / HTTP/1.1" 404 194 "-" "Mozilla/5.0 (X11; Linux x86_64) AppleWebKit/537.36 (KHTML, like Gecko) Chrome/81.0.4044.129 Safari/537.36"
23.177.184.46 - - [09/Mar/2026:00:43:44 +0700] "GET /.env HTTP/1.1" 200 1447 "-" "Mozilla/5.0 (X11; Linux x86_64) AppleWebKit/537.36 (KHTML, like Gecko) Chrome/81.0.4044.129 Safari/537.36"
54.209.100.30 - - [09/Mar/2026:00:44:53 +0700] "GET /bai-viet/facelift-surgery HTTP/1.1" 200 13321 "-" "Mozilla/5.0 AppleWebKit/537.36 (KHTML, like Gecko; compatible; Amazonbot/0.1; +https://developer.amazon.com/support/amazonbot) Chrome/119.0.6045.214 Safari/537.36"
185.191.171.6 - - [09/Mar/2026:00:46:06 +0700] "GET /robots.txt HTTP/1.1" 200 55 "-" "Mozilla/5.0 (compatible; SemrushBot/7~bl; +http://www.semrush.com/bot.html)"
85.208.96.200 - - [09/Mar/2026:00:46:07 +0700] "GET /bai-viet/dieu-khoan-dich-vu HTTP/1.1" 200 9669 "-" "Mozilla/5.0 (compatible; SemrushBot/7~bl; +http://www.semrush.com/bot.html)"
185.16.39.146 - - [09/Mar/2026:00:46:22 +0700] "GET / HTTP/1.1" 404 162 "-" "Mozilla/5.0"
103.161.17.216 - - [09/Mar/2026:00:48:08 +0700] "GET /bai-viet/public/frontend/favicon/favicon.ico HTTP/1.1" 400 264 "http://dinhphuongdong.com/bai-viet/Nang-mui-boc-sun" "Serf/1.3.9 (mod_pagespeed/1.13.35.2-0)"
103.161.17.216 - - [09/Mar/2026:00:48:08 +0700] "GET /bai-viet/public/frontend/favicon/android-chrome-192x192.png HTTP/1.1" 400 264 "http://dinhphuongdong.com/bai-viet/Nang-mui-boc-sun" "Serf/1.3.9 (mod_pagespeed/1.13.35.2-0)"
103.161.17.216 - - [09/Mar/2026:00:48:08 +0700] "GET /bai-viet/public/frontend/favicon/android-chrome-512x512.png HTTP/1.1" 400 264 "http://dinhphuongdong.com/bai-viet/Nang-mui-boc-sun" "Serf/1.3.9 (mod_pagespeed/1.13.35.2-0)"
103.161.17.216 - - [09/Mar/2026:00:48:08 +0700] "GET /bai-viet/public/frontend/favicon/apple-touch-icon.png HTTP/1.1" 400 264 "http://dinhphuongdong.com/bai-viet/Nang-mui-boc-sun" "Serf/1.3.9 (mod_pagespeed/1.13.35.2-0)"
103.161.17.216 - - [09/Mar/2026:00:48:08 +0700] "GET /bai-viet/public/frontend/favicon/favicon-32x32.png HTTP/1.1" 400 264 "http://dinhphuongdong.com/bai-viet/Nang-mui-boc-sun" "Serf/1.3.9 (mod_pagespeed/1.13.35.2-0)"
103.161.17.216 - - [09/Mar/2026:00:48:08 +0700] "GET /bai-viet/public/frontend/favicon/favicon-16x16.png HTTP/1.1" 400 264 "http://dinhphuongdong.com/bai-viet/Nang-mui-boc-sun" "Serf/1.3.9 (mod_pagespeed/1.13.35.2-0)"
103.161.17.216 - - [09/Mar/2026:00:48:08 +0700] "GET /public/uploads/images/Nang-mui-boc-sun-1.jpg HTTP/1.1" 400 264 "http://dinhphuongdong.com/bai-viet/Nang-mui-boc-sun" "Serf/1.3.9 (mod_pagespeed/1.13.35.2-0)"
103.161.17.216 - - [09/Mar/2026:00:48:08 +0700] "GET /public/uploads/images/Nang-mui-boc-sun-2.jpg HTTP/1.1" 400 264 "http://dinhphuongdong.com/bai-viet/Nang-mui-boc-sun" "Serf/1.3.9 (mod_pagespeed/1.13.35.2-0)"
103.161.17.216 - - [09/Mar/2026:00:48:08 +0700] "GET /public/uploads/images/Nang-mui-boc-sun-3.jpg HTTP/1.1" 400 264 "http://dinhphuongdong.com/bai-viet/Nang-mui-boc-sun" "Serf/1.3.9 (mod_pagespeed/1.13.35.2-0)"
5.39.1.254 - - [09/Mar/2026:00:48:08 +0700] "GET /bai-viet/Nang-mui-boc-sun HTTP/1.1" 200 13300 "-" "Mozilla/5.0 (compatible; AhrefsBot/7.0; +http://ahrefs.com/robot/)"
195.3.221.8 - - [09/Mar/2026:00:48:54 +0700] "GET / HTTP/1.1" 404 194 "-" "Mozilla/5.0 (Windows NT 10.0; Win64; x64) AppleWebKit/537.36 (KHTML, like Gecko) Chrome/90.0.4430.85 Safari/537.36 Edg/90.0.818.46"
36.111.67.189 - - [09/Mar/2026:00:50:25 +0700] "GET / HTTP/1.1" 301 178 "-" "Mozilla/5.0 (iPhone; CPU iPhone OS 13_2_3 like Mac OS X) AppleWebKit/605.1.15 (KHTML, like Gecko) Version/13.0.3 Mobile/15E148 Safari/604.1"
36.111.67.189 - - [09/Mar/2026:00:50:33 +0700] "GET / HTTP/1.1" 200 10370 "http://huyhoangvn.com" "Mozilla/5.0 (iPhone; CPU iPhone OS 13_2_3 like Mac OS X) AppleWebKit/605.1.15 (KHTML, like Gecko) Version/13.0.3 Mobile/15E148 Safari/604.1"
151.242.171.125 - - [09/Mar/2026:00:50:35 +0700] "GET /armaninofoods/?hl=en HTTP/1.1" 404 2135 "-" "Mozilla/5.0 (Windows NT 10.0; Win64; x64) AppleWebKit/537.36 (KHTML, like Gecko) Chrome/131.0.0.0 Safari/537.36 Edg/131.0.0.0"
185.16.39.146 - - [09/Mar/2026:00:50:47 +0700] "GET / HTTP/1.1" 404 162 "-" "Mozilla/5.0"
69.171.231.8 - - [09/Mar/2026:00:52:30 +0700] "GET /robots.txt HTTP/1.1" 206 24 "-" "facebookexternalhit/1.1 (+http://www.facebook.com/externalhit_uatext.php)"
103.161.17.216 - - [09/Mar/2026:00:53:44 +0700] "GET /public/frontend/favicon/favicon.ico HTTP/1.1" 400 264 "http://dinhphuongdong.com/" "Serf/1.3.9 (mod_pagespeed/1.13.35.2-0)"
103.161.17.216 - - [09/Mar/2026:00:53:44 +0700] "GET /public/frontend/favicon/android-chrome-192x192.png HTTP/1.1" 400 264 "http://dinhphuongdong.com/" "Serf/1.3.9 (mod_pagespeed/1.13.35.2-0)"
103.161.17.216 - - [09/Mar/2026:00:53:44 +0700] "GET /public/frontend/favicon/android-chrome-512x512.png HTTP/1.1" 400 264 "http://dinhphuongdong.com/" "Serf/1.3.9 (mod_pagespeed/1.13.35.2-0)"
103.161.17.216 - - [09/Mar/2026:00:53:44 +0700] "GET /public/frontend/favicon/apple-touch-icon.png HTTP/1.1" 400 264 "http://dinhphuongdong.com/" "Serf/1.3.9 (mod_pagespeed/1.13.35.2-0)"
103.161.17.216 - - [09/Mar/2026:00:53:44 +0700] "GET /public/frontend/favicon/favicon-32x32.png HTTP/1.1" 400 264 "http://dinhphuongdong.com/" "Serf/1.3.9 (mod_pagespeed/1.13.35.2-0)"
103.161.17.216 - - [09/Mar/2026:00:53:44 +0700] "GET /public/frontend/favicon/favicon-16x16.png HTTP/1.1" 400 264 "http://dinhphuongdong.com/" "Serf/1.3.9 (mod_pagespeed/1.13.35.2-0)"
152.32.146.121 - - [09/Mar/2026:00:53:44 +0700] "GET / HTTP/1.1" 200 15775 "-" "python-requests/2.32.5"
152.32.146.121 - - [09/Mar/2026:00:53:45 +0700] "GET /public/frontend/js/revolution-slider/js/rs6.min.js.map HTTP/1.1" 404 2093 "-" "python-requests/2.32.5"
152.32.146.121 - - [09/Mar/2026:00:53:46 +0700] "GET /public/frontend/js/jquery.min.js HTTP/1.1" 200 29551 "-" "python-requests/2.32.5"
152.32.146.121 - - [09/Mar/2026:00:53:51 +0700] "GET /public/frontend/js/revolution-slider/js/revolution.tools.min.js.map HTTP/1.1" 404 2081 "-" "python-requests/2.32.5"
152.32.146.121 - - [09/Mar/2026:00:53:51 +0700] "GET /public/frontend/js/jquery.min.js.map HTTP/1.1" 404 2081 "-" "python-requests/2.32.5"
152.32.146.121 - - [09/Mar/2026:00:53:52 +0700] "GET /public/frontend/js/main.js HTTP/1.1" 200 3983 "-" "python-requests/2.32.5"
152.32.146.121 - - [09/Mar/2026:00:54:08 +0700] "GET /public/frontend/js/revolution-slider/js/rs6.min.js HTTP/1.1" 200 73543 "-" "python-requests/2.32.5"
185.16.39.146 - - [09/Mar/2026:00:55:00 +0700] "GET / HTTP/1.1" 404 162 "-" "Mozilla/5.0"
152.32.146.121 - - [09/Mar/2026:00:55:15 +0700] "GET /public/frontend/js/main.js.map HTTP/1.1" 404 2081 "-" "python-requests/2.32.5"
152.32.146.121 - - [09/Mar/2026:00:55:23 +0700] "GET /public/frontend/js/sweetalert.js HTTP/1.1" 200 8731 "-" "python-requests/2.32.5"
152.32.146.121 - - [09/Mar/2026:00:55:34 +0700] "GET /public/frontend/js/revolution-slider/extra-rev-slider1.js HTTP/1.1" 200 1016 "-" "python-requests/2.32.5"
152.32.146.121 - - [09/Mar/2026:00:55:46 +0700] "GET /public/frontend/js/revolution-slider/js/revolution.tools.min.js HTTP/1.1" 200 52451 "-" "python-requests/2.32.5"
152.32.146.121 - - [09/Mar/2026:00:56:06 +0700] "GET /public/frontend/js/sweetalert.js.map HTTP/1.1" 404 2081 "-" "python-requests/2.32.5"
152.32.146.121 - - [09/Mar/2026:00:56:07 +0700] "GET /public/frontend/favicon/manifest.json HTTP/1.1" 200 212 "-" "python-requests/2.32.5"
152.32.146.121 - - [09/Mar/2026:00:56:43 +0700] "GET /public/frontend/js/popper.min.js.map HTTP/1.1" 404 2081 "-" "python-requests/2.32.5"
103.161.17.216 - - [09/Mar/2026:00:56:45 +0700] "GET /danh-muc-bai-viet/public/frontend/favicon/android-chrome-192x192.png HTTP/1.1" 400 264 "http://dinhphuongdong.com/danh-muc-bai-viet/tham-my-khac" "Serf/1.3.9 (mod_pagespeed/1.13.35.2-0)"
103.161.17.216 - - [09/Mar/2026:00:56:45 +0700] "GET /danh-muc-bai-viet/public/frontend/favicon/android-chrome-512x512.png HTTP/1.1" 400 264 "http://dinhphuongdong.com/danh-muc-bai-viet/tham-my-khac" "Serf/1.3.9 (mod_pagespeed/1.13.35.2-0)"
103.161.17.216 - - [09/Mar/2026:00:56:45 +0700] "GET /danh-muc-bai-viet/public/frontend/favicon/apple-touch-icon.png HTTP/1.1" 400 264 "http://dinhphuongdong.com/danh-muc-bai-viet/tham-my-khac" "Serf/1.3.9 (mod_pagespeed/1.13.35.2-0)"
103.161.17.216 - - [09/Mar/2026:00:56:45 +0700] "GET /danh-muc-bai-viet/public/frontend/favicon/favicon-32x32.png HTTP/1.1" 400 264 "http://dinhphuongdong.com/danh-muc-bai-viet/tham-my-khac" "Serf/1.3.9 (mod_pagespeed/1.13.35.2-0)"
103.161.17.216 - - [09/Mar/2026:00:56:45 +0700] "GET /danh-muc-bai-viet/public/frontend/favicon/favicon-16x16.png HTTP/1.1" 400 264 "http://dinhphuongdong.com/danh-muc-bai-viet/tham-my-khac" "Serf/1.3.9 (mod_pagespeed/1.13.35.2-0)"
103.161.17.216 - - [09/Mar/2026:00:56:45 +0700] "GET /danh-muc-bai-viet/public/frontend/favicon/favicon.ico HTTP/1.1" 400 264 "http://dinhphuongdong.com/danh-muc-bai-viet/tham-my-khac" "Serf/1.3.9 (mod_pagespeed/1.13.35.2-0)"
51.68.247.215 - - [09/Mar/2026:00:56:45 +0700] "GET /danh-muc-bai-viet/tham-my-khac HTTP/1.1" 200 8484 "-" "Mozilla/5.0 (compatible; AhrefsBot/7.0; +http://ahrefs.com/robot/)"
152.32.146.121 - - [09/Mar/2026:00:57:06 +0700] "GET /public/frontend/js/menuzord/js/menuzord.js HTTP/1.1" 200 2267 "-" "python-requests/2.32.5"
152.32.146.121 - - [09/Mar/2026:00:58:10 +0700] "GET /public/frontend/js/javascript-plugins-bundle.js.map HTTP/1.1" 404 2093 "-" "python-requests/2.32.5"
43.135.134.127 - - [09/Mar/2026:00:58:27 +0700] "GET / HTTP/1.1" 301 178 "-" "Mozilla/5.0 (iPhone; CPU iPhone OS 13_2_3 like Mac OS X) AppleWebKit/605.1.15 (KHTML, like Gecko) Version/13.0.3 Mobile/15E148 Safari/604.1"
103.161.17.216 - - [09/Mar/2026:00:58:28 +0700] "GET /public/uploads/slider/banner1107.webp HTTP/1.1" 400 264 "http://www.thanhtraspa.vn/" "Serf/1.3.9 (mod_pagespeed/1.13.35.2-0)"
103.161.17.216 - - [09/Mar/2026:00:58:28 +0700] "GET /public/uploads/slider/banner182.jpg HTTP/1.1" 400 264 "http://www.thanhtraspa.vn/" "Serf/1.3.9 (mod_pagespeed/1.13.35.2-0)"
103.161.17.216 - - [09/Mar/2026:00:58:28 +0700] "GET /public/frontend/img/icons/icon01.png HTTP/1.1" 400 264 "http://www.thanhtraspa.vn/" "Serf/1.3.9 (mod_pagespeed/1.13.35.2-0)"
103.161.17.216 - - [09/Mar/2026:00:58:28 +0700] "GET /public/frontend/img/icons/icon02.png HTTP/1.1" 400 264 "http://www.thanhtraspa.vn/" "Serf/1.3.9 (mod_pagespeed/1.13.35.2-0)"
103.161.17.216 - - [09/Mar/2026:00:58:28 +0700] "GET /public/frontend/img/icons/icon03.png HTTP/1.1" 400 264 "http://www.thanhtraspa.vn/" "Serf/1.3.9 (mod_pagespeed/1.13.35.2-0)"
103.161.17.216 - - [09/Mar/2026:00:58:28 +0700] "GET /public/frontend/img/feature-icon/feature-icon01.png HTTP/1.1" 400 264 "http://www.thanhtraspa.vn/" "Serf/1.3.9 (mod_pagespeed/1.13.35.2-0)"
103.161.17.216 - - [09/Mar/2026:00:58:28 +0700] "GET /public/frontend/img/feature-icon/feature-icon02.png HTTP/1.1" 400 264 "http://www.thanhtraspa.vn/" "Serf/1.3.9 (mod_pagespeed/1.13.35.2-0)"
103.161.17.216 - - [09/Mar/2026:00:58:28 +0700] "GET /public/frontend/img/feature-icon/feature-icon03.png HTTP/1.1" 400 264 "http://www.thanhtraspa.vn/" "Serf/1.3.9 (mod_pagespeed/1.13.35.2-0)"
103.161.17.216 - - [09/Mar/2026:00:58:28 +0700] "GET /public/frontend/img/feature-icon/feature-icon04.png HTTP/1.1" 400 264 "http://www.thanhtraspa.vn/" "Serf/1.3.9 (mod_pagespeed/1.13.35.2-0)"
103.161.17.216 - - [09/Mar/2026:00:58:28 +0700] "GET /public/frontend/img/counter/counter-icon01.png HTTP/1.1" 400 264 "http://www.thanhtraspa.vn/" "Serf/1.3.9 (mod_pagespeed/1.13.35.2-0)"
103.161.17.216 - - [09/Mar/2026:00:58:28 +0700] "GET /public/frontend/img/counter/counter-icon02.png HTTP/1.1" 400 264 "http://www.thanhtraspa.vn/" "Serf/1.3.9 (mod_pagespeed/1.13.35.2-0)"
103.161.17.216 - - [09/Mar/2026:00:58:28 +0700] "GET /public/frontend/img/counter/counter-icon03.png HTTP/1.1" 400 264 "http://www.thanhtraspa.vn/" "Serf/1.3.9 (mod_pagespeed/1.13.35.2-0)"
103.161.17.216 - - [09/Mar/2026:00:58:28 +0700] "GET /public/frontend/img/counter/counter-icon04.png HTTP/1.1" 400 264 "http://www.thanhtraspa.vn/" "Serf/1.3.9 (mod_pagespeed/1.13.35.2-0)"
103.161.17.216 - - [09/Mar/2026:00:58:28 +0700] "GET /public/uploads/slider/kh154.png HTTP/1.1" 400 264 "http://www.thanhtraspa.vn/" "Serf/1.3.9 (mod_pagespeed/1.13.35.2-0)"
103.161.17.216 - - [09/Mar/2026:00:58:28 +0700] "GET /public/uploads/slider/h112.png HTTP/1.1" 400 264 "http://www.thanhtraspa.vn/" "Serf/1.3.9 (mod_pagespeed/1.13.35.2-0)"
43.135.134.127 - - [09/Mar/2026:00:58:28 +0700] "GET / HTTP/1.1" 200 16303 "http://www.thanhtraspa.vn" "Mozilla/5.0 (iPhone; CPU iPhone OS 13_2_3 like Mac OS X) AppleWebKit/605.1.15 (KHTML, like Gecko) Version/13.0.3 Mobile/15E148 Safari/604.1"
87.121.84.97 - - [09/Mar/2026:00:59:12 +0700] "GET /js/_system/jQuery-File-Upload/server/php/index.php?file=tf2rghf.jpg HTTP/1.1" 301 178 "-" "ALittle Client"
152.32.146.121 - - [09/Mar/2026:00:59:43 +0700] "GET /public/frontend/js/jquery.js.map HTTP/1.1" 404 2081 "-" "python-requests/2.32.5"
152.32.146.121 - - [09/Mar/2026:00:59:47 +0700] "GET /public/frontend/js/javascript-plugins-bundle.js HTTP/1.1" 200 202826 "-" "python-requests/2.32.5"
87.121.84.97 - - [09/Mar/2026:00:59:51 +0700] "GET /js/_system/jQuery-File-Upload/server/php/index.php?file=tf2rghf.jpg HTTP/1.1" 404 162 "-" "ALittle Client"
208.84.101.125 - - [09/Mar/2026:01:00:06 +0700] "GET / HTTP/1.1" 301 178 "-" "Mozilla/5.0 (Windows NT 10.0; Win64; x64) AppleWebKit/537.36 (KHTML, like Gecko) Chrome/78.0.3904.108 Safari/537.36"
208.84.101.125 - - [09/Mar/2026:01:00:06 +0700] "" 400 0 "-" "-"
103.161.17.216 - - [09/Mar/2026:01:00:06 +0700] "GET /banner.jpg HTTP/1.1" 400 264 "http://greencity.primehomes.vn/" "Serf/1.3.9 (mod_pagespeed/1.13.35.2-0)"
103.161.17.216 - - [09/Mar/2026:01:00:06 +0700] "GET /logo.png HTTP/1.1" 400 264 "http://greencity.primehomes.vn/" "Serf/1.3.9 (mod_pagespeed/1.13.35.2-0)"
103.161.17.216 - - [09/Mar/2026:01:00:06 +0700] "GET /h1.jpg HTTP/1.1" 400 264 "http://greencity.primehomes.vn/" "Serf/1.3.9 (mod_pagespeed/1.13.35.2-0)"
103.161.17.216 - - [09/Mar/2026:01:00:06 +0700] "GET /icon1.jpg HTTP/1.1" 400 264 "http://greencity.primehomes.vn/" "Serf/1.3.9 (mod_pagespeed/1.13.35.2-0)"
103.161.17.216 - - [09/Mar/2026:01:00:06 +0700] "GET /style.css HTTP/1.1" 400 264 "http://greencity.primehomes.vn/" "Serf/1.3.9 (mod_pagespeed/1.13.35.2-0)"
103.161.17.216 - - [09/Mar/2026:01:00:06 +0700] "GET /icon2.jpg HTTP/1.1" 400 264 "http://greencity.primehomes.vn/" "Serf/1.3.9 (mod_pagespeed/1.13.35.2-0)"
208.84.101.125 - - [09/Mar/2026:01:00:06 +0700] "GET / HTTP/1.1" 200 31403 "-" "Mozilla/5.0 (Windows NT 10.0; Win64; x64) AppleWebKit/537.36 (KHTML, like Gecko) Chrome/78.0.3904.108 Safari/537.36"
103.161.17.216 - - [09/Mar/2026:01:00:06 +0700] "GET /icon3.jpg HTTP/1.1" 400 264 "http://greencity.primehomes.vn/" "Serf/1.3.9 (mod_pagespeed/1.13.35.2-0)"
103.161.17.216 - - [09/Mar/2026:01:00:06 +0700] "GET /icon4.jpg HTTP/1.1" 400 264 "http://greencity.primehomes.vn/" "Serf/1.3.9 (mod_pagespeed/1.13.35.2-0)"
103.161.17.216 - - [09/Mar/2026:01:00:06 +0700] "GET /icon5.jpg HTTP/1.1" 400 264 "http://greencity.primehomes.vn/" "Serf/1.3.9 (mod_pagespeed/1.13.35.2-0)"
208.84.101.125 - - [09/Mar/2026:01:00:07 +0700] "GET //wp-includes/wlwmanifest.xml HTTP/1.1" 404 564 "-" "Mozilla/5.0 (Windows NT 10.0; Win64; x64) AppleWebKit/537.36 (KHTML, like Gecko) Chrome/78.0.3904.108 Safari/537.36"
208.84.101.125 - - [09/Mar/2026:01:00:07 +0700] "GET //xmlrpc.php?rsd HTTP/1.1" 404 564 "-" "Mozilla/5.0 (Windows NT 10.0; Win64; x64) AppleWebKit/537.36 (KHTML, like Gecko) Chrome/78.0.3904.108 Safari/537.36"
208.84.101.125 - - [09/Mar/2026:01:00:07 +0700] "GET / HTTP/1.1" 200 25372 "-" "Mozilla/5.0 (Windows NT 10.0; Win64; x64) AppleWebKit/537.36 (KHTML, like Gecko) Chrome/78.0.3904.108 Safari/537.36"
103.161.17.216 - - [09/Mar/2026:01:00:08 +0700] "GET //style.css HTTP/1.1" 400 264 "http://greencity.primehomes.vn//?author=1" "Serf/1.3.9 (mod_pagespeed/1.13.35.2-0)"
208.84.101.125 - - [09/Mar/2026:01:00:08 +0700] "GET //?author=1 HTTP/1.1" 200 31421 "-" "Mozilla/5.0 (Windows NT 10.0; Win64; x64) AppleWebKit/537.36 (KHTML, like Gecko) Chrome/78.0.3904.108 Safari/537.36"
208.84.101.125 - - [09/Mar/2026:01:00:08 +0700] "GET //?author=2 HTTP/1.1" 200 31421 "-" "Mozilla/5.0 (Windows NT 10.0; Win64; x64) AppleWebKit/537.36 (KHTML, like Gecko) Chrome/78.0.3904.108 Safari/537.36"
208.84.101.125 - - [09/Mar/2026:01:00:08 +0700] "GET //wp-json/wp/v2/users/ HTTP/1.1" 404 564 "-" "Mozilla/5.0 (Windows NT 10.0; Win64; x64) AppleWebKit/537.36 (KHTML, like Gecko) Chrome/78.0.3904.108 Safari/537.36"
208.84.101.125 - - [09/Mar/2026:01:00:08 +0700] "GET //wp-json/oembed/1.0/embed?url=https://greencity.primehomes.vn/ HTTP/1.1" 404 564 "-" "Mozilla/5.0 (Windows NT 10.0; Win64; x64) AppleWebKit/537.36 (KHTML, like Gecko) Chrome/78.0.3904.108 Safari/537.36"
208.84.101.125 - - [09/Mar/2026:01:00:08 +0700] "POST //xmlrpc.php HTTP/1.1" 404 564 "-" "Mozilla/5.0 (Windows NT 10.0; Win64; x64) AppleWebKit/537.36 (KHTML, like Gecko) Chrome/78.0.3904.108 Safari/537.36"
152.32.146.121 - - [09/Mar/2026:01:00:22 +0700] "GET /public/frontend/js/bootstrap.min.js HTTP/1.1" 200 14080 "-" "python-requests/2.32.5"
152.32.146.121 - - [09/Mar/2026:01:01:19 +0700] "GET /public/frontend/js/menuzord/js/menuzord.js.map HTTP/1.1" 404 2081 "-" "python-requests/2.32.5"
152.32.146.121 - - [09/Mar/2026:01:01:21 +0700] "GET /public/frontend/js/revolution-slider/extra-rev-slider1.js.map HTTP/1.1" 404 2093 "-" "python-requests/2.32.5"
152.32.146.121 - - [09/Mar/2026:01:01:22 +0700] "GET /public/frontend/js/popper.min.js HTTP/1.1" 200 6907 "-" "python-requests/2.32.5"
